148.251.153.114 - - [07/Sep/2026:07:29:51 +0530] "POST /wp-cron.php?doing_wp_cron=1788746391.3487389087677001953125 HTTP/1.1" 200 20 "-" "WordPress/7.1; https://www.scrollar.com"
136.144.35.39 - - [07/Sep/2026:07:36:07 +0530] "POST /wp-login.php HTTP/1.1" 200 2467 "https://www.scrollar.com/wp-login.php" "Mozilla/5.0 (X11; Linux x86_64) AppleWebKit/537.36 (KHTML, like Gecko) Chrome/118.0.0.0 Safari/537.36"
136.144.35.39 - - [07/Sep/2026:07:36:11 +0530] "GET /wp-admin/index.php HTTP/1.1" 302 20 "https://www.scrollar.com/wp-login.php" "Mozilla/5.0 (Macintosh; Intel Mac OS X 13_6_1) AppleWebKit/537.36 (KHTML, like Gecko) Chrome/120.0.0.0 Safari/537.36"
136.144.35.39 - - [07/Sep/2026:07:36:14 +0530] "GET /wp-login.php?redirect_to=https%3A%2F%2Fwww.scrollar.com%2Fwp-admin%2Findex.php&reauth=1 HTTP/1.1" 200 2320 "https://www.scrollar.com/wp-login.php" "Mozilla/5.0 (Macintosh; Intel Mac OS X 13_6_1) AppleWebKit/537.36 (KHTML, like Gecko) Chrome/120.0.0.0 Safari/537.36"
136.144.35.39 - - [07/Sep/2026:07:36:25 +0530] "POST /wp-login.php HTTP/1.1" 200 2472 "https://www.scrollar.com/wp-login.php" "Mozilla/5.0 (X11; Linux x86_64) AppleWebKit/537.36 (KHTML, like Gecko) Chrome/118.0.0.0 Safari/537.36"
136.144.35.39 - - [07/Sep/2026:07:36:30 +0530] "GET /wp-admin/index.php HTTP/1.1" 302 20 "https://www.scrollar.com/wp-login.php" "Mozilla/5.0 (Windows NT 11.0; Win64; x64) AppleWebKit/537.36 (KHTML, like Gecko) Chrome/121.0.0.0 Safari/537.36"
136.144.35.39 - - [07/Sep/2026:07:36:31 +0530] "GET /wp-login.php?redirect_to=https%3A%2F%2Fwww.scrollar.com%2Fwp-admin%2Findex.php&reauth=1 HTTP/1.1" 200 2320 "https://www.scrollar.com/wp-login.php" "Mozilla/5.0 (Windows NT 11.0; Win64; x64) AppleWebKit/537.36 (KHTML, like Gecko) Chrome/121.0.0.0 Safari/537.36"
136.144.35.39 - - [07/Sep/2026:07:36:33 +0530] "POST /wp-login.php HTTP/1.1" 200 2470 "https://www.scrollar.com/wp-login.php" "Mozilla/5.0 (Macintosh; Intel Mac OS X 10_15_7) AppleWebKit/605.1.15 (KHTML, like Gecko) Version/17.1 Safari/605.1.15"
136.144.35.39 - - [07/Sep/2026:07:36:36 +0530] "GET /wp-admin/index.php HTTP/1.1" 302 20 "https://www.scrollar.com/wp-login.php" "Mozilla/5.0 (Macintosh; Intel Mac OS X 10_15_7; rv:120.0) Gecko/20100101 Firefox/120.0"
136.144.35.39 - - [07/Sep/2026:07:36:37 +0530] "GET /wp-login.php?redirect_to=https%3A%2F%2Fwww.scrollar.com%2Fwp-admin%2Findex.php&reauth=1 HTTP/1.1" 200 2320 "https://www.scrollar.com/wp-login.php" "Mozilla/5.0 (Macintosh; Intel Mac OS X 10_15_7; rv:120.0) Gecko/20100101 Firefox/120.0"
148.251.153.114 - - [07/Sep/2026:07:37:35 +0530] "POST /wp-cron.php?doing_wp_cron=1788746855.0753569602966308593750 HTTP/1.1" 200 20 "-" "WordPress/7.1; https://www.scrollar.com"
136.144.35.34 - - [07/Sep/2026:07:37:34 +0530] "GET /wp-admin/index.php HTTP/1.1" 302 20 "https://www.scrollar.com/wp-login.php" "Mozilla/5.0 (Windows NT 11.0; Win64; x64) AppleWebKit/537.36 (KHTML, like Gecko) Chrome/121.0.0.0 Safari/537.36"
136.144.35.39 - - [07/Sep/2026:07:27:11 +0530] "POST /wp-login.php HTTP/1.1" 200 2464 "https://www.scrollar.com/wp-login.php" "Mozilla/5.0 (Macintosh; Intel Mac OS X 10_15_7) AppleWebKit/605.1.15 (KHTML, like Gecko) Version/17.0 Safari/605.1.15"
136.144.35.39 - - [07/Sep/2026:07:27:11 +0530] "GET /wp-admin/index.php HTTP/1.1" 302 20 "https://www.scrollar.com/wp-login.php" "Mozilla/5.0 (Macintosh; Intel Mac OS X 13_6_1) AppleWebKit/537.36 (KHTML, like Gecko) Chrome/120.0.0.0 Safari/537.36"
136.144.35.39 - - [07/Sep/2026:07:27:12 +0530] "GET /wp-login.php?redirect_to=https%3A%2F%2Fwww.scrollar.com%2Fwp-admin%2Findex.php&reauth=1 HTTP/1.1" 200 2320 "https://www.scrollar.com/wp-login.php" "Mozilla/5.0 (Macintosh; Intel Mac OS X 13_6_1) AppleWebKit/537.36 (KHTML, like Gecko) Chrome/120.0.0.0 Safari/537.36"
136.144.35.39 - - [07/Sep/2026:07:27:12 +0530] "POST /wp-login.php HTTP/1.1" 200 2472 "https://www.scrollar.com/wp-login.php" "Mozilla/5.0 (Windows NT 10.0; Win64; x64) AppleWebKit/537.36 (KHTML, like Gecko) Chrome/118.0.0.0 Safari/537.36"
136.144.35.39 - - [07/Sep/2026:07:27:13 +0530] "GET /wp-admin/index.php HTTP/1.1" 302 20 "https://www.scrollar.com/wp-login.php" "Mozilla/5.0 (Windows NT 11.0; Win64; x64; rv:120.0) Gecko/20100101 Firefox/120.0"
136.144.35.39 - - [07/Sep/2026:07:27:14 +0530] "GET /wp-login.php?redirect_to=https%3A%2F%2Fwww.scrollar.com%2Fwp-admin%2Findex.php&reauth=1 HTTP/1.1" 200 2320 "https://www.scrollar.com/wp-login.php" "Mozilla/5.0 (Windows NT 11.0; Win64; x64; rv:120.0) Gecko/20100101 Firefox/120.0"
148.251.153.114 - - [07/Sep/2026:07:32:46 +0530] "POST /wp-cron.php?doing_wp_cron=1788746566.3503329753875732421875 HTTP/1.1" 200 20 "-" "WordPress/7.1; https://www.scrollar.com"
148.251.153.114 - - [07/Sep/2026:07:36:06 +0530] "POST /wp-cron.php?doing_wp_cron=1788746766.4285531044006347656250 HTTP/1.1" 200 20 "-" "WordPress/7.1; https://www.scrollar.com"
148.251.153.114 - - [07/Sep/2026:07:38:49 +0530] "POST /wp-cron.php?doing_wp_cron=1788746929.9059839248657226562500 HTTP/1.1" 200 20 "-" "WordPress/7.1; https://www.scrollar.com"
136.144.35.53 - - [07/Sep/2026:07:38:49 +0530] "GET /wp-admin/edit.php HTTP/1.1" 302 20 "https://www.scrollar.com/wp-login.php" "Mozilla/5.0 (X11; Ubuntu; Linux x86_64) AppleWebKit/537.36 (KHTML, like Gecko) Chrome/120.0.0.0 Safari/537.36"
136.144.35.53 - - [07/Sep/2026:07:38:50 +0530] "GET /wp-login.php?redirect_to=https%3A%2F%2Fwww.scrollar.com%2Fwp-admin%2Fedit.php&reauth=1 HTTP/1.1" 200 2320 "https://www.scrollar.com/wp-login.php" "Mozilla/5.0 (X11; Ubuntu; Linux x86_64) AppleWebKit/537.36 (KHTML, like Gecko) Chrome/120.0.0.0 Safari/537.36"
136.144.35.53 - - [07/Sep/2026:07:38:51 +0530] "POST /wp-login.php HTTP/1.1" 200 2465 "https://www.scrollar.com/wp-login.php" "Mozilla/5.0 (Windows NT 10.0; Win64; x64) AppleWebKit/537.36 (KHTML, like Gecko) Chrome/121.0.0.0 Safari/537.36"
136.144.35.53 - - [07/Sep/2026:07:38:52 +0530] "GET /wp-admin/index.php HTTP/1.1" 302 20 "https://www.scrollar.com/wp-login.php" "Mozilla/5.0 (Windows NT 11.0; Win64; x64; rv:118.0) Gecko/20100101 Firefox/118.0"
136.144.35.53 - - [07/Sep/2026:07:38:52 +0530] "GET /wp-login.php?redirect_to=https%3A%2F%2Fwww.scrollar.com%2Fwp-admin%2Findex.php&reauth=1 HTTP/1.1" 200 2320 "https://www.scrollar.com/wp-login.php" "Mozilla/5.0 (Windows NT 11.0; Win64; x64; rv:118.0) Gecko/20100101 Firefox/118.0"
136.144.35.53 - - [07/Sep/2026:07:38:56 +0530] "POST /wp-login.php HTTP/1.1" 200 2467 "https://www.scrollar.com/wp-login.php" "Mozilla/5.0 (Windows NT 10.0; Win64; x64; rv:120.0) Gecko/20100101 Firefox/120.0"
136.144.35.53 - - [07/Sep/2026:07:39:04 +0530] "GET /wp-admin/index.php HTTP/1.1" 302 20 "https://www.scrollar.com/wp-login.php" "Mozilla/5.0 (Macintosh; Intel Mac OS X 13_6_1; rv:120.0) Gecko/20100101 Firefox/120.0"
136.144.35.53 - - [07/Sep/2026:07:39:09 +0530] "GET /wp-login.php?redirect_to=https%3A%2F%2Fwww.scrollar.com%2Fwp-admin%2Findex.php&reauth=1 HTTP/1.1" 200 2320 "https://www.scrollar.com/wp-login.php" "Mozilla/5.0 (Macintosh; Intel Mac OS X 13_6_1; rv:120.0) Gecko/20100101 Firefox/120.0"
148.251.153.114 - - [07/Sep/2026:07:36:30 +0530] "POST /wp-cron.php?doing_wp_cron=1788746790.4321949481964111328125 HTTP/1.1" 200 20 "-" "WordPress/7.1; https://www.scrollar.com"
136.144.35.34 - - [07/Sep/2026:07:37:37 +0530] "GET /wp-login.php?redirect_to=https%3A%2F%2Fwww.scrollar.com%2Fwp-admin%2Findex.php&reauth=1 HTTP/1.1" 200 2320 "https://www.scrollar.com/wp-login.php" "Mozilla/5.0 (Windows NT 11.0; Win64; x64) AppleWebKit/537.36 (KHTML, like Gecko) Chrome/121.0.0.0 Safari/537.36"
136.144.35.34 - - [07/Sep/2026:07:37:39 +0530] "POST /wp-login.php HTTP/1.1" 200 2468 "https://www.scrollar.com/wp-login.php" "Mozilla/5.0 (Windows NT 10.0; Win64; x64) AppleWebKit/537.36 (KHTML, like Gecko) Chrome/119.0.0.0 Safari/537.36"
136.144.35.34 - - [07/Sep/2026:07:37:41 +0530] "GET /wp-admin/index.php HTTP/1.1" 302 20 "https://www.scrollar.com/wp-login.php" "Mozilla/5.0 (Macintosh; Intel Mac OS X 13_6_1) AppleWebKit/605.1.15 (KHTML, like Gecko) Version/17.1 Safari/605.1.15"
136.144.35.34 - - [07/Sep/2026:07:37:43 +0530] "GET /wp-login.php?redirect_to=https%3A%2F%2Fwww.scrollar.com%2Fwp-admin%2Findex.php&reauth=1 HTTP/1.1" 200 2320 "https://www.scrollar.com/wp-login.php" "Mozilla/5.0 (Macintosh; Intel Mac OS X 13_6_1) AppleWebKit/605.1.15 (KHTML, like Gecko) Version/17.1 Safari/605.1.15"
136.144.35.34 - - [07/Sep/2026:07:37:44 +0530] "POST /wp-login.php HTTP/1.1" 200 2464 "https://www.scrollar.com/wp-login.php" "Mozilla/5.0 (Macintosh; Intel Mac OS X 10_15_7; rv:118.0) Gecko/20100101 Firefox/118.0"
136.144.35.34 - - [07/Sep/2026:07:37:50 +0530] "GET /wp-admin/index.php HTTP/1.1" 302 20 "https://www.scrollar.com/wp-login.php" "Mozilla/5.0 (Windows NT 11.0; Win64; x64; rv:119.0) Gecko/20100101 Firefox/119.0"
136.144.35.34 - - [07/Sep/2026:07:37:51 +0530] "GET /wp-login.php?redirect_to=https%3A%2F%2Fwww.scrollar.com%2Fwp-admin%2Findex.php&reauth=1 HTTP/1.1" 200 2320 "https://www.scrollar.com/wp-login.php" "Mozilla/5.0 (Windows NT 11.0; Win64; x64; rv:119.0) Gecko/20100101 Firefox/119.0"
136.144.35.34 - - [07/Sep/2026:07:37:52 +0530] "POST /wp-login.php HTTP/1.1" 403 1242 "https://www.scrollar.com/wp-login.php" "Mozilla/5.0 (Macintosh; Intel Mac OS X 13_6_1) AppleWebKit/537.36 (KHTML, like Gecko) Chrome/118.0.0.0 Safari/537.36"
136.144.35.34 - - [07/Sep/2026:07:37:53 +0530] "GET /wp-admin/index.php HTTP/1.1" 302 20 "https://www.scrollar.com/wp-login.php" "Mozilla/5.0 (Windows NT 11.0; Win64; x64; rv:119.0) Gecko/20100101 Firefox/119.0"
136.144.35.34 - - [07/Sep/2026:07:37:55 +0530] "GET /wp-login.php?redirect_to=https%3A%2F%2Fwww.scrollar.com%2Fwp-admin%2Findex.php&reauth=1 HTTP/1.1" 200 2320 "https://www.scrollar.com/wp-login.php" "Mozilla/5.0 (Windows NT 11.0; Win64; x64; rv:119.0) Gecko/20100101 Firefox/119.0"
136.144.35.34 - - [07/Sep/2026:07:37:56 +0530] "POST /wp-login.php HTTP/1.1" 200 2466 "https://www.scrollar.com/wp-login.php" "Mozilla/5.0 (X11; Ubuntu; Linux x86_64) AppleWebKit/537.36 (KHTML, like Gecko) Chrome/120.0.0.0 Safari/537.36"
136.144.35.34 - - [07/Sep/2026:07:37:56 +0530] "GET /wp-admin/index.php HTTP/1.1" 302 20 "https://www.scrollar.com/wp-login.php" "Mozilla/5.0 (Macintosh; Intel Mac OS X 10_15_7) AppleWebKit/537.36 (KHTML, like Gecko) Chrome/118.0.0.0 Safari/537.36"
136.144.35.34 - - [07/Sep/2026:07:37:57 +0530] "GET /wp-login.php?redirect_to=https%3A%2F%2Fwww.scrollar.com%2Fwp-admin%2Findex.php&reauth=1 HTTP/1.1" 200 2320 "https://www.scrollar.com/wp-login.php" "Mozilla/5.0 (Macintosh; Intel Mac OS X 10_15_7) AppleWebKit/537.36 (KHTML, like Gecko) Chrome/118.0.0.0 Safari/537.36"
96.125.145.251 - - [07/Sep/2026:07:42:14 +0530] "GET /wp-content/uploads/2024/04/Virtual-Meeting-Platform-Hero-Image-5.webp HTTP/1.1" 200 3150 "-" "python-httpx/0.28.1"
57.141.20.38 - - [07/Sep/2026:07:43:23 +0530] "GET /custom-software/ HTTP/2" 429 0 "-" "Mozilla/5.0 (Macintosh; Intel Mac OS X 10_15_7) AppleWebKit/537.36 (KHTML, like Gecko) Chrome/145.0.0.0 Safari/537.36 (compatible; meta-externalagent/1.1 (+https://developers.facebook.com/docs/sharing/webmasters/crawler))"
148.251.153.114 - - [07/Sep/2026:07:45:07 +0530] "POST /wp-cron.php?doing_wp_cron=1788747307.6370670795440673828125 HTTP/1.1" 200 20 "-" "WordPress/7.1; https://www.scrollar.com"
136.144.35.49 - - [07/Sep/2026:07:30:24 +0530] "GET /wp-login.php?redirect_to=https%3A%2F%2Fwww.scrollar.com%2Fwp-admin%2Findex.php&reauth=1 HTTP/1.1" 200 2320 "https://www.scrollar.com/wp-login.php" "Mozilla/5.0 (Macintosh; Intel Mac OS X 10_15_7) AppleWebKit/605.1.15 (KHTML, like Gecko) Version/17.2 Safari/605.1.15"
148.251.153.114 - - [07/Sep/2026:07:34:14 +0530] "POST /wp-cron.php?doing_wp_cron=1788746654.3511769771575927734375 HTTP/1.1" 200 20 "-" "WordPress/7.1; https://www.scrollar.com"
136.144.35.57 - - [07/Sep/2026:07:34:14 +0530] "GET /wp-admin/index.php HTTP/1.1" 302 20 "https://www.scrollar.com/wp-login.php" "Mozilla/5.0 (X11; Linux x86_64) AppleWebKit/537.36 (KHTML, like Gecko) Chrome/118.0.0.0 Safari/537.36"
136.144.35.57 - - [07/Sep/2026:07:34:15 +0530] "GET /wp-login.php?redirect_to=https%3A%2F%2Fwww.scrollar.com%2Fwp-admin%2Findex.php&reauth=1 HTTP/1.1" 200 2320 "https://www.scrollar.com/wp-login.php" "Mozilla/5.0 (X11; Linux x86_64) AppleWebKit/537.36 (KHTML, like Gecko) Chrome/118.0.0.0 Safari/537.36"
136.144.35.57 - - [07/Sep/2026:07:34:16 +0530] "POST /wp-login.php HTTP/1.1" 200 2465 "https://www.scrollar.com/wp-login.php" "Mozilla/5.0 (X11; Linux x86_64) AppleWebKit/537.36 (KHTML, like Gecko) Chrome/118.0.0.0 Safari/537.36"
136.144.35.57 - - [07/Sep/2026:07:34:17 +0530] "GET /wp-admin/index.php HTTP/1.1" 302 20 "https://www.scrollar.com/wp-login.php" "Mozilla/5.0 (Windows NT 10.0; Win64; x64) AppleWebKit/537.36 (KHTML, like Gecko) Chrome/119.0.0.0 Safari/537.36"
136.144.35.57 - - [07/Sep/2026:07:34:20 +0530] "GET /wp-login.php?redirect_to=https%3A%2F%2Fwww.scrollar.com%2Fwp-admin%2Findex.php&reauth=1 HTTP/1.1" 200 2320 "https://www.scrollar.com/wp-login.php" "Mozilla/5.0 (Windows NT 10.0; Win64; x64) AppleWebKit/537.36 (KHTML, like Gecko) Chrome/119.0.0.0 Safari/537.36"
136.144.35.57 - - [07/Sep/2026:07:34:21 +0530] "POST /wp-login.php HTTP/1.1" 200 2465 "https://www.scrollar.com/wp-login.php" "Mozilla/5.0 (Macintosh; Intel Mac OS X 10_15_7) AppleWebKit/537.36 (KHTML, like Gecko) Chrome/121.0.0.0 Safari/537.36"
136.144.35.57 - - [07/Sep/2026:07:34:24 +0530] "GET /wp-admin/index.php HTTP/1.1" 302 20 "https://www.scrollar.com/wp-login.php" "Mozilla/5.0 (Windows NT 11.0; Win64; x64; rv:119.0) Gecko/20100101 Firefox/119.0"
136.144.35.57 - - [07/Sep/2026:07:34:24 +0530] "GET /wp-login.php?redirect_to=https%3A%2F%2Fwww.scrollar.com%2Fwp-admin%2Findex.php&reauth=1 HTTP/1.1" 200 2320 "https://www.scrollar.com/wp-login.php" "Mozilla/5.0 (Windows NT 11.0; Win64; x64; rv:119.0) Gecko/20100101 Firefox/119.0"
148.251.153.114 - - [07/Sep/2026:07:41:55 +0530] "POST /wp-cron.php?doing_wp_cron=1788747115.1890630722045898437500 HTTP/1.1" 200 20 "-" "WordPress/7.1; https://www.scrollar.com"
136.144.35.42 - - [07/Sep/2026:07:41:54 +0530] "GET /wp-admin/profile.php HTTP/1.1" 302 20 "https://www.scrollar.com/wp-login.php" "Mozilla/5.0 (Macintosh; Intel Mac OS X 10_15_7) AppleWebKit/605.1.15 (KHTML, like Gecko) Version/17.1 Safari/605.1.15"
136.144.35.42 - - [07/Sep/2026:07:41:55 +0530] "GET /wp-login.php?redirect_to=https%3A%2F%2Fwww.scrollar.com%2Fwp-admin%2Fprofile.php&reauth=1 HTTP/1.1" 200 2321 "https://www.scrollar.com/wp-login.php" "Mozilla/5.0 (Macintosh; Intel Mac OS X 10_15_7) AppleWebKit/605.1.15 (KHTML, like Gecko) Version/17.1 Safari/605.1.15"
5.133.192.146 - - [07/Sep/2026:07:45:25 +0530] "GET / HTTP/1.1" 301 20 "-" "Mozilla/5.0 (Windows NT 10.0; Win64; x64) AppleWebKit/537.36 (KHTML, like Gecko) Chrome/105.0.0.0 Safari/537.36"
5.133.192.146 - - [07/Sep/2026:07:45:27 +0530] "GET /wp-content/uploads/2024/04/cropped-ScrollAR-ICON-LOGO.png HTTP/1.1" 200 13114 "-" "Mozilla/5.0 (Windows NT 10.0; Win64; x64) AppleWebKit/537.36 (KHTML, like Gecko) Chrome/105.0.0.0 Safari/537.36"
42.1.112.36 - - [07/Sep/2026:07:47:16 +0530] "GET / HTTP/1.1" 301 20 "-" "Mozilla/5.0 (Windows NT 10.0; Win64; x64) AppleWebKit/537.36 (KHTML, like Gecko) Chrome/126.0.0.0 Safari/537.36"
148.251.153.114 - - [07/Sep/2026:07:45:26 +0530] "POST /wp-cron.php?doing_wp_cron=1788747326.4608640670776367187500 HTTP/1.1" 200 20 "-" "WordPress/7.1; https://www.scrollar.com"
5.133.192.146 - - [07/Sep/2026:07:45:25 +0530] "GET / HTTP/1.1" 200 31072 "-" "Mozilla/5.0 (Windows NT 10.0; Win64; x64) AppleWebKit/537.36 (KHTML, like Gecko) Chrome/105.0.0.0 Safari/537.36"
34.67.42.10 - - [07/Sep/2026:07:48:26 +0530] "GET /custom-software HTTP/2" 301 20 "-" "Mozilla/5.0 AppleWebKit/537.36 (KHTML, like Gecko; compatible; SleepBot/1.0; +http://sleepbot.com/) Chrome/131.0.0.0 Safari/537.36"
192.178.8.96 - - [07/Sep/2026:07:51:10 +0530] "GET /.well-known/traffic-advice HTTP/1.1" 404 11868 "-" "Chrome Privacy Preserving Prefetch Proxy"
136.144.35.53 - - [07/Sep/2026:07:39:10 +0530] "POST /wp-login.php HTTP/1.1" 200 2470 "https://www.scrollar.com/wp-login.php" "Mozilla/5.0 (Windows NT 11.0; Win64; x64; rv:121.0) Gecko/20100101 Firefox/121.0"
136.144.35.53 - - [07/Sep/2026:07:39:12 +0530] "GET /wp-admin/index.php HTTP/1.1" 302 20 "https://www.scrollar.com/wp-login.php" "Mozilla/5.0 (Macintosh; Intel Mac OS X 10_15_7) AppleWebKit/605.1.15 (KHTML, like Gecko) Version/16.6 Safari/605.1.15"
136.144.35.53 - - [07/Sep/2026:07:39:15 +0530] "GET /wp-login.php?redirect_to=https%3A%2F%2Fwww.scrollar.com%2Fwp-admin%2Findex.php&reauth=1 HTTP/1.1" 200 2320 "https://www.scrollar.com/wp-login.php" "Mozilla/5.0 (Macintosh; Intel Mac OS X 10_15_7) AppleWebKit/605.1.15 (KHTML, like Gecko) Version/16.6 Safari/605.1.15"
136.144.35.53 - - [07/Sep/2026:07:39:16 +0530] "POST /wp-login.php HTTP/1.1" 200 2468 "https://www.scrollar.com/wp-login.php" "Mozilla/5.0 (Windows NT 11.0; Win64; x64) AppleWebKit/537.36 (KHTML, like Gecko) Chrome/121.0.0.0 Safari/537.36"
136.144.35.53 - - [07/Sep/2026:07:39:17 +0530] "GET /wp-admin/index.php HTTP/1.1" 302 20 "https://www.scrollar.com/wp-login.php" "Mozilla/5.0 (Macintosh; Intel Mac OS X 10_15_7) AppleWebKit/605.1.15 (KHTML, like Gecko) Version/17.2 Safari/605.1.15"
136.144.35.53 - - [07/Sep/2026:07:39:18 +0530] "GET /wp-login.php?redirect_to=https%3A%2F%2Fwww.scrollar.com%2Fwp-admin%2Findex.php&reauth=1 HTTP/1.1" 200 2320 "https://www.scrollar.com/wp-login.php" "Mozilla/5.0 (Macintosh; Intel Mac OS X 10_15_7) AppleWebKit/605.1.15 (KHTML, like Gecko) Version/17.2 Safari/605.1.15"
136.144.35.53 - - [07/Sep/2026:07:39:21 +0530] "POST /wp-login.php HTTP/1.1" 200 2468 "https://www.scrollar.com/wp-login.php" "Mozilla/5.0 (Macintosh; Intel Mac OS X 10_15_7) AppleWebKit/605.1.15 (KHTML, like Gecko) Version/16.6 Safari/605.1.15"
136.144.35.53 - - [07/Sep/2026:07:39:23 +0530] "GET /wp-admin/index.php HTTP/1.1" 302 20 "https://www.scrollar.com/wp-login.php" "Mozilla/5.0 (Macintosh; Intel Mac OS X 10_15_7) AppleWebKit/605.1.15 (KHTML, like Gecko) Version/17.2 Safari/605.1.15"
148.251.153.114 - - [07/Sep/2026:07:47:16 +0530] "POST /wp-cron.php?doing_wp_cron=1788747436.8730940818786621093750 HTTP/1.1" 200 20 "-" "WordPress/7.1; https://www.scrollar.com"
42.1.112.36 - - [07/Sep/2026:07:47:22 +0530] "GET / HTTP/1.1" 200 31072 "-" "Mozilla/5.0 (Windows NT 10.0; Win64; x64) AppleWebKit/537.36 (KHTML, like Gecko) Chrome/126.0.0.0 Safari/537.36"
42.1.112.36 - - [07/Sep/2026:07:47:25 +0530] "POST /?rest_route=/batch/v1 HTTP/1.1" 403 1242 "-" "Mozilla/5.0 (Windows NT 10.0; Win64; x64) AppleWebKit/537.36 (KHTML, like Gecko) Chrome/126.0.0.0 Safari/537.36"
42.1.112.36 - - [07/Sep/2026:07:47:27 +0530] "POST /wp-json/batch/v1 HTTP/1.1" 207 206 "-" "Mozilla/5.0 (Windows NT 10.0; Win64; x64) AppleWebKit/537.36 (KHTML, like Gecko) Chrome/126.0.0.0 Safari/537.36"
162.120.184.202 - - [07/Sep/2026:07:51:11 +0530] "GET / HTTP/2" 200 31446 "https://www.google.com/" "Mozilla/5.0 (Linux; Android 10; K) AppleWebKit/537.36 (KHTML, like Gecko) Chrome/151.0.0.0 Mobile Safari/537.36"
51.89.83.62 - - [07/Sep/2026:07:53:09 +0530] "GET /post-sitemap.xml HTTP/2" 200 566 "-" "Mozilla/5.0 (compatible; AhrefsBot/7.0; +http://ahrefs.com/robot/)"
51.89.71.151 - - [07/Sep/2026:07:53:12 +0530] "GET /uicore-tb-sitemap.xml HTTP/2" 200 439 "-" "Mozilla/5.0 (compatible; AhrefsBot/7.0; +http://ahrefs.com/robot/)"
64.49.36.180 - - [07/Sep/2026:08:01:06 +0530] "GET /wp-json/wp/v2/users HTTP/1.1" 200 396 "-" "Mozilla/5.0 (Windows NT 10.0; Win64; x64) AppleWebKit/537.36 (KHTML, like Gecko) Chrome/142.0.0.0 Safari/537.36"
130.94.43.224 - - [07/Sep/2026:08:12:50 +0530] "POST /wp-login.php HTTP/1.1" 200 2472 "http://scrollar.com/wp-admin/" "Mozilla/5.0 (Windows NT 10.0; Win64; x64) AppleWebKit/537.36 (KHTML, like Gecko) Chrome/90.0.4430.85 Safari/537.36"
130.94.43.224 - - [07/Sep/2026:08:12:51 +0530] "GET /wp-admin/ HTTP/1.1" 302 20 "www.google.com" "Mozilla/5.0 (Windows NT 10.0; Win64; x64) AppleWebKit/537.36 (KHTML, like Gecko) Chrome/90.0.4430.85 Safari/537.36"
180.242.131.42 - - [07/Sep/2026:07:49:16 +0530] "GET /wp-login.php HTTP/1.1" 200 2316 "-" "Mozilla/5.0 (X11; Linux x86_64) AppleWebKit/537.36 (KHTML, like Gecko) Chrome/134.0.0.0 Safari/537.36"
180.242.131.42 - - [07/Sep/2026:07:49:16 +0530] "POST /wp-login.php HTTP/1.1" 200 2451 "-" "Mozilla/5.0 (X11; Linux x86_64) AppleWebKit/537.36 (KHTML, like Gecko) Chrome/134.0.0.0 Safari/537.36"
180.242.131.42 - - [07/Sep/2026:07:49:17 +0530] "GET /wp-admin/ HTTP/1.1" 302 20 "-" "Mozilla/5.0 (X11; Linux x86_64) AppleWebKit/537.36 (KHTML, like Gecko) Chrome/134.0.0.0 Safari/537.36"
180.242.131.42 - - [07/Sep/2026:07:49:19 +0530] "GET /wp-login.php?redirect_to=https%3A%2F%2Fscrollar.com%2Fwp-admin%2F&reauth=1 HTTP/1.1" 200 2318 "-" "Mozilla/5.0 (X11; Linux x86_64) AppleWebKit/537.36 (KHTML, like Gecko) Chrome/134.0.0.0 Safari/537.36"
148.251.153.114 - - [07/Sep/2026:08:01:05 +0530] "POST /wp-cron.php?doing_wp_cron=1788748265.1881659030914306640625 HTTP/1.1" 200 20 "-" "WordPress/7.1; https://www.scrollar.com"
192.101.65.147 - - [07/Sep/2026:08:01:07 +0530] "GET /wp-login.php HTTP/1.1" 200 2316 "-" "Mozilla/5.0 (Windows NT 10.0; Win64; x64) AppleWebKit/537.36 (KHTML, like Gecko) Chrome/142.0.0.0 Safari/537.36"
193.142.37.60 - - [07/Sep/2026:08:01:07 +0530] "POST /wp-login.php HTTP/1.1" 200 2474 "https://www.scrollar.com/wp-login.php" "Mozilla/5.0 (Windows NT 10.0; Win64; x64) AppleWebKit/537.36 (KHTML, like Gecko) Chrome/142.0.0.0 Safari/537.36"
192.101.65.147 - - [07/Sep/2026:08:01:08 +0530] "POST /wp-login.php HTTP/1.1" 200 2474 "https://www.scrollar.com/wp-login.php" "Mozilla/5.0 (Windows NT 10.0; Win64; x64) AppleWebKit/537.36 (KHTML, like Gecko) Chrome/142.0.0.0 Safari/537.36"
148.251.153.114 - - [07/Sep/2026:08:03:43 +0530] "POST /wp-cron.php?doing_wp_cron=1788748423.1738350391387939453125 HTTP/1.1" 200 20 "-" "WordPress/7.1; https://www.scrollar.com"
57.141.20.54 - - [07/Sep/2026:08:03:42 +0530] "GET /sitemap2543491.xml HTTP/2" 404 11868 "-" "Mozilla/5.0 (Windows NT 10.0; Win64; x64) AppleWebKit/537.36 (KHTML, like Gecko) Chrome/145.0.0.0 Safari/537.36 (compatible; meta-externalagent/1.1 (+https://developers.facebook.com/docs/sharing/webmasters/crawler))"
130.94.43.224 - - [07/Sep/2026:08:12:51 +0530] "GET /wp-login.php?redirect_to=https%3A%2F%2Fwww.scrollar.com%2Fwp-admin%2F&reauth=1 HTTP/1.1" 200 2316 "www.google.com" "Mozilla/5.0 (Windows NT 10.0; Win64; x64) AppleWebKit/537.36 (KHTML, like Gecko) Chrome/90.0.4430.85 Safari/537.36"
148.251.153.114 - - [07/Sep/2026:08:18:47 +0530] "POST /wp-cron.php?doing_wp_cron=1788749327.7622249126434326171875 HTTP/1.1" 200 20 "-" "WordPress/7.1; https://www.scrollar.com"
152.228.236.214 - - [07/Sep/2026:08:19:18 +0530] "GET / HTTP/1.1" 301 20 "-" "Mozilla/5.0 (Linux; Android 10; K) AppleWebKit/537.36 (KHTML, like Gecko) Chrome/151.0.0.0 Mobile Safari/537.36"
148.251.153.114 - - [07/Sep/2026:08:25:38 +0530] "POST /wp-cron.php?doing_wp_cron=1788749738.3842020034790039062500 HTTP/1.1" 200 20 "-" "WordPress/7.1; https://www.scrollar.com"
57.141.20.16 - - [07/Sep/2026:08:25:37 +0530] "GET /sitemap2435491.xml HTTP/2" 404 11868 "-" "Mozilla/5.0 (Windows NT 10.0; Win64; x64) AppleWebKit/537.36 (KHTML, like Gecko) Chrome/145.0.0.0 Safari/537.36 (compatible; meta-externalagent/1.1 (+https://developers.facebook.com/docs/sharing/webmasters/crawler))"
45.141.128.44 - - [07/Sep/2026:08:38:41 +0530] "GET /wp-login.php HTTP/1.1" 200 2316 "-" "Mozilla/5.0 (Windows NT 10.0; Win64; x64) AppleWebKit/537.36 (KHTML, like Gecko) Chrome/142.0.0.0 Safari/537.36"
37.220.11.116 - - [07/Sep/2026:08:41:15 +0530] "GET /wp-includes/css/dist/base-styles/admin-schemes.min.css?ver=7.1 HTTP/3" 200 684 "https://scrollar.com/" "Mozilla/5.0 (Windows NT 10.0; Win64; x64; rv:152.0) Gecko/20100101 Firefox/152.0"
37.220.11.116 - - [07/Sep/2026:08:41:15 +0530] "GET /wp-includes/css/buttons.min.css?ver=7.1 HTTP/3" 200 1468 "https://scrollar.com/" "Mozilla/5.0 (Windows NT 10.0; Win64; x64; rv:152.0) Gecko/20100101 Firefox/152.0"
37.220.11.116 - - [07/Sep/2026:08:41:15 +0530] "GET /wp-admin/css/l10n.min.css?ver=7.1 HTTP/3" 200 675 "https://scrollar.com/" "Mozilla/5.0 (Windows NT 10.0; Win64; x64; rv:152.0) Gecko/20100101 Firefox/152.0"
37.220.11.116 - - [07/Sep/2026:08:41:15 +0530] "GET /wp-includes/js/zxcvbn-async.min.js?ver=1.0 HTTP/3" 200 187 "https://scrollar.com/" "Mozilla/5.0 (Windows NT 10.0; Win64; x64; rv:152.0) Gecko/20100101 Firefox/152.0"
37.220.11.116 - - [07/Sep/2026:08:41:15 +0530] "GET /wp-admin/css/login.min.css?ver=7.1 HTTP/3" 200 2043 "https://scrollar.com/" "Mozilla/5.0 (Windows NT 10.0; Win64; x64; rv:152.0) Gecko/20100101 Firefox/152.0"
37.220.11.116 - - [07/Sep/2026:08:41:15 +0530] "GET /wp-admin/css/wp-tooltip.min.css?ver=7.1 HTTP/3" 200 679 "https://scrollar.com/" "Mozilla/5.0 (Windows NT 10.0; Win64; x64; rv:152.0) Gecko/20100101 Firefox/152.0"
37.220.11.116 - - [07/Sep/2026:08:41:15 +0530] "GET /wp-includes/js/dist/dom-ready.min.js?ver=3fe927cab37bf38d6a23 HTTP/3" 200 438 "https://scrollar.com/" "Mozilla/5.0 (Windows NT 10.0; Win64; x64; rv:152.0) Gecko/20100101 Firefox/152.0"
37.220.11.116 - - [07/Sep/2026:08:41:15 +0530] "GET /wp-includes/js/wp-tooltip.js?ver=7.1 HTTP/3" 200 623 "https://scrollar.com/" "Mozilla/5.0 (Windows NT 10.0; Win64; x64; rv:152.0) Gecko/20100101 Firefox/152.0"
37.220.11.116 - - [07/Sep/2026:08:41:15 +0530] "GET /wp-includes/js/dist/a11y.min.js?ver=31c6cec5a4ff7aff483d HTTP/3" 200 961 "https://scrollar.com/" "Mozilla/5.0 (Windows NT 10.0; Win64; x64; rv:152.0) Gecko/20100101 Firefox/152.0"
37.220.11.116 - - [07/Sep/2026:08:41:15 +0530] "GET /wp-includes/js/wp-util.min.js?ver=7.1 HTTP/3" 200 693 "https://scrollar.com/" "Mozilla/5.0 (Windows NT 10.0; Win64; x64; rv:152.0) Gecko/20100101 Firefox/152.0"
37.220.11.116 - - [07/Sep/2026:08:41:15 +0530] "GET /wp-admin/js/password-strength-meter.min.js?ver=7.1 HTTP/3" 200 558 "https://scrollar.com/" "Mozilla/5.0 (Windows NT 10.0; Win64; x64; rv:152.0) Gecko/20100101 Firefox/152.0"
37.220.11.116 - - [07/Sep/2026:08:41:15 +0530] "GET /wp-includes/css/dashicons.min.css?ver=7.1 HTTP/3" 200 35101 "https://scrollar.com/" "Mozilla/5.0 (Windows NT 10.0; Win64; x64; rv:152.0) Gecko/20100101 Firefox/152.0"
114.119.142.14 - - [07/Sep/2026:07:45:07 +0530] "GET /tag/augmented-reality/ HTTP/1.1" 200 12534 "https://www.scrollar.com/tag/augmented-reality/" "Mozilla/5.0 (Linux; Android 7.0;) AppleWebKit/537.36 (HTML, like Gecko) Mobile Safari/537.36 (compatible; PetalBot;+https://webmaster.petalsearch.com/site/petalbot)"
148.251.153.114 - - [07/Sep/2026:07:47:27 +0530] "POST /wp-cron.php?doing_wp_cron=1788747447.3757870197296142578125 HTTP/1.1" 200 20 "-" "WordPress/7.1; https://www.scrollar.com"
148.251.153.114 - - [07/Sep/2026:07:48:27 +0530] "POST /wp-cron.php?doing_wp_cron=1788747506.9667220115661621093750 HTTP/1.1" 200 20 "-" "WordPress/7.1; https://www.scrollar.com"
148.251.153.114 - - [07/Sep/2026:07:51:11 +0530] "POST /wp-cron.php?doing_wp_cron=1788747671.3462579250335693359375 HTTP/1.1" 200 20 "-" "WordPress/7.1; https://www.scrollar.com"
148.251.153.114 - - [07/Sep/2026:07:53:07 +0530] "POST /wp-cron.php?doing_wp_cron=1788747787.3882510662078857421875 HTTP/1.1" 200 20 "-" "WordPress/7.1; https://www.scrollar.com"
51.89.74.198 - - [07/Sep/2026:07:53:07 +0530] "GET /robots.txt HTTP/2" 200 117 "-" "Mozilla/5.0 (compatible; AhrefsBot/7.0; +http://ahrefs.com/robot/)"
51.89.38.135 - - [07/Sep/2026:07:53:08 +0530] "GET /sitemap_index.xml HTTP/2" 200 338 "-" "Mozilla/5.0 (compatible; AhrefsBot/7.0; +http://ahrefs.com/robot/)"
51.89.69.107 - - [07/Sep/2026:07:53:13 +0530] "GET /category-sitemap.xml HTTP/2" 200 366 "-" "Mozilla/5.0 (compatible; AhrefsBot/7.0; +http://ahrefs.com/robot/)"
64.49.36.180 - - [07/Sep/2026:08:01:02 +0530] "GET /wp-login.php HTTP/1.1" 200 2316 "-" "Mozilla/5.0 (Windows NT 10.0; Win64; x64) AppleWebKit/537.36 (KHTML, like Gecko) Chrome/142.0.0.0 Safari/537.36"
193.142.37.60 - - [07/Sep/2026:08:01:07 +0530] "GET /wp-login.php HTTP/1.1" 200 2316 "-" "Mozilla/5.0 (Windows NT 10.0; Win64; x64) AppleWebKit/537.36 (KHTML, like Gecko) Chrome/142.0.0.0 Safari/537.36"
114.119.128.40 - - [07/Sep/2026:08:18:47 +0530] "GET /category/blog HTTP/1.1" 301 20 "https://www.scrollar.com/gamification-in-education" "Mozilla/5.0 (Linux; Android 7.0;) AppleWebKit/537.36 (HTML, like Gecko) Mobile Safari/537.36 (compatible; PetalBot;+https://webmaster.petalsearch.com/site/petalbot)"
114.119.128.40 - - [07/Sep/2026:08:18:49 +0530] "GET /category/blog/ HTTP/1.1" 200 12852 "https://www.scrollar.com/gamification-in-education" "Mozilla/5.0 (Linux; Android 7.0;) AppleWebKit/537.36 (HTML, like Gecko) Mobile Safari/537.36 (compatible; PetalBot;+https://webmaster.petalsearch.com/site/petalbot)"
148.251.153.114 - - [07/Sep/2026:08:24:26 +0530] "POST /wp-cron.php?doing_wp_cron=1788749666.5744490623474121093750 HTTP/1.1" 200 20 "-" "WordPress/7.1; https://www.scrollar.com"
148.251.153.114 - - [07/Sep/2026:08:35:41 +0530] "POST /wp-cron.php?doing_wp_cron=1788750341.8270359039306640625000 HTTP/1.1" 200 20 "-" "WordPress/7.1; https://www.scrollar.com"
148.251.153.114 - - [07/Sep/2026:08:38:39 +0530] "POST /wp-cron.php?doing_wp_cron=1788750519.8839910030364990234375 HTTP/1.1" 200 20 "-" "WordPress/7.1; https://www.scrollar.com"
45.145.128.30 - - [07/Sep/2026:08:38:39 +0530] "GET /wp-login.php HTTP/1.1" 200 2316 "-" "Mozilla/5.0 (Windows NT 10.0; Win64; x64) AppleWebKit/537.36 (KHTML, like Gecko) Chrome/142.0.0.0 Safari/537.36"
45.141.128.44 - - [07/Sep/2026:08:38:41 +0530] "POST /wp-login.php HTTP/1.1" 200 2474 "https://www.scrollar.com/wp-login.php" "Mozilla/5.0 (Windows NT 10.0; Win64; x64) AppleWebKit/537.36 (KHTML, like Gecko) Chrome/142.0.0.0 Safari/537.36"
148.251.153.114 - - [07/Sep/2026:08:41:01 +0530] "POST /wp-cron.php?doing_wp_cron=1788750661.7181830406188964843750 HTTP/1.1" 200 20 "-" "WordPress/7.1; https://www.scrollar.com"
37.220.11.116 - - [07/Sep/2026:08:41:11 +0530] "GET /wp-login.php HTTP/1.1" 200 2316 "-" "Mozilla/5.0 (Windows NT 10.0; Win64; x64; rv:152.0) Gecko/20100101 Firefox/152.0"
37.220.11.116 - - [07/Sep/2026:08:41:14 +0530] "GET /wp-login.php HTTP/2" 200 2316 "-" "Mozilla/5.0 (Windows NT 10.0; Win64; x64; rv:152.0) Gecko/20100101 Firefox/152.0"
37.220.11.116 - - [07/Sep/2026:08:41:15 +0530] "GET /wp-admin/css/forms.min.css?ver=7.1 HTTP/3" 200 6520 "https://scrollar.com/" "Mozilla/5.0 (Windows NT 10.0; Win64; x64; rv:152.0) Gecko/20100101 Firefox/152.0"
37.220.11.116 - - [07/Sep/2026:08:41:15 +0530] "GET /wp-includes/js/clipboard.min.js?ver=2.0.11 HTTP/3" 200 2989 "https://scrollar.com/" "Mozilla/5.0 (Windows NT 10.0; Win64; x64; rv:152.0) Gecko/20100101 Firefox/152.0"
37.220.11.116 - - [07/Sep/2026:08:41:15 +0530] "GET /wp-includes/js/dist/hooks.min.js?ver=f0f188028580e8dc1255 HTTP/3" 200 1759 "https://scrollar.com/" "Mozilla/5.0 (Windows NT 10.0; Win64; x64; rv:152.0) Gecko/20100101 Firefox/152.0"
37.220.11.116 - - [07/Sep/2026:08:41:15 +0530] "GET /wp-includes/js/jquery/jquery.min.js?ver=3.7.1 HTTP/3" 200 29744 "https://scrollar.com/" "Mozilla/5.0 (Windows NT 10.0; Win64; x64; rv:152.0) Gecko/20100101 Firefox/152.0"
37.220.11.116 - - [07/Sep/2026:08:41:15 +0530] "GET /wp-includes/js/jquery/jquery-migrate.min.js?ver=3.4.1 HTTP/3" 200 4678 "https://scrollar.com/" "Mozilla/5.0 (Windows NT 10.0; Win64; x64; rv:152.0) Gecko/20100101 Firefox/152.0"
37.220.11.116 - - [07/Sep/2026:08:41:15 +0530] "GET /wp-includes/js/dist/i18n.min.js?ver=1dfe7db3940c23ea9216 HTTP/3" 200 2379 "https://scrollar.com/" "Mozilla/5.0 (Windows NT 10.0; Win64; x64; rv:152.0) Gecko/20100101 Firefox/152.0"
37.220.11.116 - - [07/Sep/2026:08:41:15 +0530] "GET /wp-admin/js/user-profile.min.js?ver=7.1 HTTP/3" 200 2851 "https://scrollar.com/" "Mozilla/5.0 (Windows NT 10.0; Win64; x64; rv:152.0) Gecko/20100101 Firefox/152.0"
37.220.11.116 - - [07/Sep/2026:08:41:15 +0530] "GET /wp-includes/js/underscore.min.js?ver=1.13.8 HTTP/3" 200 7228 "https://scrollar.com/" "Mozilla/5.0 (Windows NT 10.0; Win64; x64; rv:152.0) Gecko/20100101 Firefox/152.0"
37.220.11.116 - - [07/Sep/2026:08:41:15 +0530] "GET /wp-includes/js/zxcvbn.min.js HTTP/3" 200 389493 "https://scrollar.com/" "Mozilla/5.0 (Windows NT 10.0; Win64; x64; rv:152.0) Gecko/20100101 Firefox/152.0"
37.220.11.116 - - [07/Sep/2026:08:41:17 +0530] "POST /wp-login.php HTTP/3" 200 2466 "https://scrollar.com/" "Mozilla/5.0 (Windows NT 10.0; Win64; x64; rv:152.0) Gecko/20100101 Firefox/152.0"
148.251.153.114 - - [07/Sep/2026:08:41:42 +0530] "POST /wp-cron.php?doing_wp_cron=1788750702.8913249969482421875000 HTTP/1.1" 200 20 "-" "WordPress/7.1; https://www.scrollar.com"
57.141.20.57 - - [07/Sep/2026:08:41:42 +0530] "GET /sitemap2429491.xml HTTP/2" 404 11868 "-" "Mozilla/5.0 (Windows NT 10.0; Win64; x64) AppleWebKit/537.36 (KHTML, like Gecko) Chrome/145.0.0.0 Safari/537.36 (compatible; meta-externalagent/1.1 (+https://developers.facebook.com/docs/sharing/webmasters/crawler))"
77.81.65.237 - - [07/Sep/2026:08:50:26 +0530] "POST /wp-login.php HTTP/1.1" 200 2472 "https://www.scrollar.com" "Mozilla/5.0 (Windows NT 10.0; Win64; x64) AppleWebKit/537.36 (KHTML, like Gecko) Chrome/120.0.0.0 Safari/537.36"
114.119.142.14 - - [07/Sep/2026:09:00:42 +0530] "GET /sms/ HTTP/1.1" 301 20 "https://www.scrollar.com/page-sitemap.xml" "Mozilla/5.0 (Linux; Android 7.0;) AppleWebKit/537.36 (HTML, like Gecko) Mobile Safari/537.36 (compatible; PetalBot;+https://webmaster.petalsearch.com/site/petalbot)"
114.119.128.40 - - [07/Sep/2026:08:35:42 +0530] "GET /privacy-policy/ HTTP/1.1" 200 13752 "https://www.scrollar.com/products/" "Mozilla/5.0 (Linux; Android 7.0;) AppleWebKit/537.36 (HTML, like Gecko) Mobile Safari/537.36 (compatible; PetalBot;+https://webmaster.petalsearch.com/site/petalbot)"
93.177.94.140 - - [07/Sep/2026:08:38:42 +0530] "GET /wp-login.php HTTP/1.1" 200 2316 "-" "Mozilla/5.0 (Windows NT 10.0; Win64; x64) AppleWebKit/537.36 (KHTML, like Gecko) Chrome/142.0.0.0 Safari/537.36"
17.166.152.54 - - [07/Sep/2026:08:41:01 +0530] "GET /robots.txt HTTP/2" 200 117 "-" "Mozilla/5.0 (Macintosh; Intel Mac OS X 10_15_7) AppleWebKit/605.1.15 (KHTML, like Gecko) Version/17.4 Safari/605.1.15 (Applebot/0.1; +http://www.apple.com/go/applebot)"
17.166.152.54 - - [07/Sep/2026:08:41:01 +0530] "GET /apps/ HTTP/2" 301 20 "-" "Mozilla/5.0 (Macintosh; Intel Mac OS X 10_15_7) AppleWebKit/605.1.15 (KHTML, like Gecko) Version/17.4 Safari/605.1.15 (Applebot/0.1; +http://www.apple.com/go/applebot)"
17.166.152.54 - - [07/Sep/2026:08:41:04 +0530] "GET /apps-2/ HTTP/2" 200 15030 "-" "Mozilla/5.0 (Macintosh; Intel Mac OS X 10_15_7) AppleWebKit/605.1.15 (KHTML, like Gecko) Version/17.4 Safari/605.1.15 (Applebot/0.1; +http://www.apple.com/go/applebot)"
178.20.31.93 - - [07/Sep/2026:08:50:24 +0530] "POST /xmlrpc.php HTTP/1.1" 200 206 "-" "Mozilla/5.0 (Windows NT 10.0; Win64; x64) AppleWebKit/537.36"
77.81.65.237 - - [07/Sep/2026:08:50:25 +0530] "GET /wp-login.php HTTP/1.1" 200 2316 "-" "Mozilla/5.0 (Windows NT 10.0; Win64; x64) AppleWebKit/537.36 (KHTML, like Gecko) Chrome/120.0.0.0 Safari/537.36"
77.81.65.237 - - [07/Sep/2026:08:50:26 +0530] "GET /wp-login.php?wp_lang=en_US HTTP/1.1" 200 2316 "-" "Mozilla/5.0 (Windows NT 10.0; Win64; x64) AppleWebKit/537.36 (KHTML, like Gecko) Chrome/120.0.0.0 Safari/537.36"
148.251.153.114 - - [07/Sep/2026:08:50:24 +0530] "POST /wp-cron.php?doing_wp_cron=1788751224.3092610836029052734375 HTTP/1.1" 200 20 "-" "WordPress/7.1; https://www.scrollar.com"
148.251.153.114 - - [07/Sep/2026:08:50:26 +0530] "POST /wp-cron.php?doing_wp_cron=1788751226.3659610748291015625000 HTTP/1.1" 200 20 "-" "WordPress/7.1; https://www.scrollar.com"
51.89.71.85 - - [07/Sep/2026:07:53:10 +0530] "GET /page-sitemap.xml HTTP/2" 200 1237 "-" "Mozilla/5.0 (compatible; AhrefsBot/7.0; +http://ahrefs.com/robot/)"
130.94.43.224 - - [07/Sep/2026:08:12:49 +0530] "GET /wp-admin/ HTTP/1.1" 302 20 "http://scrollar.com/wp-admin/" "Mozilla/5.0 (Windows NT 10.0; Win64; x64) AppleWebKit/537.36 (KHTML, like Gecko) Chrome/90.0.4430.85 Safari/537.36"
130.94.43.224 - - [07/Sep/2026:08:12:49 +0530] "GET /wp-login.php?redirect_to=https%3A%2F%2Fwww.scrollar.com%2Fwp-admin%2F&reauth=1 HTTP/1.1" 200 2316 "http://scrollar.com/wp-admin/" "Mozilla/5.0 (Windows NT 10.0; Win64; x64) AppleWebKit/537.36 (KHTML, like Gecko) Chrome/90.0.4430.85 Safari/537.36"
148.251.153.114 - - [07/Sep/2026:08:24:21 +0530] "POST /wp-cron.php?doing_wp_cron=1788749660.7639260292053222656250 HTTP/1.1" 200 20 "-" "WordPress/7.1; https://www.scrollar.com"
52.42.169.159 - - [07/Sep/2026:08:24:20 +0530] "GET /robots.txt HTTP/1.1" 301 20 "-" "SeltzSitemapFetcher/1.0"
52.42.169.159 - - [07/Sep/2026:08:24:23 +0530] "GET /robots.txt HTTP/1.1" 200 117 "https://scrollar.com/robots.txt" "SeltzSitemapFetcher/1.0"
52.42.169.159 - - [07/Sep/2026:08:24:23 +0530] "GET /robots.txt HTTP/1.1" 200 117 "-" "SeltzSitemapFetcher/1.0"
52.42.169.159 - - [07/Sep/2026:08:24:24 +0530] "GET /sitemap_index.xml HTTP/1.1" 200 338 "-" "SeltzSitemapFetcher/1.0"
52.42.169.159 - - [07/Sep/2026:08:24:25 +0530] "GET /page-sitemap.xml HTTP/1.1" 200 1237 "-" "SeltzSitemapFetcher/1.0"
52.42.169.159 - - [07/Sep/2026:08:24:25 +0530] "GET /uicore-tb-sitemap.xml HTTP/1.1" 200 439 "-" "SeltzSitemapFetcher/1.0"
52.42.169.159 - - [07/Sep/2026:08:24:26 +0530] "GET /post-sitemap.xml HTTP/1.1" 200 566 "-" "SeltzSitemapFetcher/1.0"
52.42.169.159 - - [07/Sep/2026:08:24:26 +0530] "GET /category-sitemap.xml HTTP/1.1" 200 366 "-" "SeltzSitemapFetcher/1.0"
114.119.128.40 - - [07/Sep/2026:08:35:41 +0530] "GET /privacy-policy HTTP/1.1" 301 20 "https://www.scrollar.com/products/" "Mozilla/5.0 (Linux; Android 7.0;) AppleWebKit/537.36 (HTML, like Gecko) Mobile Safari/537.36 (compatible; PetalBot;+https://webmaster.petalsearch.com/site/petalbot)"
45.145.128.30 - - [07/Sep/2026:08:38:40 +0530] "GET /wp-json/wp/v2/users HTTP/1.1" 200 396 "-" "Mozilla/5.0 (Windows NT 10.0; Win64; x64) AppleWebKit/537.36 (KHTML, like Gecko) Chrome/142.0.0.0 Safari/537.36"
93.177.94.140 - - [07/Sep/2026:08:38:44 +0530] "POST /wp-login.php HTTP/1.1" 200 2474 "https://www.scrollar.com/wp-login.php" "Mozilla/5.0 (Windows NT 10.0; Win64; x64) AppleWebKit/537.36 (KHTML, like Gecko) Chrome/142.0.0.0 Safari/537.36"
77.81.65.237 - - [07/Sep/2026:08:50:24 +0530] "GET / HTTP/1.1" 200 31446 "-" "Mozilla/5.0 (Windows NT 10.0; Win64; x64) AppleWebKit/537.36 (KHTML, like Gecko) Chrome/120.0.0.0 Safari/537.36"
148.251.153.114 - - [07/Sep/2026:09:00:42 +0530] "POST /wp-cron.php?doing_wp_cron=1788751842.7788579463958740234375 HTTP/1.1" 200 20 "-" "WordPress/7.1; https://www.scrollar.com"
148.251.153.114 - - [07/Sep/2026:09:04:53 +0530] "POST /wp-cron.php?doing_wp_cron=1788752092.9594540596008300781250 HTTP/1.1" 200 20 "-" "WordPress/7.1; https://www.scrollar.com"
40.77.167.136 - - [07/Sep/2026:09:04:52 +0530] "GET /category/correo-leggtimo-orden-novia-rusa-411/ HTTP/2" 404 11909 "-" "Mozilla/5.0 AppleWebKit/537.36 (KHTML, like Gecko; compatible; bingbot/2.0; +http://www.bing.com/bingbot.htm) Chrome/116.0.1938.76 Safari/537.36"
52.167.144.225 - - [07/Sep/2026:09:05:04 +0530] "GET /on-nelson-ward-there-s-a-contest-however-zero/ HTTP/2" 404 11909 "-" "Mozilla/5.0 AppleWebKit/537.36 (KHTML, like Gecko; compatible; bingbot/2.0; +http://www.bing.com/bingbot.htm) Chrome/116.0.1938.76 Safari/537.36"
148.251.153.114 - - [07/Sep/2026:09:12:34 +0530] "POST /wp-cron.php?doing_wp_cron=1788752554.9616589546203613281250 HTTP/1.1" 200 20 "-" "WordPress/7.1; https://www.scrollar.com"
37.114.50.27 - - [07/Sep/2026:09:12:35 +0530] "POST /wp-login.php HTTP/1.1" 200 2474 "https://www.scrollar.com/wp-login.php" "Mozilla/5.0 (Windows NT 10.0; Win64; x64) AppleWebKit/537.36 (KHTML, like Gecko) Chrome/115.0.0.0 Safari/537.36 Edg/115.0.1901.203"
17.166.151.41 - - [07/Sep/2026:09:16:44 +0530] "GET /wp-content/plugins/elementor/assets/css/widget-icon-list.min.css?ver=4.2.4 HTTP/2" 200 928 "https://www.scrollar.com/apps-2/" "Mozilla/5.0 (Macintosh; Intel Mac OS X 10_15_7) AppleWebKit/605.1.15 (KHTML, like Gecko) Version/17.4 Safari/605.1.15 (Applebot/0.1; +http://www.apple.com/go/applebot)"
17.166.151.41 - - [07/Sep/2026:09:16:46 +0530] "GET /wp-content/plugins/elementor/assets/css/frontend.min.css?ver=4.2.4 HTTP/2" 200 6613 "https://www.scrollar.com/apps-2/" "Mozilla/5.0 (Macintosh; Intel Mac OS X 10_15_7) AppleWebKit/605.1.15 (KHTML, like Gecko) Version/17.4 Safari/605.1.15 (Applebot/0.1; +http://www.apple.com/go/applebot)"
17.166.151.41 - - [07/Sep/2026:09:16:48 +0530] "GET /wp-content/plugins/bdthemes-element-pack/assets/css/bdt-uikit.css?ver=3.21.7 HTTP/2" 200 15524 "https://www.scrollar.com/apps-2/" "Mozilla/5.0 (Macintosh; Intel Mac OS X 10_15_7) AppleWebKit/605.1.15 (KHTML, like Gecko) Version/17.4 Safari/605.1.15 (Applebot/0.1; +http://www.apple.com/go/applebot)"
17.166.151.41 - - [07/Sep/2026:09:16:50 +0530] "GET /wp-content/uploads/elementor/css/post-59.css?ver=1788231227 HTTP/2" 200 1306 "https://www.scrollar.com/apps-2/" "Mozilla/5.0 (Macintosh; Intel Mac OS X 10_15_7) AppleWebKit/605.1.15 (KHTML, like Gecko) Version/17.4 Safari/605.1.15 (Applebot/0.1; +http://www.apple.com/go/applebot)"
17.166.151.41 - - [07/Sep/2026:09:16:53 +0530] "GET /wp-content/plugins/elementor/assets/css/widget-heading.min.css?ver=4.2.4 HTTP/2" 200 126 "https://www.scrollar.com/apps-2/" "Mozilla/5.0 (Macintosh; Intel Mac OS X 10_15_7) AppleWebKit/605.1.15 (KHTML, like Gecko) Version/17.4 Safari/605.1.15 (Applebot/0.1; +http://www.apple.com/go/applebot)"
17.166.151.41 - - [07/Sep/2026:09:16:55 +0530] "GET /wp-content/plugins/bdthemes-element-pack/assets/css/ep-advanced-button.css?ver=7.19.6 HTTP/2" 200 875 "https://www.scrollar.com/apps-2/" "Mozilla/5.0 (Macintosh; Intel Mac OS X 10_15_7) AppleWebKit/605.1.15 (KHTML, like Gecko) Version/17.4 Safari/605.1.15 (Applebot/0.1; +http://www.apple.com/go/applebot)"
17.166.151.41 - - [07/Sep/2026:09:16:57 +0530] "GET /wp-content/plugins/uicore-framework/assets/fonts/themify-icons.css?ver=1.0.0 HTTP/2" 200 2707 "https://www.scrollar.com/apps-2/" "Mozilla/5.0 (Macintosh; Intel Mac OS X 10_15_7) AppleWebKit/605.1.15 (KHTML, like Gecko) Version/17.4 Safari/605.1.15 (Applebot/0.1; +http://www.apple.com/go/applebot)"
17.166.151.41 - - [07/Sep/2026:09:16:59 +0530] "GET /wp-content/plugins/elementor/assets/js/webpack.runtime.min.js?ver=4.2.4 HTTP/2" 200 2335 "https://www.scrollar.com/apps-2/" "Mozilla/5.0 (Macintosh; Intel Mac OS X 10_15_7) AppleWebKit/605.1.15 (KHTML, like Gecko) Version/17.4 Safari/605.1.15 (Applebot/0.1; +http://www.apple.com/go/applebot)"
17.166.151.41 - - [07/Sep/2026:09:17:01 +0530] "GET /wp-content/plugins/bdthemes-element-pack/assets/js/bdt-uikit.min.js?ver=3.21.7 HTTP/2" 200 48984 "https://www.scrollar.com/apps-2/" "Mozilla/5.0 (Macintosh; Intel Mac OS X 10_15_7) AppleWebKit/605.1.15 (KHTML, like Gecko) Version/17.4 Safari/605.1.15 (Applebot/0.1; +http://www.apple.com/go/applebot)"
17.166.151.41 - - [07/Sep/2026:09:17:03 +0530] "GET /wp-content/plugins/elementor-pro/assets/js/frontend.min.js?ver=3.30.1 HTTP/2" 200 6279 "https://www.scrollar.com/apps-2/" "Mozilla/5.0 (Macintosh; Intel Mac OS X 10_15_7) AppleWebKit/605.1.15 (KHTML, like Gecko) Version/17.4 Safari/605.1.15 (Applebot/0.1; +http://www.apple.com/go/applebot)"
74.7.228.33 - - [07/Sep/2026:09:10:26 +0530] "GET /robots.txt HTTP/2" 200 117 "-" "Mozilla/5.0 (Macintosh; Intel Mac OS X 10_15_7) AppleWebKit/537.36 (KHTML, like Gecko) Chrome/131.0.0.0 Safari/537.36; compatible; OAI-SearchBot/1.4; robots.txt; +https://openai.com/searchbot"
17.166.151.41 - - [07/Sep/2026:09:17:06 +0530] "GET /wp-includes/js/wp-emoji-release.min.js?ver=7.1 HTTP/2" 200 4974 "https://www.scrollar.com/apps-2/" "Mozilla/5.0 (Macintosh; Intel Mac OS X 10_15_7) AppleWebKit/605.1.15 (KHTML, like Gecko) Version/17.4 Safari/605.1.15 (Applebot/0.1; +http://www.apple.com/go/applebot)"
57.141.20.38 - - [07/Sep/2026:09:10:59 +0530] "GET /sitemap2439991.xml HTTP/2" 404 11909 "-" "Mozilla/5.0 (Macintosh; Intel Mac OS X 10_15_7) AppleWebKit/537.36 (KHTML, like Gecko) Chrome/145.0.0.0 Safari/537.36 (compatible; meta-externalagent/1.1 (+https://developers.facebook.com/docs/sharing/webmasters/crawler))"
37.114.50.27 - - [07/Sep/2026:09:12:34 +0530] "GET /wp-login.php HTTP/1.1" 200 2316 "-" "Mozilla/5.0 (Windows NT 10.0; Win64; x64) AppleWebKit/537.36 (KHTML, like Gecko) Chrome/115.0.0.0 Safari/537.36 Edg/115.0.1901.203"
148.251.153.114 - - [07/Sep/2026:09:10:26 +0530] "POST /wp-cron.php?doing_wp_cron=1788752426.5178890228271484375000 HTTP/1.1" 200 20 "-" "WordPress/7.1; https://www.scrollar.com"
74.7.242.43 - - [07/Sep/2026:09:10:26 +0530] "GET /sitemap_index.xml HTTP/2" 200 338 "-" "Mozilla/5.0 AppleWebKit/537.36 (KHTML, like Gecko; compatible; GPTBot/1.4; +https://openai.com/gptbot)"