JezK
Edit File: scrollar.discovernikon.com-ssl_log
103.173.230.230 - - [07/Sep/2026:01:48:32 +0530] "GET /wp-login.php HTTP/1.1" 200 2315 "-" "Mozilla/5.0 (Windows NT 10.0) AppleWebKit/537.36 (KHTML, like Gecko) Chrome/106.0.5249.119 Safari/537.36"
103.173.230.230 - - [07/Sep/2026:01:48:36 +0530] "POST /wp-login.php HTTP/1.1" 200 2466 "https://scrollar.com/wp-login.php" "Mozilla/5.0 (Windows NT 6.3; Win64; x64) AppleWebKit/537.36 (KHTML, like Gecko) Chrome/103.0.5060.114 Safari/537.36"
148.251.153.114 - - [07/Sep/2026:01:45:44 +0530] "POST /wp-cron.php?doing_wp_cron=1788725744.3829391002655029296875 HTTP/1.1" 200 20 "-" "WordPress/7.1; https://www.scrollar.com"
148.251.153.114 - - [07/Sep/2026:01:48:33 +0530] "POST /wp-cron.php?doing_wp_cron=1788725913.1337890625000000000000 HTTP/1.1" 200 20 "-" "WordPress/7.1; https://www.scrollar.com"
148.251.153.114 - - [07/Sep/2026:01:58:59 +0530] "POST /wp-cron.php?doing_wp_cron=1788726539.7441151142120361328125 HTTP/1.1" 200 20 "-" "WordPress/7.1; https://www.scrollar.com"
51.89.83.63 - - [07/Sep/2026:01:59:03 +0530] "GET /uicore-tb-sitemap.xml HTTP/2" 200 439 "-" "Mozilla/5.0 (compatible; AhrefsBot/7.0; +http://ahrefs.com/robot/)"
54.236.1.242 - - [07/Sep/2026:01:59:55 +0530] "GET /gamification-in-education/ HTTP/1.1" 200 18057 "-" "Mozilla/5.0 (compatible; Pinterestbot/1.0; +http://www.pinterest.com/bot.html)"
66.249.79.2 - - [07/Sep/2026:02:00:25 +0530] "GET /goods/254791002 HTTP/1.1" 404 11870 "-" "Mozilla/5.0 (Linux; Android 6.0.1; Nexus 5X Build/MMB29P) AppleWebKit/537.36 (KHTML, like Gecko) Chrome/151.0.7922.173 Mobile Safari/537.36 (compatible; Googlebot/2.1; +http://www.google.com/bot.html)"
148.251.153.114 - - [07/Sep/2026:02:26:18 +0530] "POST /wp-cron.php?doing_wp_cron=1788728178.2987999916076660156250 HTTP/1.1" 200 20 "-" "WordPress/7.1; https://www.scrollar.com"
176.9.46.231 - - [07/Sep/2026:02:30:21 +0530] "GET /wp-login.php/wp-login.php HTTP/1.1" 200 2315 "-" "Python/3.13 aiohttp/3.14.3"
176.9.46.231 - - [07/Sep/2026:02:30:21 +0530] "POST /wp-login.php HTTP/1.1" 200 2418 "-" "Python/3.13 aiohttp/3.14.3"
176.9.46.231 - - [07/Sep/2026:02:30:21 +0530] "GET /wp-admin/ HTTP/1.1" 302 20 "-" "Python/3.13 aiohttp/3.14.3"
148.251.153.114 - - [07/Sep/2026:02:38:16 +0530] "POST /wp-cron.php?doing_wp_cron=1788728896.6154410839080810546875 HTTP/1.1" 200 20 "-" "WordPress/7.1; https://www.scrollar.com"
37.215.15.94 - - [07/Sep/2026:02:41:41 +0530] "POST /wp-login.php HTTP/1.1" 200 2411 "https://scrollar.com/wp-login.php" "Mozilla/5.0 (Windows NT 10.0; Win64; x64) AppleWebKit/537.36 (KHTML, like Gecko) Chrome/122.0.0.0 Safari/537.36"
37.215.15.94 - - [07/Sep/2026:02:41:47 +0530] "POST /wp-login.php HTTP/1.1" 200 2466 "https://scrollar.com/wp-login.php" "Mozilla/5.0 (Windows NT 10.0; Win64; x64) AppleWebKit/537.36 (KHTML, like Gecko) Chrome/122.0.0.0 Safari/537.36"
37.215.15.94 - - [07/Sep/2026:02:41:47 +0530] "POST /wp-login.php HTTP/1.1" 200 2471 "https://scrollar.com/wp-login.php" "Mozilla/5.0 (Windows NT 10.0; Win64; x64) AppleWebKit/537.36 (KHTML, like Gecko) Chrome/122.0.0.0 Safari/537.36"
37.215.15.94 - - [07/Sep/2026:02:41:47 +0530] "POST /wp-login.php HTTP/1.1" 200 2470 "https://scrollar.com/wp-login.php" "Mozilla/5.0 (Windows NT 10.0; Win64; x64) AppleWebKit/537.36 (KHTML, like Gecko) Chrome/122.0.0.0 Safari/537.36"
163.123.58.212 - - [07/Sep/2026:01:45:43 +0530] "GET / HTTP/1.1" 200 31074 "-" "python-requests/2.21.0"
103.173.230.230 - - [07/Sep/2026:01:48:34 +0530] "POST /wp-login.php HTTP/1.1" 200 2465 "https://scrollar.com/wp-login.php" "Mozilla/5.0 (Windows NT 10.0) AppleWebKit/537.36 (KHTML, like Gecko) Chrome/106.0.5249.119 Safari/537.36"
103.131.71.18 - - [07/Sep/2026:01:54:22 +0530] "GET /wp-content/uploads/2025/01/School-Events.png HTTP/1.1" 304 0 "-" "Mozilla/5.0 (compatible; coccocbot-image/1.0; +http://help.coccoc.com/searchengine)"
148.251.153.114 - - [07/Sep/2026:01:54:40 +0530] "POST /wp-cron.php?doing_wp_cron=1788726280.5561139583587646484375 HTTP/1.1" 200 20 "-" "WordPress/7.1; https://www.scrollar.com"
51.89.74.201 - - [07/Sep/2026:01:59:02 +0530] "GET /page-sitemap.xml HTTP/2" 200 1237 "-" "Mozilla/5.0 (compatible; AhrefsBot/7.0; +http://ahrefs.com/robot/)"
51.89.74.193 - - [07/Sep/2026:01:59:05 +0530] "GET /category-sitemap.xml HTTP/2" 200 366 "-" "Mozilla/5.0 (compatible; AhrefsBot/7.0; +http://ahrefs.com/robot/)"
148.251.153.114 - - [07/Sep/2026:01:59:55 +0530] "POST /wp-cron.php?doing_wp_cron=1788726595.6923611164093017578125 HTTP/1.1" 200 20 "-" "WordPress/7.1; https://www.scrollar.com"
148.251.153.114 - - [07/Sep/2026:02:05:46 +0530] "POST /wp-cron.php?doing_wp_cron=1788726946.0243749618530273437500 HTTP/1.1" 200 20 "-" "WordPress/7.1; https://www.scrollar.com"
142.93.9.66 - - [07/Sep/2026:02:09:18 +0530] "GET / HTTP/1.1" 200 31447 "-" "Mozilla/1.0 (Windows NT 4.0, Windows NT 5.0, Windows NT 5.1, Windows NT 6.0, Windows NT 6.1, Windows NT 6.2, Windows NT 10.0) AppleWebKit (KHTML, like Gecko) Safari/1 Chrome/1"
176.9.46.231 - - [07/Sep/2026:02:30:22 +0530] "GET /wp-login.php?redirect_to=https://scrollar.com/wp-admin/&reauth=1 HTTP/1.1" 200 2318 "-" "Python/3.13 aiohttp/3.14.3"
148.251.153.114 - - [07/Sep/2026:02:41:38 +0530] "POST /wp-cron.php?doing_wp_cron=1788729098.5472230911254882812500 HTTP/1.1" 200 20 "-" "WordPress/7.1; https://www.scrollar.com"
37.215.15.94 - - [07/Sep/2026:02:41:38 +0530] "GET /wp-login.php HTTP/1.1" 200 2315 "-" "Mozilla/5.0 (Windows NT 10.0; Win64; x64) AppleWebKit/537.36 (KHTML, like Gecko) Chrome/122.0.0.0 Safari/537.36"
37.215.15.94 - - [07/Sep/2026:02:41:39 +0530] "POST /wp-login.php HTTP/1.1" 200 2466 "https://scrollar.com/wp-login.php" "Mozilla/5.0 (Windows NT 10.0; Win64; x64) AppleWebKit/537.36 (KHTML, like Gecko) Chrome/122.0.0.0 Safari/537.36"
37.215.15.94 - - [07/Sep/2026:02:41:42 +0530] "GET /wp-json/wp/v2/users?per_page=100 HTTP/1.1" 200 396 "-" "Mozilla/5.0 (Windows NT 10.0; Win64; x64) AppleWebKit/537.36 (KHTML, like Gecko) Chrome/122.0.0.0 Safari/537.36"
37.215.15.94 - - [07/Sep/2026:02:41:44 +0530] "POST /wp-login.php HTTP/1.1" 200 2442 "https://scrollar.com/wp-login.php" "Mozilla/5.0 (Windows NT 10.0; Win64; x64) AppleWebKit/537.36 (KHTML, like Gecko) Chrome/122.0.0.0 Safari/537.36"
37.215.15.94 - - [07/Sep/2026:02:41:45 +0530] "POST /wp-login.php HTTP/1.1" 200 2465 "https://scrollar.com/wp-login.php" "Mozilla/5.0 (Windows NT 10.0; Win64; x64) AppleWebKit/537.36 (KHTML, like Gecko) Chrome/122.0.0.0 Safari/537.36"
143.202.208.242 - - [07/Sep/2026:01:54:40 +0530] "GET /wp-json/wp/v2/users HTTP/1.1" 200 396 "https://scrollar.com" "Mozilla/5.0 (Windows NT 10.0; Win64; x64) AppleWebKit/537.36 (KHTML, like Gecko) Chrome/126.0.0.0 Safari/537.36"
143.202.208.242 - - [07/Sep/2026:01:54:40 +0530] "POST /wp-login.php HTTP/1.1" 200 2477 "https://scrollar.com/wp-login.php" "Mozilla/5.0 (Windows NT 10.0; Win64; x64) AppleWebKit/537.36 (KHTML, like Gecko) Chrome/126.0.0.0 Safari/537.36"
143.202.208.242 - - [07/Sep/2026:01:54:41 +0530] "GET /wp-admin/ HTTP/1.1" 302 20 "https://scrollar.com/wp-login.php" "Mozilla/5.0 (Windows NT 10.0; Win64; x64) AppleWebKit/537.36 (KHTML, like Gecko) Chrome/126.0.0.0 Safari/537.36"
143.202.208.242 - - [07/Sep/2026:01:54:42 +0530] "GET /wp-login.php?redirect_to=https%3A%2F%2Fscrollar.com%2Fwp-admin%2F&reauth=1 HTTP/1.1" 200 2318 "https://scrollar.com/wp-login.php" "Mozilla/5.0 (Windows NT 10.0; Win64; x64) AppleWebKit/537.36 (KHTML, like Gecko) Chrome/126.0.0.0 Safari/537.36"
143.202.208.242 - - [07/Sep/2026:01:54:43 +0530] "POST /wp-login.php HTTP/1.1" 200 2422 "https://scrollar.com/wp-login.php" "Mozilla/5.0 (Windows NT 10.0; Win64; x64) AppleWebKit/537.36 (KHTML, like Gecko) Chrome/126.0.0.0 Safari/537.36"
143.202.208.242 - - [07/Sep/2026:01:54:43 +0530] "GET /wp-admin/ HTTP/1.1" 302 20 "https://scrollar.com/wp-login.php" "Mozilla/5.0 (Windows NT 10.0; Win64; x64) AppleWebKit/537.36 (KHTML, like Gecko) Chrome/126.0.0.0 Safari/537.36"
143.202.208.242 - - [07/Sep/2026:01:54:44 +0530] "GET /wp-login.php?redirect_to=https%3A%2F%2Fscrollar.com%2Fwp-admin%2F&reauth=1 HTTP/1.1" 200 2318 "https://scrollar.com/wp-login.php" "Mozilla/5.0 (Windows NT 10.0; Win64; x64) AppleWebKit/537.36 (KHTML, like Gecko) Chrome/126.0.0.0 Safari/537.36"
143.202.208.242 - - [07/Sep/2026:01:54:44 +0530] "POST /wp-login.php HTTP/1.1" 200 2477 "https://scrollar.com/wp-login.php" "Mozilla/5.0 (Windows NT 10.0; Win64; x64) AppleWebKit/537.36 (KHTML, like Gecko) Chrome/126.0.0.0 Safari/537.36"
143.202.208.242 - - [07/Sep/2026:01:54:45 +0530] "GET /wp-admin/ HTTP/1.1" 302 20 "https://scrollar.com/wp-login.php" "Mozilla/5.0 (Windows NT 10.0; Win64; x64) AppleWebKit/537.36 (KHTML, like Gecko) Chrome/126.0.0.0 Safari/537.36"
143.202.208.242 - - [07/Sep/2026:01:54:45 +0530] "GET /wp-login.php?redirect_to=https%3A%2F%2Fscrollar.com%2Fwp-admin%2F&reauth=1 HTTP/1.1" 200 2318 "https://scrollar.com/wp-login.php" "Mozilla/5.0 (Windows NT 10.0; Win64; x64) AppleWebKit/537.36 (KHTML, like Gecko) Chrome/126.0.0.0 Safari/537.36"
143.202.208.242 - - [07/Sep/2026:01:54:46 +0530] "POST /wp-login.php HTTP/1.1" 200 2455 "https://scrollar.com/wp-login.php" "Mozilla/5.0 (Windows NT 10.0; Win64; x64) AppleWebKit/537.36 (KHTML, like Gecko) Chrome/126.0.0.0 Safari/537.36"
143.202.208.242 - - [07/Sep/2026:01:54:47 +0530] "GET /wp-admin/ HTTP/1.1" 302 20 "https://scrollar.com/wp-login.php" "Mozilla/5.0 (Windows NT 10.0; Win64; x64) AppleWebKit/537.36 (KHTML, like Gecko) Chrome/126.0.0.0 Safari/537.36"
143.202.208.242 - - [07/Sep/2026:01:54:47 +0530] "GET /wp-login.php?redirect_to=https%3A%2F%2Fscrollar.com%2Fwp-admin%2F&reauth=1 HTTP/1.1" 200 2318 "https://scrollar.com/wp-login.php" "Mozilla/5.0 (Windows NT 10.0; Win64; x64) AppleWebKit/537.36 (KHTML, like Gecko) Chrome/126.0.0.0 Safari/537.36"
51.89.83.62 - - [07/Sep/2026:01:58:59 +0530] "GET /sitemap_index.xml HTTP/2" 200 338 "-" "Mozilla/5.0 (compatible; AhrefsBot/7.0; +http://ahrefs.com/robot/)"
51.89.71.84 - - [07/Sep/2026:01:59:01 +0530] "GET /post-sitemap.xml HTTP/2" 200 566 "-" "Mozilla/5.0 (compatible; AhrefsBot/7.0; +http://ahrefs.com/robot/)"
148.251.153.114 - - [07/Sep/2026:02:00:25 +0530] "POST /wp-cron.php?doing_wp_cron=1788726625.3854699134826660156250 HTTP/1.1" 200 20 "-" "WordPress/7.1; https://www.scrollar.com"
20.196.196.19 - - [07/Sep/2026:02:05:45 +0530] "GET / HTTP/1.1" 301 20 "-" "Mozilla/5.0 (Windows NT 10.0; Win64; x64) AppleWebKit/537.36 (KHTML, like Gecko) Chrome/120.0.0.0 Safari/537.36"
103.173.230.230 - - [07/Sep/2026:01:48:35 +0530] "GET /wp-login.php HTTP/1.1" 200 2315 "-" "Mozilla/5.0 (Windows NT 6.3; Win64; x64) AppleWebKit/537.36 (KHTML, like Gecko) Chrome/103.0.5060.114 Safari/537.36"
148.251.153.114 - - [07/Sep/2026:02:09:17 +0530] "POST /wp-cron.php?doing_wp_cron=1788727157.6844439506530761718750 HTTP/1.1" 200 20 "-" "WordPress/7.1; https://www.scrollar.com"
142.93.9.66 - - [07/Sep/2026:02:09:17 +0530] "GET / HTTP/1.1" 301 20 "-" "Mozilla/1.0 (Windows NT 4.0, Windows NT 5.0, Windows NT 5.1, Windows NT 6.0, Windows NT 6.1, Windows NT 6.2, Windows NT 10.0) AppleWebKit (KHTML, like Gecko) Safari/1 Chrome/1"
104.164.123.22 - - [07/Sep/2026:02:09:22 +0530] "GET / HTTP/2" 200 31447 "-" "Mozilla/5.0 (Macintosh; Intel Mac OS X 10_15_7) AppleWebKit/605.1.15 (KHTML, like Gecko) Version/15.6 Safari/605.1.15"
136.115.68.110 - - [07/Sep/2026:02:26:18 +0530] "GET /3d-books HTTP/2" 301 20 "-" "Mozilla/5.0 AppleWebKit/537.36 (KHTML, like Gecko; compatible; SleepBot/1.0; +http://sleepbot.com/) Chrome/131.0.0.0 Safari/537.36"
148.251.153.114 - - [07/Sep/2026:02:30:21 +0530] "POST /wp-cron.php?doing_wp_cron=1788728421.5025410652160644531250 HTTP/1.1" 200 20 "-" "WordPress/7.1; https://www.scrollar.com"
17.166.154.233 - - [07/Sep/2026:02:38:16 +0530] "GET /comments/feed/ HTTP/2" 200 424 "-" "Mozilla/5.0 (Macintosh; Intel Mac OS X 10_15_7) AppleWebKit/605.1.15 (KHTML, like Gecko) Version/17.4 Safari/605.1.15 (Applebot/0.1; +http://www.apple.com/go/applebot)"
148.251.153.114 - - [07/Sep/2026:02:53:26 +0530] "POST /wp-cron.php?doing_wp_cron=1788729806.5655410289764404296875 HTTP/1.1" 200 20 "-" "WordPress/7.1; https://www.scrollar.com"
34.220.42.107 - - [07/Sep/2026:02:54:11 +0530] "GET / HTTP/1.1" 200 31447 "-" "Mozilla/5.0 (X11; Linux x86_64) AppleWebKit/537.36 (KHTML, like Gecko) Chrome/141.0.0.0 Safari/537.36"
34.220.42.107 - - [07/Sep/2026:02:54:12 +0530] "HEAD /products/ HTTP/1.1" 200 0 "https://www.scrollar.com/" "Mozilla/5.0 (X11; Linux x86_64) AppleWebKit/537.36 (KHTML, like Gecko) Chrome/141.0.0.0 Safari/537.36"
34.220.42.107 - - [07/Sep/2026:02:54:22 +0530] "GET /apps-2/ HTTP/1.1" 200 15393 "https://www.scrollar.com/" "Mozilla/5.0 (X11; Linux x86_64) AppleWebKit/537.36 (KHTML, like Gecko) Chrome/141.0.0.0 Safari/537.36"
34.220.42.107 - - [07/Sep/2026:02:54:23 +0530] "HEAD /gamification-in-education/ HTTP/1.1" 200 0 "https://www.scrollar.com/" "Mozilla/5.0 (X11; Linux x86_64) AppleWebKit/537.36 (KHTML, like Gecko) Chrome/141.0.0.0 Safari/537.36"
34.220.42.107 - - [07/Sep/2026:02:54:24 +0530] "GET /gamification-in-education/ HTTP/1.1" 200 18419 "https://www.scrollar.com/" "Mozilla/5.0 (X11; Linux x86_64) AppleWebKit/537.36 (KHTML, like Gecko) Chrome/141.0.0.0 Safari/537.36"
34.173.234.126 - - [07/Sep/2026:02:55:07 +0530] "GET / HTTP/1.1" 200 221594 "-" "Mozilla/5.0 (Windows NT 10.0; Win64; x64) AppleWebKit/537.36 (KHTML, like Gecko) Chrome/78.0.3904.108 Safari/537.36"
34.173.234.126 - - [07/Sep/2026:02:55:08 +0530] "GET //wp-includes/wlwmanifest.xml HTTP/1.1" 301 0 "-" "Mozilla/5.0 (Windows NT 10.0; Win64; x64) AppleWebKit/537.36 (KHTML, like Gecko) Chrome/78.0.3904.108 Safari/537.36"
34.173.234.126 - - [07/Sep/2026:02:55:08 +0530] "GET //xmlrpc.php?rsd HTTP/1.1" 200 810 "-" "Mozilla/5.0 (Windows NT 10.0; Win64; x64) AppleWebKit/537.36 (KHTML, like Gecko) Chrome/78.0.3904.108 Safari/537.36"
34.173.234.126 - - [07/Sep/2026:02:55:09 +0530] "GET //?author=1 HTTP/1.1" 301 0 "-" "Mozilla/5.0 (Windows NT 10.0; Win64; x64) AppleWebKit/537.36 (KHTML, like Gecko) Chrome/78.0.3904.108 Safari/537.36"
34.173.234.126 - - [07/Sep/2026:02:55:09 +0530] "GET //?author=2 HTTP/1.1" 301 0 "-" "Mozilla/5.0 (Windows NT 10.0; Win64; x64) AppleWebKit/537.36 (KHTML, like Gecko) Chrome/78.0.3904.108 Safari/537.36"
34.173.234.126 - - [07/Sep/2026:02:55:09 +0530] "GET //wp-json/wp/v2/users/ HTTP/1.1" 200 916 "-" "Mozilla/5.0 (Windows NT 10.0; Win64; x64) AppleWebKit/537.36 (KHTML, like Gecko) Chrome/78.0.3904.108 Safari/537.36"
34.173.234.126 - - [07/Sep/2026:02:55:10 +0530] "POST //xmlrpc.php HTTP/1.1" 200 401 "-" "Mozilla/5.0 (Windows NT 10.0; Win64; x64) AppleWebKit/537.36 (KHTML, like Gecko) Chrome/78.0.3904.108 Safari/537.36"
34.173.234.126 - - [07/Sep/2026:02:55:11 +0530] "POST //xmlrpc.php HTTP/1.1" 200 401 "-" "Mozilla/5.0 (Windows NT 10.0; Win64; x64) AppleWebKit/537.36 (KHTML, like Gecko) Chrome/78.0.3904.108 Safari/537.36"
34.173.234.126 - - [07/Sep/2026:02:55:11 +0530] "POST //xmlrpc.php HTTP/1.1" 200 401 "-" "Mozilla/5.0 (Windows NT 10.0; Win64; x64) AppleWebKit/537.36 (KHTML, like Gecko) Chrome/78.0.3904.108 Safari/537.36"
34.173.234.126 - - [07/Sep/2026:02:55:11 +0530] "POST //xmlrpc.php HTTP/1.1" 200 401 "-" "Mozilla/5.0 (Windows NT 10.0; Win64; x64) AppleWebKit/537.36 (KHTML, like Gecko) Chrome/78.0.3904.108 Safari/537.36"
34.173.234.126 - - [07/Sep/2026:02:55:12 +0530] "POST //xmlrpc.php HTTP/1.1" 200 401 "-" "Mozilla/5.0 (Windows NT 10.0; Win64; x64) AppleWebKit/537.36 (KHTML, like Gecko) Chrome/78.0.3904.108 Safari/537.36"
34.173.234.126 - - [07/Sep/2026:02:55:12 +0530] "POST //xmlrpc.php HTTP/1.1" 200 401 "-" "Mozilla/5.0 (Windows NT 10.0; Win64; x64) AppleWebKit/537.36 (KHTML, like Gecko) Chrome/78.0.3904.108 Safari/537.36"
34.173.234.126 - - [07/Sep/2026:02:55:13 +0530] "POST //xmlrpc.php HTTP/1.1" 200 401 "-" "Mozilla/5.0 (Windows NT 10.0; Win64; x64) AppleWebKit/537.36 (KHTML, like Gecko) Chrome/78.0.3904.108 Safari/537.36"
34.173.234.126 - - [07/Sep/2026:02:55:16 +0530] "POST //xmlrpc.php HTTP/1.1" 200 401 "-" "Mozilla/5.0 (Windows NT 10.0; Win64; x64) AppleWebKit/537.36 (KHTML, like Gecko) Chrome/78.0.3904.108 Safari/537.36"
34.173.234.126 - - [07/Sep/2026:02:55:17 +0530] "POST //xmlrpc.php HTTP/1.1" 200 401 "-" "Mozilla/5.0 (Windows NT 10.0; Win64; x64) AppleWebKit/537.36 (KHTML, like Gecko) Chrome/78.0.3904.108 Safari/537.36"
34.173.234.126 - - [07/Sep/2026:02:55:19 +0530] "POST //xmlrpc.php HTTP/1.1" 200 401 "-" "Mozilla/5.0 (Windows NT 10.0; Win64; x64) AppleWebKit/537.36 (KHTML, like Gecko) Chrome/78.0.3904.108 Safari/537.36"
148.251.153.114 - - [07/Sep/2026:02:55:26 +0530] "POST /wp-cron.php?doing_wp_cron=1788729926.4935269355773925781250 HTTP/1.1" 200 20 "-" "WordPress/7.1; https://www.scrollar.com"
34.173.234.126 - - [07/Sep/2026:02:55:22 +0530] "POST //xmlrpc.php HTTP/1.1" 200 401 "-" "Mozilla/5.0 (Windows NT 10.0; Win64; x64) AppleWebKit/537.36 (KHTML, like Gecko) Chrome/78.0.3904.108 Safari/537.36"
34.173.234.126 - - [07/Sep/2026:02:55:26 +0530] "POST //xmlrpc.php HTTP/1.1" 200 401 "-" "Mozilla/5.0 (Windows NT 10.0; Win64; x64) AppleWebKit/537.36 (KHTML, like Gecko) Chrome/78.0.3904.108 Safari/537.36"
34.173.234.126 - - [07/Sep/2026:02:55:30 +0530] "POST //xmlrpc.php HTTP/1.1" 200 401 "-" "Mozilla/5.0 (Windows NT 10.0; Win64; x64) AppleWebKit/537.36 (KHTML, like Gecko) Chrome/78.0.3904.108 Safari/537.36"
34.173.234.126 - - [07/Sep/2026:02:55:34 +0530] "POST //xmlrpc.php HTTP/1.1" 200 401 "-" "Mozilla/5.0 (Windows NT 10.0; Win64; x64) AppleWebKit/537.36 (KHTML, like Gecko) Chrome/78.0.3904.108 Safari/537.36"
34.173.234.126 - - [07/Sep/2026:02:55:46 +0530] "POST //xmlrpc.php HTTP/1.1" 200 401 "-" "Mozilla/5.0 (Windows NT 10.0; Win64; x64) AppleWebKit/537.36 (KHTML, like Gecko) Chrome/78.0.3904.108 Safari/537.36"
34.173.234.126 - - [07/Sep/2026:02:55:50 +0530] "POST //xmlrpc.php HTTP/1.1" 200 401 "-" "Mozilla/5.0 (Windows NT 10.0; Win64; x64) AppleWebKit/537.36 (KHTML, like Gecko) Chrome/78.0.3904.108 Safari/537.36"
34.173.234.126 - - [07/Sep/2026:02:56:00 +0530] "POST //xmlrpc.php HTTP/1.1" 200 401 "-" "Mozilla/5.0 (Windows NT 10.0; Win64; x64) AppleWebKit/537.36 (KHTML, like Gecko) Chrome/78.0.3904.108 Safari/537.36"
34.173.234.126 - - [07/Sep/2026:02:56:05 +0530] "POST //xmlrpc.php HTTP/1.1" 200 401 "-" "Mozilla/5.0 (Windows NT 10.0; Win64; x64) AppleWebKit/537.36 (KHTML, like Gecko) Chrome/78.0.3904.108 Safari/537.36"
34.173.234.126 - - [07/Sep/2026:02:56:15 +0530] "POST //xmlrpc.php HTTP/1.1" 200 401 "-" "Mozilla/5.0 (Windows NT 10.0; Win64; x64) AppleWebKit/537.36 (KHTML, like Gecko) Chrome/78.0.3904.108 Safari/537.36"
34.173.234.126 - - [07/Sep/2026:02:56:19 +0530] "POST //xmlrpc.php HTTP/1.1" 200 401 "-" "Mozilla/5.0 (Windows NT 10.0; Win64; x64) AppleWebKit/537.36 (KHTML, like Gecko) Chrome/78.0.3904.108 Safari/537.36"
34.173.234.126 - - [07/Sep/2026:02:56:31 +0530] "POST //xmlrpc.php HTTP/1.1" 200 401 "-" "Mozilla/5.0 (Windows NT 10.0; Win64; x64) AppleWebKit/537.36 (KHTML, like Gecko) Chrome/78.0.3904.108 Safari/537.36"
34.173.234.126 - - [07/Sep/2026:02:56:36 +0530] "POST //xmlrpc.php HTTP/1.1" 200 401 "-" "Mozilla/5.0 (Windows NT 10.0; Win64; x64) AppleWebKit/537.36 (KHTML, like Gecko) Chrome/78.0.3904.108 Safari/537.36"
34.173.234.126 - - [07/Sep/2026:02:56:45 +0530] "POST //xmlrpc.php HTTP/1.1" 200 401 "-" "Mozilla/5.0 (Windows NT 10.0; Win64; x64) AppleWebKit/537.36 (KHTML, like Gecko) Chrome/78.0.3904.108 Safari/537.36"
34.173.234.126 - - [07/Sep/2026:02:56:49 +0530] "POST //xmlrpc.php HTTP/1.1" 200 401 "-" "Mozilla/5.0 (Windows NT 10.0; Win64; x64) AppleWebKit/537.36 (KHTML, like Gecko) Chrome/78.0.3904.108 Safari/537.36"
34.173.234.126 - - [07/Sep/2026:02:57:00 +0530] "POST //xmlrpc.php HTTP/1.1" 200 401 "-" "Mozilla/5.0 (Windows NT 10.0; Win64; x64) AppleWebKit/537.36 (KHTML, like Gecko) Chrome/78.0.3904.108 Safari/537.36"
34.173.234.126 - - [07/Sep/2026:02:57:05 +0530] "POST //xmlrpc.php HTTP/1.1" 200 401 "-" "Mozilla/5.0 (Windows NT 10.0; Win64; x64) AppleWebKit/537.36 (KHTML, like Gecko) Chrome/78.0.3904.108 Safari/537.36"
34.173.234.126 - - [07/Sep/2026:02:57:16 +0530] "POST //xmlrpc.php HTTP/1.1" 200 401 "-" "Mozilla/5.0 (Windows NT 10.0; Win64; x64) AppleWebKit/537.36 (KHTML, like Gecko) Chrome/78.0.3904.108 Safari/537.36"
34.173.234.126 - - [07/Sep/2026:02:57:20 +0530] "POST //xmlrpc.php HTTP/1.1" 200 401 "-" "Mozilla/5.0 (Windows NT 10.0; Win64; x64) AppleWebKit/537.36 (KHTML, like Gecko) Chrome/78.0.3904.108 Safari/537.36"
34.173.234.126 - - [07/Sep/2026:02:57:31 +0530] "POST //xmlrpc.php HTTP/1.1" 200 401 "-" "Mozilla/5.0 (Windows NT 10.0; Win64; x64) AppleWebKit/537.36 (KHTML, like Gecko) Chrome/78.0.3904.108 Safari/537.36"
34.173.234.126 - - [07/Sep/2026:02:57:35 +0530] "POST //xmlrpc.php HTTP/1.1" 200 401 "-" "Mozilla/5.0 (Windows NT 10.0; Win64; x64) AppleWebKit/537.36 (KHTML, like Gecko) Chrome/78.0.3904.108 Safari/537.36"
34.173.234.126 - - [07/Sep/2026:02:57:45 +0530] "POST //xmlrpc.php HTTP/1.1" 200 401 "-" "Mozilla/5.0 (Windows NT 10.0; Win64; x64) AppleWebKit/537.36 (KHTML, like Gecko) Chrome/78.0.3904.108 Safari/537.36"
34.173.234.126 - - [07/Sep/2026:02:58:00 +0530] "POST //xmlrpc.php HTTP/1.1" 200 401 "-" "Mozilla/5.0 (Windows NT 10.0; Win64; x64) AppleWebKit/537.36 (KHTML, like Gecko) Chrome/78.0.3904.108 Safari/537.36"
34.173.234.126 - - [07/Sep/2026:02:58:04 +0530] "POST //xmlrpc.php HTTP/1.1" 200 401 "-" "Mozilla/5.0 (Windows NT 10.0; Win64; x64) AppleWebKit/537.36 (KHTML, like Gecko) Chrome/78.0.3904.108 Safari/537.36"
148.251.153.114 - - [07/Sep/2026:02:58:32 +0530] "POST /wp-cron.php?doing_wp_cron=1788730112.1604030132293701171875 HTTP/1.1" 200 20 "-" "WordPress/7.1; https://www.scrollar.com"
34.173.234.126 - - [07/Sep/2026:02:58:15 +0530] "POST //xmlrpc.php HTTP/1.1" 200 401 "-" "Mozilla/5.0 (Windows NT 10.0; Win64; x64) AppleWebKit/537.36 (KHTML, like Gecko) Chrome/78.0.3904.108 Safari/537.36"
34.173.234.126 - - [07/Sep/2026:02:58:32 +0530] "POST //xmlrpc.php HTTP/1.1" 200 401 "-" "Mozilla/5.0 (Windows NT 10.0; Win64; x64) AppleWebKit/537.36 (KHTML, like Gecko) Chrome/78.0.3904.108 Safari/537.36"
34.173.234.126 - - [07/Sep/2026:02:58:45 +0530] "POST //xmlrpc.php HTTP/1.1" 200 401 "-" "Mozilla/5.0 (Windows NT 10.0; Win64; x64) AppleWebKit/537.36 (KHTML, like Gecko) Chrome/78.0.3904.108 Safari/537.36"
34.173.234.126 - - [07/Sep/2026:02:58:49 +0530] "POST //xmlrpc.php HTTP/1.1" 200 401 "-" "Mozilla/5.0 (Windows NT 10.0; Win64; x64) AppleWebKit/537.36 (KHTML, like Gecko) Chrome/78.0.3904.108 Safari/537.36"
34.173.234.126 - - [07/Sep/2026:02:59:00 +0530] "POST //xmlrpc.php HTTP/1.1" 200 401 "-" "Mozilla/5.0 (Windows NT 10.0; Win64; x64) AppleWebKit/537.36 (KHTML, like Gecko) Chrome/78.0.3904.108 Safari/537.36"
34.173.234.126 - - [07/Sep/2026:02:59:15 +0530] "POST //xmlrpc.php HTTP/1.1" 200 401 "-" "Mozilla/5.0 (Windows NT 10.0; Win64; x64) AppleWebKit/537.36 (KHTML, like Gecko) Chrome/78.0.3904.108 Safari/537.36"
34.173.234.126 - - [07/Sep/2026:02:59:19 +0530] "POST //xmlrpc.php HTTP/1.1" 200 401 "-" "Mozilla/5.0 (Windows NT 10.0; Win64; x64) AppleWebKit/537.36 (KHTML, like Gecko) Chrome/78.0.3904.108 Safari/537.36"
34.173.234.126 - - [07/Sep/2026:02:59:30 +0530] "POST //xmlrpc.php HTTP/1.1" 200 401 "-" "Mozilla/5.0 (Windows NT 10.0; Win64; x64) AppleWebKit/537.36 (KHTML, like Gecko) Chrome/78.0.3904.108 Safari/537.36"
34.173.234.126 - - [07/Sep/2026:02:59:46 +0530] "POST //xmlrpc.php HTTP/1.1" 200 401 "-" "Mozilla/5.0 (Windows NT 10.0; Win64; x64) AppleWebKit/537.36 (KHTML, like Gecko) Chrome/78.0.3904.108 Safari/537.36"
34.173.234.126 - - [07/Sep/2026:03:00:00 +0530] "POST //xmlrpc.php HTTP/1.1" 200 401 "-" "Mozilla/5.0 (Windows NT 10.0; Win64; x64) AppleWebKit/537.36 (KHTML, like Gecko) Chrome/78.0.3904.108 Safari/537.36"
34.173.234.126 - - [07/Sep/2026:03:00:05 +0530] "POST //xmlrpc.php HTTP/1.1" 200 401 "-" "Mozilla/5.0 (Windows NT 10.0; Win64; x64) AppleWebKit/537.36 (KHTML, like Gecko) Chrome/78.0.3904.108 Safari/537.36"
148.251.153.114 - - [07/Sep/2026:03:00:31 +0530] "POST /wp-cron.php?doing_wp_cron=1788730230.7758519649505615234375 HTTP/1.1" 200 20 "-" "WordPress/7.1; https://www.scrollar.com"
34.173.234.126 - - [07/Sep/2026:03:00:15 +0530] "POST //xmlrpc.php HTTP/1.1" 200 401 "-" "Mozilla/5.0 (Windows NT 10.0; Win64; x64) AppleWebKit/537.36 (KHTML, like Gecko) Chrome/78.0.3904.108 Safari/537.36"
34.173.234.126 - - [07/Sep/2026:03:00:31 +0530] "POST //xmlrpc.php HTTP/1.1" 200 401 "-" "Mozilla/5.0 (Windows NT 10.0; Win64; x64) AppleWebKit/537.36 (KHTML, like Gecko) Chrome/78.0.3904.108 Safari/537.36"
34.173.234.126 - - [07/Sep/2026:03:00:45 +0530] "POST //xmlrpc.php HTTP/1.1" 200 401 "-" "Mozilla/5.0 (Windows NT 10.0; Win64; x64) AppleWebKit/537.36 (KHTML, like Gecko) Chrome/78.0.3904.108 Safari/537.36"
34.173.234.126 - - [07/Sep/2026:03:00:49 +0530] "POST //xmlrpc.php HTTP/1.1" 200 401 "-" "Mozilla/5.0 (Windows NT 10.0; Win64; x64) AppleWebKit/537.36 (KHTML, like Gecko) Chrome/78.0.3904.108 Safari/537.36"
34.173.234.126 - - [07/Sep/2026:03:01:01 +0530] "POST //xmlrpc.php HTTP/1.1" 200 401 "-" "Mozilla/5.0 (Windows NT 10.0; Win64; x64) AppleWebKit/537.36 (KHTML, like Gecko) Chrome/78.0.3904.108 Safari/537.36"
34.173.234.126 - - [07/Sep/2026:03:01:15 +0530] "POST //xmlrpc.php HTTP/1.1" 200 401 "-" "Mozilla/5.0 (Windows NT 10.0; Win64; x64) AppleWebKit/537.36 (KHTML, like Gecko) Chrome/78.0.3904.108 Safari/537.36"
34.173.234.126 - - [07/Sep/2026:03:01:19 +0530] "POST //xmlrpc.php HTTP/1.1" 200 401 "-" "Mozilla/5.0 (Windows NT 10.0; Win64; x64) AppleWebKit/537.36 (KHTML, like Gecko) Chrome/78.0.3904.108 Safari/537.36"
34.173.234.126 - - [07/Sep/2026:03:01:30 +0530] "POST //xmlrpc.php HTTP/1.1" 200 401 "-" "Mozilla/5.0 (Windows NT 10.0; Win64; x64) AppleWebKit/537.36 (KHTML, like Gecko) Chrome/78.0.3904.108 Safari/537.36"
34.173.234.126 - - [07/Sep/2026:03:01:45 +0530] "POST //xmlrpc.php HTTP/1.1" 200 401 "-" "Mozilla/5.0 (Windows NT 10.0; Win64; x64) AppleWebKit/537.36 (KHTML, like Gecko) Chrome/78.0.3904.108 Safari/537.36"
34.173.234.126 - - [07/Sep/2026:03:01:49 +0530] "POST //xmlrpc.php HTTP/1.1" 200 401 "-" "Mozilla/5.0 (Windows NT 10.0; Win64; x64) AppleWebKit/537.36 (KHTML, like Gecko) Chrome/78.0.3904.108 Safari/537.36"
34.173.234.126 - - [07/Sep/2026:03:02:00 +0530] "POST //xmlrpc.php HTTP/1.1" 200 401 "-" "Mozilla/5.0 (Windows NT 10.0; Win64; x64) AppleWebKit/537.36 (KHTML, like Gecko) Chrome/78.0.3904.108 Safari/537.36"
34.173.234.126 - - [07/Sep/2026:03:02:15 +0530] "POST //xmlrpc.php HTTP/1.1" 200 401 "-" "Mozilla/5.0 (Windows NT 10.0; Win64; x64) AppleWebKit/537.36 (KHTML, like Gecko) Chrome/78.0.3904.108 Safari/537.36"
34.173.234.126 - - [07/Sep/2026:03:02:19 +0530] "POST //xmlrpc.php HTTP/1.1" 200 401 "-" "Mozilla/5.0 (Windows NT 10.0; Win64; x64) AppleWebKit/537.36 (KHTML, like Gecko) Chrome/78.0.3904.108 Safari/537.36"
34.173.234.126 - - [07/Sep/2026:03:02:30 +0530] "POST //xmlrpc.php HTTP/1.1" 200 401 "-" "Mozilla/5.0 (Windows NT 10.0; Win64; x64) AppleWebKit/537.36 (KHTML, like Gecko) Chrome/78.0.3904.108 Safari/537.36"
34.173.234.126 - - [07/Sep/2026:03:02:45 +0530] "POST //xmlrpc.php HTTP/1.1" 200 401 "-" "Mozilla/5.0 (Windows NT 10.0; Win64; x64) AppleWebKit/537.36 (KHTML, like Gecko) Chrome/78.0.3904.108 Safari/537.36"
34.173.234.126 - - [07/Sep/2026:03:02:49 +0530] "POST //xmlrpc.php HTTP/1.1" 200 401 "-" "Mozilla/5.0 (Windows NT 10.0; Win64; x64) AppleWebKit/537.36 (KHTML, like Gecko) Chrome/78.0.3904.108 Safari/537.36"
136.116.88.6 - - [07/Sep/2026:03:08:07 +0530] "GET /online-testing-platform HTTP/2" 301 20 "-" "Mozilla/5.0 AppleWebKit/537.36 (KHTML, like Gecko; compatible; SleepBot/1.0; +http://sleepbot.com/) Chrome/131.0.0.0 Safari/537.36"
51.89.129.194 - - [07/Sep/2026:03:25:13 +0530] "GET /robots.txt HTTP/2" 200 117 "-" "Mozilla/5.0 (compatible; AhrefsBot/7.0; +http://ahrefs.com/robot/)"
51.89.39.50 - - [07/Sep/2026:03:25:17 +0530] "GET /page-sitemap.xml HTTP/2" 200 1237 "-" "Mozilla/5.0 (compatible; AhrefsBot/7.0; +http://ahrefs.com/robot/)"
123.160.223.75 - - [07/Sep/2026:03:25:41 +0530] "GET /wp-content/uploads/2024/04/cropped-ScrollAR-ICON-LOGO.png HTTP/2" 200 13114 "-" "Mozilla/5.0 (Macintosh; Intel Mac OS X 10_15_7) AppleWebKit/537.36 (KHTML, like Gecko) Chrome/120.0.0.0 Safari/537.36"
69.171.249.2 - - [07/Sep/2026:03:25:41 +0530] "GET /robots.txt HTTP/2" 301 20 "-" "facebookexternalhit/1.1 (+http://www.facebook.com/externalhit_uatext.php)"
69.171.249.2 - - [07/Sep/2026:03:25:42 +0530] "GET /robots.txt HTTP/2" 200 117 "-" "facebookexternalhit/1.1 (+http://www.facebook.com/externalhit_uatext.php)"
5.188.86.234 - - [07/Sep/2026:03:25:53 +0530] "GET /wp-admin/ HTTP/2" 302 20 "http://scrollar.com/wp-login.php" "Mozilla/5.0 (Windows NT 10.0; Win64; x64) AppleWebKit/537.36 (KHTML, like Gecko) Chrome/146.0.0.0 Safari/537.36 Edg/146.0.0.0"
5.188.86.234 - - [07/Sep/2026:03:25:53 +0530] "GET /wp-login.php?redirect_to=https%3A%2F%2Fwww.scrollar.com%2Fwp-admin%2F&reauth=1 HTTP/2" 200 2315 "https://www.scrollar.com/wp-admin/" "Mozilla/5.0 (Windows NT 10.0; Win64; x64) AppleWebKit/537.36 (KHTML, like Gecko) Chrome/146.0.0.0 Safari/537.36 Edg/146.0.0.0"
5.188.86.234 - - [07/Sep/2026:03:25:53 +0530] "POST /wp-login.php HTTP/2" 200 2416 "https://www.scrollar.com/wp-login.php" "Mozilla/5.0 (Windows NT 10.0; Win64; x64) AppleWebKit/537.36 (KHTML, like Gecko) Chrome/146.0.0.0 Safari/537.36 Edg/146.0.0.0"
5.188.86.234 - - [07/Sep/2026:03:25:53 +0530] "POST /wp-login.php HTTP/2" 200 2416 "https://www.scrollar.com/wp-login.php" "Mozilla/5.0 (Windows NT 10.0; Win64; x64) AppleWebKit/537.36 (KHTML, like Gecko) Chrome/146.0.0.0 Safari/537.36 Edg/146.0.0.0"
207.46.13.230 - - [07/Sep/2026:03:39:02 +0530] "GET /robots.txt HTTP/2" 200 117 "-" "Mozilla/5.0 AppleWebKit/537.36 (KHTML, like Gecko; compatible; bingbot/2.0; +http://www.bing.com/bingbot.htm) Chrome/116.0.1938.76 Safari/537.36"
20.219.6.252 - - [07/Sep/2026:03:39:09 +0530] "GET / HTTP/1.1" 301 20 "-" "Mozilla/5.0 (Windows NT 10.0; Win64; x64) AppleWebKit/537.36 (KHTML, like Gecko) Chrome/126.0.0.0 Safari/537.36"
20.219.6.252 - - [07/Sep/2026:03:39:10 +0530] "GET / HTTP/1.1" 200 31447 "-" "Mozilla/5.0 (Windows NT 10.0; Win64; x64) AppleWebKit/537.36 (KHTML, like Gecko) Chrome/126.0.0.0 Safari/537.36"
148.251.153.114 - - [07/Sep/2026:02:53:10 +0530] "POST /wp-cron.php?doing_wp_cron=1788729790.8428249359130859375000 HTTP/1.1" 200 20 "-" "WordPress/7.1; https://www.scrollar.com"
52.167.144.18 - - [07/Sep/2026:02:53:26 +0530] "GET /el-conjunto-de-las-ocasiones-los-miembros-redactan/ HTTP/2" 301 20 "-" "Mozilla/5.0 AppleWebKit/537.36 (KHTML, like Gecko; compatible; bingbot/2.0; +http://www.bing.com/bingbot.htm) Chrome/116.0.1938.76 Safari/537.36"
34.220.42.107 - - [07/Sep/2026:02:54:10 +0530] "HEAD / HTTP/1.1" 200 0 "-" "Mozilla/5.0 (X11; Linux x86_64) AppleWebKit/537.36 (KHTML, like Gecko) Chrome/141.0.0.0 Safari/537.36"
34.220.42.107 - - [07/Sep/2026:02:54:13 +0530] "GET /products/ HTTP/1.1" 200 20431 "https://www.scrollar.com/" "Mozilla/5.0 (X11; Linux x86_64) AppleWebKit/537.36 (KHTML, like Gecko) Chrome/141.0.0.0 Safari/537.36"
34.220.42.107 - - [07/Sep/2026:02:54:17 +0530] "HEAD /blog/ HTTP/1.1" 200 0 "https://www.scrollar.com/" "Mozilla/5.0 (X11; Linux x86_64) AppleWebKit/537.36 (KHTML, like Gecko) Chrome/141.0.0.0 Safari/537.36"
148.251.153.114 - - [07/Sep/2026:02:56:31 +0530] "POST /wp-cron.php?doing_wp_cron=1788729991.0526859760284423828125 HTTP/1.1" 200 20 "-" "WordPress/7.1; https://www.scrollar.com"
148.251.153.114 - - [07/Sep/2026:02:57:31 +0530] "POST /wp-cron.php?doing_wp_cron=1788730051.1804060935974121093750 HTTP/1.1" 200 20 "-" "WordPress/7.1; https://www.scrollar.com"
35.163.99.88 - - [07/Sep/2026:03:13:26 +0530] "GET / HTTP/1.1" 301 20 "-" "Mozilla/5.0 (X11; Linux x86_64) AppleWebKit/537.36 (KHTML, like Gecko) Chrome/87.0.4280.66 Safari/537.36"
51.89.83.56 - - [07/Sep/2026:03:25:16 +0530] "GET /post-sitemap.xml HTTP/2" 200 566 "-" "Mozilla/5.0 (compatible; AhrefsBot/7.0; +http://ahrefs.com/robot/)"
123.160.223.74 - - [07/Sep/2026:03:25:22 +0530] "GET / HTTP/2" 200 31447 "http://scrollar.com" "Mozilla/5.0 (Macintosh; Intel Mac OS X 10_15_7) AppleWebKit/537.36 (KHTML, like Gecko) Chrome/120.0.0.0 Safari/537.36"
123.160.223.74 - - [07/Sep/2026:03:25:30 +0530] "GET /wp-content/uploads/2024/04/cropped-ScrollAR-ICON-LOGO.png HTTP/2" 200 13114 "-" "Mozilla/5.0 (Macintosh; Intel Mac OS X 10_15_7) AppleWebKit/537.36 (KHTML, like Gecko) Chrome/120.0.0.0 Safari/537.36"
148.251.153.114 - - [07/Sep/2026:03:25:31 +0530] "POST /wp-cron.php?doing_wp_cron=1788731731.9248940944671630859375 HTTP/1.1" 200 20 "-" "WordPress/7.1; https://www.scrollar.com"
57.141.20.61 - - [07/Sep/2026:03:25:42 +0530] "GET /sitemap2505991.xml HTTP/2" 301 20 "-" "Mozilla/5.0 (Macintosh; Intel Mac OS X 10_15_7) AppleWebKit/537.36 (KHTML, like Gecko) Chrome/145.0.0.0 Safari/537.36 (compatible; meta-webindexer/1.1 (+https://developers.facebook.com/docs/sharing/webmasters/crawler))"
40.77.167.27 - - [07/Sep/2026:03:39:11 +0530] "GET /category/singles-2/ HTTP/2" 404 11870 "-" "Mozilla/5.0 AppleWebKit/537.36 (KHTML, like Gecko; compatible; bingbot/2.0; +http://www.bing.com/bingbot.htm) Chrome/116.0.1938.76 Safari/537.36"
136.116.122.85 - - [07/Sep/2026:03:43:52 +0530] "GET /how-to-build-a-strong-startup-team-from-scratch/ HTTP/2" 200 22611 "-" "Mozilla/5.0 AppleWebKit/537.36 (KHTML, like Gecko; compatible; Reflectionbot/1.0; +https://reflection.ai/bot) Chrome/151.0.0.0 Safari/537.36"
124.156.179.141 - - [07/Sep/2026:03:55:08 +0530] "GET / HTTP/1.1" 200 31447 "http://scrollar.com" "Mozilla/5.0 (iPhone; CPU iPhone OS 13_2_3 like Mac OS X) AppleWebKit/605.1.15 (KHTML, like Gecko) Version/13.0.3 Mobile/15E148 Safari/604.1"
43.163.80.48 - - [07/Sep/2026:03:59:35 +0530] "GET /wp-content/uploads/2024/04/Did-You.webp HTTP/1.1" 200 8270 "-" "Mozilla/5.0 (iPhone; CPU iPhone OS 13_2_3 like Mac OS X) AppleWebKit/605.1.15 (KHTML, like Gecko) Version/13.0.3 Mobile/15E148 Safari/604.1"
148.251.153.114 - - [07/Sep/2026:04:05:50 +0530] "POST /wp-cron.php?doing_wp_cron=1788734150.0156919956207275390625 HTTP/1.1" 200 20 "-" "WordPress/7.1; https://www.scrollar.com"
31.40.195.191 - - [07/Sep/2026:04:05:51 +0530] "GET /wp-login.php HTTP/1.1" 200 2315 "-" "Mozilla/5.0 (Windows NT 10.0; Win64; x64) AppleWebKit/537.36 (KHTML, like Gecko) Chrome/142.0.0.0 Safari/537.36"
34.220.42.107 - - [07/Sep/2026:02:54:09 +0530] "HEAD / HTTP/1.1" 301 0 "-" "Mozilla/5.0 (X11; Linux x86_64) AppleWebKit/537.36 (KHTML, like Gecko) Chrome/141.0.0.0 Safari/537.36"
148.251.153.114 - - [07/Sep/2026:03:01:30 +0530] "POST /wp-cron.php?doing_wp_cron=1788730290.4968810081481933593750 HTTP/1.1" 200 20 "-" "WordPress/7.1; https://www.scrollar.com"
148.251.153.114 - - [07/Sep/2026:03:02:30 +0530] "POST /wp-cron.php?doing_wp_cron=1788730350.6382529735565185546875 HTTP/1.1" 200 20 "-" "WordPress/7.1; https://www.scrollar.com"
148.251.153.114 - - [07/Sep/2026:03:08:08 +0530] "POST /wp-cron.php?doing_wp_cron=1788730688.0662109851837158203125 HTTP/1.1" 200 20 "-" "WordPress/7.1; https://www.scrollar.com"
148.251.153.114 - - [07/Sep/2026:03:13:26 +0530] "POST /wp-cron.php?doing_wp_cron=1788731006.9542379379272460937500 HTTP/1.1" 200 20 "-" "WordPress/7.1; https://www.scrollar.com"
148.251.153.114 - - [07/Sep/2026:03:25:13 +0530] "POST /wp-cron.php?doing_wp_cron=1788731713.5852520465850830078125 HTTP/1.1" 200 20 "-" "WordPress/7.1; https://www.scrollar.com"
69.171.249.5 - - [07/Sep/2026:03:25:41 +0530] "GET /robots.txt HTTP/2" 301 20 "-" "facebookexternalhit/1.1 (+http://www.facebook.com/externalhit_uatext.php)"
57.141.20.37 - - [07/Sep/2026:03:33:51 +0530] "GET /sitemap2517991.xml HTTP/2" 404 11870 "-" "Mozilla/5.0 (Macintosh; Intel Mac OS X 10_15_7) AppleWebKit/537.36 (KHTML, like Gecko) Chrome/145.0.0.0 Safari/537.36 (compatible; meta-externalagent/1.1 (+https://developers.facebook.com/docs/sharing/webmasters/crawler))"
148.251.153.114 - - [07/Sep/2026:03:41:01 +0530] "POST /wp-cron.php?doing_wp_cron=1788732661.5701649188995361328125 HTTP/1.1" 200 20 "-" "WordPress/7.1; https://www.scrollar.com"
148.251.153.114 - - [07/Sep/2026:03:43:51 +0530] "POST /wp-cron.php?doing_wp_cron=1788732831.7151930332183837890625 HTTP/1.1" 200 20 "-" "WordPress/7.1; https://www.scrollar.com"
57.141.20.38 - - [07/Sep/2026:03:46:17 +0530] "GET /sitemap2409991.xml HTTP/2" 404 11870 "-" "Mozilla/5.0 (Windows NT 10.0; Win64; x64) AppleWebKit/537.36 (KHTML, like Gecko) Chrome/145.0.0.0 Safari/537.36 (compatible; meta-externalagent/1.1 (+https://developers.facebook.com/docs/sharing/webmasters/crawler))"
57.141.20.2 - - [07/Sep/2026:03:52:08 +0530] "GET /sitemap2495491.xml HTTP/2" 404 11870 "-" "Mozilla/5.0 (Windows NT 10.0; Win64; x64) AppleWebKit/537.36 (KHTML, like Gecko) Chrome/145.0.0.0 Safari/537.36 (compatible; meta-externalagent/1.1 (+https://developers.facebook.com/docs/sharing/webmasters/crawler))"
162.252.55.68 - - [07/Sep/2026:04:05:48 +0530] "GET /wp-login.php HTTP/1.1" 200 2315 "-" "Mozilla/5.0 (Windows NT 10.0; Win64; x64) AppleWebKit/537.36 (KHTML, like Gecko) Chrome/142.0.0.0 Safari/537.36"
162.252.55.68 - - [07/Sep/2026:04:05:50 +0530] "GET /wp-json/wp/v2/users HTTP/1.1" 200 396 "-" "Mozilla/5.0 (Windows NT 10.0; Win64; x64) AppleWebKit/537.36 (KHTML, like Gecko) Chrome/142.0.0.0 Safari/537.36"
31.40.195.191 - - [07/Sep/2026:04:05:51 +0530] "POST /wp-login.php HTTP/1.1" 200 2473 "https://www.scrollar.com/wp-login.php" "Mozilla/5.0 (Windows NT 10.0; Win64; x64) AppleWebKit/537.36 (KHTML, like Gecko) Chrome/142.0.0.0 Safari/537.36"
193.56.20.124 - - [07/Sep/2026:04:05:53 +0530] "POST /wp-login.php HTTP/1.1" 200 2473 "https://www.scrollar.com/wp-login.php" "Mozilla/5.0 (Windows NT 10.0; Win64; x64) AppleWebKit/537.36 (KHTML, like Gecko) Chrome/142.0.0.0 Safari/537.36"
148.251.153.114 - - [07/Sep/2026:04:10:44 +0530] "POST /wp-cron.php?doing_wp_cron=1788734444.5820670127868652343750 HTTP/1.1" 200 20 "-" "WordPress/7.1; https://www.scrollar.com"
57.141.20.55 - - [07/Sep/2026:04:10:46 +0530] "GET /post-sitemap.xml HTTP/2" 200 566 "-" "Mozilla/5.0 (Macintosh; Intel Mac OS X 10_15_7) AppleWebKit/537.36 (KHTML, like Gecko) Chrome/145.0.0.0 Safari/537.36 (compatible; meta-webindexer/1.1 (+https://developers.facebook.com/docs/sharing/webmasters/crawler))"
57.141.20.41 - - [07/Sep/2026:02:53:10 +0530] "GET /sitemap2540491.xml HTTP/2" 404 11870 "-" "Mozilla/5.0 (Windows NT 10.0; Win64; x64) AppleWebKit/537.36 (KHTML, like Gecko) Chrome/145.0.0.0 Safari/537.36 (compatible; meta-externalagent/1.1 (+https://developers.facebook.com/docs/sharing/webmasters/crawler))"
34.220.42.107 - - [07/Sep/2026:02:54:18 +0530] "GET /blog/ HTTP/1.1" 200 13165 "https://www.scrollar.com/" "Mozilla/5.0 (X11; Linux x86_64) AppleWebKit/537.36 (KHTML, like Gecko) Chrome/141.0.0.0 Safari/537.36"
34.220.42.107 - - [07/Sep/2026:02:54:20 +0530] "HEAD /apps HTTP/1.1" 301 0 "https://www.scrollar.com/" "Mozilla/5.0 (X11; Linux x86_64) AppleWebKit/537.36 (KHTML, like Gecko) Chrome/141.0.0.0 Safari/537.36"
34.220.42.107 - - [07/Sep/2026:02:54:20 +0530] "HEAD /apps-2/ HTTP/1.1" 200 0 "https://www.scrollar.com/" "Mozilla/5.0 (X11; Linux x86_64) AppleWebKit/537.36 (KHTML, like Gecko) Chrome/141.0.0.0 Safari/537.36"
148.251.153.114 - - [07/Sep/2026:02:59:30 +0530] "POST /wp-cron.php?doing_wp_cron=1788730170.5569500923156738281250 HTTP/1.1" 200 20 "-" "WordPress/7.1; https://www.scrollar.com"
57.141.20.39 - - [07/Sep/2026:03:08:16 +0530] "GET /sitemap2447491.xml HTTP/2" 404 11870 "-" "Mozilla/5.0 (Macintosh; Intel Mac OS X 10_15_7) AppleWebKit/537.36 (KHTML, like Gecko) Chrome/145.0.0.0 Safari/537.36 (compatible; meta-externalagent/1.1 (+https://developers.facebook.com/docs/sharing/webmasters/crawler))"
35.163.99.88 - - [07/Sep/2026:03:13:27 +0530] "GET / HTTP/1.1" 200 31447 "-" "Mozilla/5.0 (X11; Linux x86_64) AppleWebKit/537.36 (KHTML, like Gecko) Chrome/87.0.4280.66 Safari/537.36"
51.89.38.142 - - [07/Sep/2026:03:25:14 +0530] "GET /sitemap_index.xml HTTP/2" 200 338 "-" "Mozilla/5.0 (compatible; AhrefsBot/7.0; +http://ahrefs.com/robot/)"
51.89.38.132 - - [07/Sep/2026:03:25:18 +0530] "GET /uicore-tb-sitemap.xml HTTP/2" 200 439 "-" "Mozilla/5.0 (compatible; AhrefsBot/7.0; +http://ahrefs.com/robot/)"
51.89.39.55 - - [07/Sep/2026:03:25:20 +0530] "GET /category-sitemap.xml HTTP/2" 200 366 "-" "Mozilla/5.0 (compatible; AhrefsBot/7.0; +http://ahrefs.com/robot/)"
57.141.20.28 - - [07/Sep/2026:03:25:31 +0530] "GET /sitemap2462491.xml HTTP/2" 404 11870 "-" "Mozilla/5.0 (Macintosh; Intel Mac OS X 10_15_7) AppleWebKit/537.36 (KHTML, like Gecko) Chrome/145.0.0.0 Safari/537.36 (compatible; meta-externalagent/1.1 (+https://developers.facebook.com/docs/sharing/webmasters/crawler))"
69.171.249.5 - - [07/Sep/2026:03:25:42 +0530] "GET /robots.txt HTTP/2" 200 117 "-" "facebookexternalhit/1.1 (+http://www.facebook.com/externalhit_uatext.php)"
57.141.20.45 - - [07/Sep/2026:03:25:46 +0530] "GET /sitemap2505991.xml HTTP/2" 404 11870 "-" "Mozilla/5.0 (Macintosh; Intel Mac OS X 10_15_7) AppleWebKit/537.36 (KHTML, like Gecko) Chrome/145.0.0.0 Safari/537.36 (compatible; meta-webindexer/1.1 (+https://developers.facebook.com/docs/sharing/webmasters/crawler))"
148.251.153.114 - - [07/Sep/2026:03:33:52 +0530] "POST /wp-cron.php?doing_wp_cron=1788732232.1543641090393066406250 HTTP/1.1" 200 20 "-" "WordPress/7.1; https://www.scrollar.com"
148.251.153.114 - - [07/Sep/2026:03:39:03 +0530] "POST /wp-cron.php?doing_wp_cron=1788732543.1538429260253906250000 HTTP/1.1" 200 20 "-" "WordPress/7.1; https://www.scrollar.com"
148.251.153.114 - - [07/Sep/2026:03:42:33 +0530] "POST /wp-cron.php?doing_wp_cron=1788732753.3950541019439697265625 HTTP/1.1" 200 20 "-" "WordPress/7.1; https://www.scrollar.com"
34.61.144.1 - - [07/Sep/2026:03:52:18 +0530] "GET /page-sitemap.xml HTTP/2" 200 1237 "-" "Mozilla/5.0 AppleWebKit/537.36 (KHTML, like Gecko; compatible; SleepBot/1.0; +http://sleepbot.com/) Chrome/131.0.0.0 Safari/537.36"
57.141.20.69 - - [07/Sep/2026:04:10:44 +0530] "GET /wp-sitemap-posts-post-1.xml HTTP/2" 301 20 "-" "Mozilla/5.0 (Macintosh; Intel Mac OS X 10_15_7) AppleWebKit/537.36 (KHTML, like Gecko) Chrome/145.0.0.0 Safari/537.36 (compatible; meta-webindexer/1.1 (+https://developers.facebook.com/docs/sharing/webmasters/crawler))"
43.157.188.74 - - [07/Sep/2026:04:08:45 +0530] "GET /wp-content/uploads/2024/04/Virtual-Meeting-Platform-Services-Icon-1-150x150.webp HTTP/1.1" 200 5250 "-" "Mozilla/5.0 (iPhone; CPU iPhone OS 13_2_3 like Mac OS X) AppleWebKit/605.1.15 (KHTML, like Gecko) Version/13.0.3 Mobile/15E148 Safari/604.1"
3.82.245.201 - - [07/Sep/2026:04:11:48 +0530] "GET /wp-content/uploads/2024/04/Learning-Section.webp HTTP/1.1" 200 34546 "-" "Mozilla/5.0 (Windows NT 10.0; Win64; x64) AppleWebKit/537.36 (KHTML, like Gecko) Chrome/120.0.0.0 Safari/537.36"
3.82.245.201 - - [07/Sep/2026:04:11:50 +0530] "GET /wp-content/uploads/2025/04/8.png HTTP/1.1" 200 587337 "-" "Mozilla/5.0 (Windows NT 10.0; Win64; x64) AppleWebKit/537.36 (KHTML, like Gecko) Chrome/120.0.0.0 Safari/537.36"
3.82.245.201 - - [07/Sep/2026:04:11:52 +0530] "GET /wp-content/uploads/2024/04/Main.webp HTTP/1.1" 200 40692 "-" "Mozilla/5.0 (Windows NT 10.0; Win64; x64) AppleWebKit/537.36 (KHTML, like Gecko) Chrome/120.0.0.0 Safari/537.36"
3.82.245.201 - - [07/Sep/2026:04:12:03 +0530] "GET /wp-content/uploads/2025/01/Learning-System-SAR4U-1.png HTTP/1.1" 200 162817 "-" "Mozilla/5.0 (Windows NT 10.0; Win64; x64) AppleWebKit/537.36 (KHTML, like Gecko) Chrome/120.0.0.0 Safari/537.36"
3.82.245.201 - - [07/Sep/2026:04:12:10 +0530] "GET /wp-content/uploads/2024/04/Virtual-Meeting-Platform-Tools-Image-4.webp HTTP/1.1" 200 31148 "-" "Mozilla/5.0 (Windows NT 10.0; Win64; x64) AppleWebKit/537.36 (KHTML, like Gecko) Chrome/120.0.0.0 Safari/537.36"
3.82.245.201 - - [07/Sep/2026:04:12:12 +0530] "GET /wp-content/uploads/2025/01/Startup-Industry-Connect-Initiative.png HTTP/1.1" 200 501636 "-" "Mozilla/5.0 (Windows NT 10.0; Win64; x64) AppleWebKit/537.36 (KHTML, like Gecko) Chrome/120.0.0.0 Safari/537.36"
3.82.245.201 - - [07/Sep/2026:04:12:23 +0530] "GET /wp-content/uploads/2024/04/Did-You.webp HTTP/1.1" 200 8270 "-" "Mozilla/5.0 (Windows NT 10.0; Win64; x64) AppleWebKit/537.36 (KHTML, like Gecko) Chrome/120.0.0.0 Safari/537.36"
3.82.245.201 - - [07/Sep/2026:04:12:25 +0530] "GET /wp-content/uploads/2025/01/Fairs.png HTTP/1.1" 200 564537 "-" "Mozilla/5.0 (Windows NT 10.0; Win64; x64) AppleWebKit/537.36 (KHTML, like Gecko) Chrome/120.0.0.0 Safari/537.36"
3.82.245.201 - - [07/Sep/2026:04:12:35 +0530] "GET /wp-content/uploads/2025/04/7-1.png HTTP/1.1" 200 653955 "-" "Mozilla/5.0 (Windows NT 10.0; Win64; x64) AppleWebKit/537.36 (KHTML, like Gecko) Chrome/120.0.0.0 Safari/537.36"
3.82.245.201 - - [07/Sep/2026:04:12:35 +0530] "GET /wp-content/uploads/2025/04/9.png HTTP/1.1" 200 823773 "-" "Mozilla/5.0 (Windows NT 10.0; Win64; x64) AppleWebKit/537.36 (KHTML, like Gecko) Chrome/120.0.0.0 Safari/537.36"
119.45.7.86 - - [07/Sep/2026:04:13:34 +0530] "GET / HTTP/1.1" 200 31447 "http://www.scrollar.com" "Mozilla/5.0 (iPhone; CPU iPhone OS 13_2_3 like Mac OS X) AppleWebKit/605.1.15 (KHTML, like Gecko) Version/13.0.3 Mobile/15E148 Safari/604.1"
150.109.46.88 - - [07/Sep/2026:04:18:23 +0530] "GET /wp-content/uploads/2024/04/Virtual-Meeting-Platform-Services-Icon-1.webp HTTP/1.1" 200 4368 "-" "Mozilla/5.0 (iPhone; CPU iPhone OS 13_2_3 like Mac OS X) AppleWebKit/605.1.15 (KHTML, like Gecko) Version/13.0.3 Mobile/15E148 Safari/604.1"
148.251.153.114 - - [07/Sep/2026:04:26:36 +0530] "POST /wp-cron.php?doing_wp_cron=1788735396.4603459835052490234375 HTTP/1.1" 200 20 "-" "WordPress/7.1; https://www.scrollar.com"
57.141.20.61 - - [07/Sep/2026:04:26:35 +0530] "GET /sitemap2477491.xml HTTP/2" 404 11870 "-" "Mozilla/5.0 (Windows NT 10.0; Win64; x64) AppleWebKit/537.36 (KHTML, like Gecko) Chrome/145.0.0.0 Safari/537.36 (compatible; meta-externalagent/1.1 (+https://developers.facebook.com/docs/sharing/webmasters/crawler))"
170.106.187.106 - - [07/Sep/2026:04:28:53 +0530] "GET /wp-json/oembed/1.0/embed?url=https%3A%2F%2Fwww.scrollar.com%2F&format=xml HTTP/1.1" 200 1121 "-" "Mozilla/5.0 (iPhone; CPU iPhone OS 13_2_3 like Mac OS X) AppleWebKit/605.1.15 (KHTML, like Gecko) Version/13.0.3 Mobile/15E148 Safari/604.1"
40.77.167.27 - - [07/Sep/2026:03:41:01 +0530] "GET /category/singles-2/ HTTP/2" 404 11870 "-" "Mozilla/5.0 AppleWebKit/537.36 (KHTML, like Gecko; compatible; bingbot/2.0; +http://www.bing.com/bingbot.htm) Chrome/116.0.1938.76 Safari/537.36"
52.167.144.170 - - [07/Sep/2026:03:42:32 +0530] "GET /category/postordre-bruddatingsider-2/ HTTP/2" 404 11870 "-" "Mozilla/5.0 AppleWebKit/537.36 (KHTML, like Gecko; compatible; bingbot/2.0; +http://www.bing.com/bingbot.htm) Chrome/116.0.1938.76 Safari/537.36"
136.116.122.85 - - [07/Sep/2026:03:43:51 +0530] "GET /robots.txt HTTP/2" 200 117 "-" "Mozilla/5.0 AppleWebKit/537.36 (KHTML, like Gecko; compatible; Reflectionbot/1.0; +https://reflection.ai/bot) Chrome/151.0.0.0 Safari/537.36"
148.251.153.114 - - [07/Sep/2026:03:46:18 +0530] "POST /wp-cron.php?doing_wp_cron=1788732978.3114230632781982421875 HTTP/1.1" 200 20 "-" "WordPress/7.1; https://www.scrollar.com"
91.215.69.110 - - [07/Sep/2026:03:46:21 +0530] "GET /wp-admin/ HTTP/1.1" 302 20 "http://scrollar.com/" "Mozilla/5.0 (Windows NT 10.0; Win64; x64) AppleWebKit/537.36 (KHTML, like Gecko) Chrome/150.0.0.0 Safari/537.36"
91.215.69.110 - - [07/Sep/2026:03:46:23 +0530] "GET /wp-login.php?redirect_to=https%3A%2F%2Fwww.scrollar.com%2Fwp-admin%2F&reauth=1 HTTP/1.1" 200 2315 "https://www.scrollar.com/wp-admin/" "Mozilla/5.0 (Windows NT 10.0; Win64; x64) AppleWebKit/537.36 (KHTML, like Gecko) Chrome/150.0.0.0 Safari/537.36"
91.215.69.110 - - [07/Sep/2026:03:46:25 +0530] "POST /wp-login.php HTTP/1.1" 200 2440 "-" "Mozilla/5.0 (Windows NT 10.0; Win64; x64) AppleWebKit/537.36 (KHTML, like Gecko) Chrome/150.0.0.0 Safari/537.36"
148.251.153.114 - - [07/Sep/2026:03:52:08 +0530] "POST /wp-cron.php?doing_wp_cron=1788733328.6301140785217285156250 HTTP/1.1" 200 20 "-" "WordPress/7.1; https://www.scrollar.com"
193.56.20.124 - - [07/Sep/2026:04:05:52 +0530] "GET /wp-login.php HTTP/1.1" 200 2315 "-" "Mozilla/5.0 (Windows NT 10.0; Win64; x64) AppleWebKit/537.36 (KHTML, like Gecko) Chrome/142.0.0.0 Safari/537.36"
3.82.245.201 - - [07/Sep/2026:04:11:19 +0530] "GET /wp-content/uploads/2024/04/Virtual-Meeting-Platform-Services-Icon-2.webp HTTP/1.1" 200 4108 "-" "Mozilla/5.0 (Windows NT 10.0; Win64; x64) AppleWebKit/537.36 (KHTML, like Gecko) Chrome/120.0.0.0 Safari/537.36"
3.82.245.201 - - [07/Sep/2026:04:11:28 +0530] "GET /wp-content/uploads/2024/04/Virtual-Meeting-Platform-Tools-Image-2.webp HTTP/1.1" 200 22966 "-" "Mozilla/5.0 (Windows NT 10.0; Win64; x64) AppleWebKit/537.36 (KHTML, like Gecko) Chrome/120.0.0.0 Safari/537.36"
3.82.245.201 - - [07/Sep/2026:04:11:29 +0530] "GET /wp-content/uploads/2024/04/Virtual-Meeting-Platform-Services-Icon-4.webp HTTP/1.1" 200 4122 "-" "Mozilla/5.0 (Windows NT 10.0; Win64; x64) AppleWebKit/537.36 (KHTML, like Gecko) Chrome/120.0.0.0 Safari/537.36"
3.82.245.201 - - [07/Sep/2026:04:11:52 +0530] "GET /wp-content/uploads/2024/04/Virtual-Meeting-Platform-Services-Icon-3.webp HTTP/1.1" 200 4668 "-" "Mozilla/5.0 (Windows NT 10.0; Win64; x64) AppleWebKit/537.36 (KHTML, like Gecko) Chrome/120.0.0.0 Safari/537.36"
3.82.245.201 - - [07/Sep/2026:04:12:15 +0530] "GET /wp-content/uploads/2025/01/Educational-Institutions.png HTTP/1.1" 200 606337 "-" "Mozilla/5.0 (Windows NT 10.0; Win64; x64) AppleWebKit/537.36 (KHTML, like Gecko) Chrome/120.0.0.0 Safari/537.36"
3.82.245.201 - - [07/Sep/2026:04:12:21 +0530] "GET /wp-content/uploads/2025/04/10.png HTTP/1.1" 200 615076 "-" "Mozilla/5.0 (Windows NT 10.0; Win64; x64) AppleWebKit/537.36 (KHTML, like Gecko) Chrome/120.0.0.0 Safari/537.36"
3.82.245.201 - - [07/Sep/2026:04:12:26 +0530] "GET /wp-content/uploads/2025/01/Public-Places.png HTTP/1.1" 200 613575 "-" "Mozilla/5.0 (Windows NT 10.0; Win64; x64) AppleWebKit/537.36 (KHTML, like Gecko) Chrome/120.0.0.0 Safari/537.36"
