54.213.134.84 - - [07/Sep/2026:04:38:48 +0530] "GET /robots.txt HTTP/1.1" 200 117 "https://scrollar.com/robots.txt" "SeltzSitemapFetcher/1.0"
54.213.134.84 - - [07/Sep/2026:04:38:48 +0530] "GET /robots.txt HTTP/1.1" 200 117 "-" "SeltzSitemapFetcher/1.0"
3.82.245.201 - - [07/Sep/2026:04:11:29 +0530] "GET /wp-content/uploads/2025/04/11.png HTTP/1.1" 200 688536 "-" "Mozilla/5.0 (Windows NT 10.0; Win64; x64) AppleWebKit/537.36 (KHTML, like Gecko) Chrome/120.0.0.0 Safari/537.36"
3.82.245.201 - - [07/Sep/2026:04:11:34 +0530] "GET /wp-content/uploads/2024/05/All-Books-.png HTTP/1.1" 200 769055 "-" "Mozilla/5.0 (Windows NT 10.0; Win64; x64) AppleWebKit/537.36 (KHTML, like Gecko) Chrome/120.0.0.0 Safari/537.36"
3.82.245.201 - - [07/Sep/2026:04:11:43 +0530] "GET /wp-content/uploads/2025/01/School-Events.png HTTP/1.1" 200 605217 "-" "Mozilla/5.0 (Windows NT 10.0; Win64; x64) AppleWebKit/537.36 (KHTML, like Gecko) Chrome/120.0.0.0 Safari/537.36"
3.82.245.201 - - [07/Sep/2026:04:11:59 +0530] "GET /wp-content/uploads/2024/04/Virtual-Meeting-Platform-Tools-Image-3.webp HTTP/1.1" 200 5634 "-" "Mozilla/5.0 (Windows NT 10.0; Win64; x64) AppleWebKit/537.36 (KHTML, like Gecko) Chrome/120.0.0.0 Safari/537.36"
3.82.245.201 - - [07/Sep/2026:04:12:05 +0530] "GET /wp-content/uploads/2024/04/Experiencing-AR.webp HTTP/1.1" 200 10186 "-" "Mozilla/5.0 (Windows NT 10.0; Win64; x64) AppleWebKit/537.36 (KHTML, like Gecko) Chrome/120.0.0.0 Safari/537.36"
3.82.245.201 - - [07/Sep/2026:04:12:16 +0530] "GET /wp-content/uploads/2025/04/Nursery-Rhymes.png HTTP/1.1" 200 906327 "-" "Mozilla/5.0 (Windows NT 10.0; Win64; x64) AppleWebKit/537.36 (KHTML, like Gecko) Chrome/120.0.0.0 Safari/537.36"
3.82.245.201 - - [07/Sep/2026:04:12:34 +0530] "GET /wp-content/uploads/2025/04/6.png HTTP/1.1" 200 1041252 "-" "Mozilla/5.0 (Windows NT 10.0; Win64; x64) AppleWebKit/537.36 (KHTML, like Gecko) Chrome/120.0.0.0 Safari/537.36"
3.82.245.201 - - [07/Sep/2026:04:12:34 +0530] "GET /wp-content/uploads/2024/04/Virtual-Meeting-Platform-Services-Icon-1.webp HTTP/1.1" 200 4368 "-" "Mozilla/5.0 (Windows NT 10.0; Win64; x64) AppleWebKit/537.36 (KHTML, like Gecko) Chrome/120.0.0.0 Safari/537.36"
148.251.153.114 - - [07/Sep/2026:04:33:47 +0530] "POST /wp-cron.php?doing_wp_cron=1788735827.4890060424804687500000 HTTP/1.1" 200 20 "-" "WordPress/7.1; https://www.scrollar.com"
43.166.251.233 - - [07/Sep/2026:04:38:51 +0530] "GET /wp-content/uploads/2024/04/Virtual-Meeting-Platform-Services-Icon-4-100x100.webp HTTP/1.1" 200 2864 "-" "Mozilla/5.0 (iPhone; CPU iPhone OS 13_2_3 like Mac OS X) AppleWebKit/605.1.15 (KHTML, like Gecko) Version/13.0.3 Mobile/15E148 Safari/604.1"
57.141.20.25 - - [07/Sep/2026:04:41:55 +0530] "GET /3d-books/ HTTP/2" 429 0 "-" "Mozilla/5.0 (Windows NT 10.0; Win64; x64) AppleWebKit/537.36 (KHTML, like Gecko) Chrome/145.0.0.0 Safari/537.36 (compatible; meta-externalagent/1.1 (+https://developers.facebook.com/docs/sharing/webmasters/crawler))"
148.251.153.114 - - [07/Sep/2026:04:48:19 +0530] "POST /wp-cron.php?doing_wp_cron=1788736699.8796069622039794921875 HTTP/1.1" 200 20 "-" "WordPress/7.1; https://www.scrollar.com"
148.251.153.114 - - [07/Sep/2026:04:49:54 +0530] "POST /wp-cron.php?doing_wp_cron=1788736794.0617060661315917968750 HTTP/1.1" 200 20 "-" "WordPress/7.1; https://www.scrollar.com"
148.251.153.114 - - [07/Sep/2026:04:50:46 +0530] "POST /wp-cron.php?doing_wp_cron=1788736846.6281590461730957031250 HTTP/1.1" 200 20 "-" "WordPress/7.1; https://www.scrollar.com"
57.141.20.69 - - [07/Sep/2026:04:56:41 +0530] "GET /sitemap2469991.xml HTTP/2" 404 11870 "-" "Mozilla/5.0 (Macintosh; Intel Mac OS X 10_15_7) AppleWebKit/537.36 (KHTML, like Gecko) Chrome/145.0.0.0 Safari/537.36 (compatible; meta-externalagent/1.1 (+https://developers.facebook.com/docs/sharing/webmasters/crawler))"
148.251.153.114 - - [07/Sep/2026:04:57:45 +0530] "POST /wp-cron.php?doing_wp_cron=1788737265.0342350006103515625000 HTTP/1.1" 200 20 "-" "WordPress/7.1; https://www.scrollar.com"
18.134.151.24 - - [07/Sep/2026:04:58:56 +0530] "POST /mcp HTTP/1.1" 404 11878 "-" "MCPHarvest/0.1"
18.134.151.24 - - [07/Sep/2026:04:58:56 +0530] "POST /docs/mcp HTTP/1.1" 404 11860 "-" "MCPHarvest/0.1"
18.134.151.24 - - [07/Sep/2026:04:59:01 +0530] "GET /.well-known/mcp.json HTTP/1.1" 301 20 "-" "MCPHarvest/0.1"
52.167.144.165 - - [07/Sep/2026:04:33:47 +0530] "GET /change-in-order-to-kathoey-and-you-will/ HTTP/2" 404 11870 "-" "Mozilla/5.0 AppleWebKit/537.36 (KHTML, like Gecko; compatible; bingbot/2.0; +http://www.bing.com/bingbot.htm) Chrome/116.0.1938.76 Safari/537.36"
148.251.153.114 - - [07/Sep/2026:04:38:47 +0530] "POST /wp-cron.php?doing_wp_cron=1788736127.2715129852294921875000 HTTP/1.1" 200 20 "-" "WordPress/7.1; https://www.scrollar.com"
162.62.132.25 - - [07/Sep/2026:04:49:53 +0530] "GET /embed/ HTTP/1.1" 301 20 "-" "Mozilla/5.0 (iPhone; CPU iPhone OS 13_2_3 like Mac OS X) AppleWebKit/605.1.15 (KHTML, like Gecko) Version/13.0.3 Mobile/15E148 Safari/604.1"
162.62.132.25 - - [07/Sep/2026:04:49:57 +0530] "GET / HTTP/1.1" 200 31447 "https://www.scrollar.com/embed/" "Mozilla/5.0 (iPhone; CPU iPhone OS 13_2_3 like Mac OS X) AppleWebKit/605.1.15 (KHTML, like Gecko) Version/13.0.3 Mobile/15E148 Safari/604.1"
148.251.153.114 - - [07/Sep/2026:04:52:28 +0530] "POST /wp-cron.php?doing_wp_cron=1788736948.7252950668334960937500 HTTP/1.1" 200 20 "-" "WordPress/7.1; https://www.scrollar.com"
148.251.153.114 - - [07/Sep/2026:04:56:41 +0530] "POST /wp-cron.php?doing_wp_cron=1788737201.5701370239257812500000 HTTP/1.1" 200 20 "-" "WordPress/7.1; https://www.scrollar.com"
131.226.2.170 - - [07/Sep/2026:04:57:46 +0530] "GET /wp-login.php HTTP/1.1" 200 7335 "-" "Mozilla/5.0 (Windows NT 10.0; Win64; x64) AppleWebKit/537.36 (KHTML, like Gecko) Chrome/120.0.0.0 Safari/537.36"
131.226.2.170 - - [07/Sep/2026:04:57:46 +0530] "POST /wp-login.php HTTP/1.1" 200 7722 "https://scrollar.com:443/wp-login.php" "Mozilla/5.0 (Windows NT 10.0; Win64; x64) AppleWebKit/537.36 (KHTML, like Gecko) Chrome/120.0.0.0 Safari/537.36"
18.134.151.24 - - [07/Sep/2026:04:58:56 +0530] "POST /api/mcp HTTP/1.1" 404 11888 "-" "MCPHarvest/0.1"
148.251.153.114 - - [07/Sep/2026:04:59:05 +0530] "POST /wp-cron.php?doing_wp_cron=1788737345.1429300308227539062500 HTTP/1.1" 200 20 "-" "WordPress/7.1; https://www.scrollar.com"
18.134.151.24 - - [07/Sep/2026:04:58:56 +0530] "POST /api/v1/mcp HTTP/1.1" 200 0 "-" "MCPHarvest/0.1"
18.134.151.24 - - [07/Sep/2026:04:58:56 +0530] "POST /api/v1/mcp HTTP/1.1" 404 0 "-" "MCPHarvest/0.1"
51.89.74.202 - - [07/Sep/2026:05:01:03 +0530] "GET /category-sitemap.xml HTTP/2" 200 366 "-" "Mozilla/5.0 (compatible; AhrefsBot/7.0; +http://ahrefs.com/robot/)"
31.56.117.142 - - [07/Sep/2026:05:04:27 +0530] "POST /wp-login.php HTTP/1.1" 200 2473 "https://www.scrollar.com/wp-login.php" "Mozilla/5.0 (Windows NT 10.0; Win64; x64) AppleWebKit/537.36 (KHTML, like Gecko) Chrome/115.0.0.0 Safari/537.36 Edg/115.0.1901.203"
45.80.212.77 - - [07/Sep/2026:05:22:03 +0530] "GET /wp-login.php HTTP/1.1" 200 2315 "-" "Mozilla/5.0 (Windows NT 10.0; Win64; x64) AppleWebKit/537.36 (KHTML, like Gecko) Chrome/115.0.0.0 Safari/537.36 Edg/115.0.1901.203"
103.173.230.230 - - [07/Sep/2026:05:24:45 +0530] "GET /wp-login.php HTTP/1.1" 200 2315 "-" "Mozilla/5.0 (Windows NT 6.1; Win64; x64) AppleWebKit/537.36 (KHTML, like Gecko) Chrome/101.0.4951.41 Safari/537.36"
148.251.153.114 - - [07/Sep/2026:05:24:46 +0530] "POST /wp-cron.php?doing_wp_cron=1788738886.3611259460449218750000 HTTP/1.1" 200 20 "-" "WordPress/7.1; https://www.scrollar.com"
103.173.230.230 - - [07/Sep/2026:05:24:45 +0530] "GET /wp-login.php HTTP/1.1" 200 2315 "-" "Mozilla/5.0 (Windows NT 10.0; Win64; x64) AppleWebKit/537.36 (KHTML, like Gecko) Chrome/104.0.5112.101 Safari/537.36"
103.173.230.230 - - [07/Sep/2026:05:24:47 +0530] "POST /wp-login.php HTTP/1.1" 200 2466 "https://scrollar.com/wp-login.php" "Mozilla/5.0 (Windows NT 6.1; Win64; x64) AppleWebKit/537.36 (KHTML, like Gecko) Chrome/101.0.4951.41 Safari/537.36"
103.173.230.230 - - [07/Sep/2026:05:24:47 +0530] "POST /wp-login.php HTTP/1.1" 200 2465 "https://scrollar.com/wp-login.php" "Mozilla/5.0 (Windows NT 10.0; Win64; x64) AppleWebKit/537.36 (KHTML, like Gecko) Chrome/104.0.5112.101 Safari/537.36"
3.82.245.201 - - [07/Sep/2026:04:11:44 +0530] "GET /wp-content/uploads/2025/04/LKG-English.png HTTP/1.1" 200 796704 "-" "Mozilla/5.0 (Windows NT 10.0; Win64; x64) AppleWebKit/537.36 (KHTML, like Gecko) Chrome/120.0.0.0 Safari/537.36"
3.82.245.201 - - [07/Sep/2026:04:12:19 +0530] "GET /wp-content/uploads/2024/04/Virtual-Meeting-Platform-Hero-Image-5.webp HTTP/1.1" 200 3150 "-" "Mozilla/5.0 (Windows NT 10.0; Win64; x64) AppleWebKit/537.36 (KHTML, like Gecko) Chrome/120.0.0.0 Safari/537.36"
3.82.245.201 - - [07/Sep/2026:04:12:19 +0530] "GET /wp-content/uploads/2025/04/12.png HTTP/1.1" 200 715304 "-" "Mozilla/5.0 (Windows NT 10.0; Win64; x64) AppleWebKit/537.36 (KHTML, like Gecko) Chrome/120.0.0.0 Safari/537.36"
3.82.245.201 - - [07/Sep/2026:04:12:24 +0530] "GET /wp-content/uploads/2024/04/Virtual-Meeting-Platform-Services-Icon-1.webp HTTP/1.1" 200 4368 "-" "Mozilla/5.0 (Windows NT 10.0; Win64; x64) AppleWebKit/537.36 (KHTML, like Gecko) Chrome/120.0.0.0 Safari/537.36"
3.82.245.201 - - [07/Sep/2026:04:12:25 +0530] "GET /wp-content/uploads/2024/04/Exciting-Games-1.webp HTTP/1.1" 200 4940 "-" "Mozilla/5.0 (Windows NT 10.0; Win64; x64) AppleWebKit/537.36 (KHTML, like Gecko) Chrome/120.0.0.0 Safari/537.36"
148.251.153.114 - - [07/Sep/2026:04:28:53 +0530] "POST /wp-cron.php?doing_wp_cron=1788735533.5927588939666748046875 HTTP/1.1" 200 20 "-" "WordPress/7.1; https://www.scrollar.com"
54.213.134.84 - - [07/Sep/2026:04:38:46 +0530] "GET /robots.txt HTTP/1.1" 301 20 "-" "SeltzSitemapFetcher/1.0"
40.77.167.158 - - [07/Sep/2026:04:50:46 +0530] "GET /20-epic-lime-fruit-guts-casino-online-top-juice-cocktail-remedies/ HTTP/2" 301 20 "-" "Mozilla/5.0 AppleWebKit/537.36 (KHTML, like Gecko; compatible; bingbot/2.0; +http://www.bing.com/bingbot.htm) Chrome/116.0.1938.76 Safari/537.36"
216.252.238.32 - - [07/Sep/2026:04:53:05 +0530] "GET /wp-login.php HTTP/1.1" 200 7335 "-" "Mozilla/5.0 (Windows NT 10.0; Win64; x64) AppleWebKit/537.36 (KHTML, like Gecko) Chrome/120.0.0.0 Safari/537.36"
216.252.238.32 - - [07/Sep/2026:04:53:06 +0530] "POST /wp-login.php HTTP/1.1" 200 7725 "https://scrollar.com:443/wp-login.php" "Mozilla/5.0 (Windows NT 10.0; Win64; x64) AppleWebKit/537.36 (KHTML, like Gecko) Chrome/120.0.0.0 Safari/537.36"
94.228.31.62 - - [07/Sep/2026:04:57:43 +0530] "GET / HTTP/2" 301 0 "-" "Mozilla/5.0 (Macintosh; Intel Mac OS X 10_15_7) AppleWebKit/537.36 (KHTML, like Gecko) Chrome/148.0.0.0 Safari/537.36 Edg/148.0.0.0"
18.134.151.24 - - [07/Sep/2026:04:58:56 +0530] "POST /api/mcp HTTP/1.1" 404 11870 "-" "MCPHarvest/0.1"
18.134.151.24 - - [07/Sep/2026:04:58:56 +0530] "POST /mcp HTTP/1.1" 404 11860 "-" "MCPHarvest/0.1"
18.134.151.24 - - [07/Sep/2026:04:58:56 +0530] "POST / HTTP/1.1" 200 0 "-" "MCPHarvest/0.1"
18.134.151.24 - - [07/Sep/2026:04:58:56 +0530] "POST / HTTP/1.1" 200 0 "-" "MCPHarvest/0.1"
18.134.151.24 - - [07/Sep/2026:04:58:56 +0530] "POST /api/mcp/v1 HTTP/1.1" 200 0 "-" "MCPHarvest/0.1"
51.89.39.52 - - [07/Sep/2026:05:00:59 +0530] "GET /post-sitemap.xml HTTP/2" 200 566 "-" "Mozilla/5.0 (compatible; AhrefsBot/7.0; +http://ahrefs.com/robot/)"
148.251.153.114 - - [07/Sep/2026:05:04:27 +0530] "POST /wp-cron.php?doing_wp_cron=1788737667.5703799724578857421875 HTTP/1.1" 200 20 "-" "WordPress/7.1; https://www.scrollar.com"
49.51.72.76 - - [07/Sep/2026:05:17:09 +0530] "GET / HTTP/1.1" 200 31447 "http://www.scrollar.com" "Mozilla/5.0 (iPhone; CPU iPhone OS 13_2_3 like Mac OS X) AppleWebKit/605.1.15 (KHTML, like Gecko) Version/13.0.3 Mobile/15E148 Safari/604.1"
51.68.163.208 - - [07/Sep/2026:05:22:44 +0530] "GET /blog-verify HTTP/2" 404 48548 "-" "Mozilla/5.0 (Macintosh; Intel Mac OS X 10_15_7) AppleWebKit/537.36 (KHTML, like Gecko) Chrome/148.0.0.0 Safari/537.36"
148.251.153.114 - - [07/Sep/2026:05:30:44 +0530] "POST /wp-cron.php?doing_wp_cron=1788739244.1209568977355957031250 HTTP/1.1" 200 20 "-" "WordPress/7.1; https://www.scrollar.com"
54.213.134.84 - - [07/Sep/2026:04:38:48 +0530] "GET /sitemap_index.xml HTTP/1.1" 200 338 "-" "SeltzSitemapFetcher/1.0"
54.213.134.84 - - [07/Sep/2026:04:38:49 +0530] "GET /page-sitemap.xml HTTP/1.1" 200 1237 "-" "SeltzSitemapFetcher/1.0"
54.213.134.84 - - [07/Sep/2026:04:38:49 +0530] "GET /uicore-tb-sitemap.xml HTTP/1.1" 200 439 "-" "SeltzSitemapFetcher/1.0"
54.213.134.84 - - [07/Sep/2026:04:38:50 +0530] "GET /post-sitemap.xml HTTP/1.1" 200 566 "-" "SeltzSitemapFetcher/1.0"
54.213.134.84 - - [07/Sep/2026:04:38:50 +0530] "GET /category-sitemap.xml HTTP/1.1" 200 366 "-" "SeltzSitemapFetcher/1.0"
57.141.20.43 - - [07/Sep/2026:04:48:19 +0530] "GET /sitemap2537491.xml HTTP/2" 404 11870 "-" "Mozilla/5.0 (Windows NT 10.0; Win64; x64) AppleWebKit/537.36 (KHTML, like Gecko) Chrome/145.0.0.0 Safari/537.36 (compatible; meta-externalagent/1.1 (+https://developers.facebook.com/docs/sharing/webmasters/crawler))"
52.167.144.179 - - [07/Sep/2026:04:52:28 +0530] "GET /finest-step-one-deposit-casino-room-no-deposit-bonus-casinos-in-the-canada-2023/ HTTP/2" 404 11870 "-" "Mozilla/5.0 AppleWebKit/537.36 (KHTML, like Gecko; compatible; bingbot/2.0; +http://www.bing.com/bingbot.htm) Chrome/116.0.1938.76 Safari/537.36"
148.251.153.114 - - [07/Sep/2026:04:53:29 +0530] "POST /wp-cron.php?doing_wp_cron=1788737009.8204441070556640625000 HTTP/1.1" 200 20 "-" "WordPress/7.1; https://www.scrollar.com"
131.226.2.156 - - [07/Sep/2026:04:53:29 +0530] "GET /wp-login.php HTTP/1.1" 200 7335 "-" "Mozilla/5.0 (Windows NT 10.0; Win64; x64) AppleWebKit/537.36 (KHTML, like Gecko) Chrome/120.0.0.0 Safari/537.36"
131.226.2.156 - - [07/Sep/2026:04:53:29 +0530] "POST /wp-login.php HTTP/1.1" 200 7734 "https://scrollar.com:443/wp-login.php" "Mozilla/5.0 (Windows NT 10.0; Win64; x64) AppleWebKit/537.36 (KHTML, like Gecko) Chrome/120.0.0.0 Safari/537.36"
18.134.151.24 - - [07/Sep/2026:04:58:56 +0530] "POST /docs/mcp HTTP/1.1" 404 11878 "-" "MCPHarvest/0.1"
18.134.151.24 - - [07/Sep/2026:04:58:56 +0530] "POST /api/mcp/mcp HTTP/1.1" 404 11878 "-" "MCPHarvest/0.1"
18.134.151.24 - - [07/Sep/2026:04:58:56 +0530] "POST /api/mcp/v1 HTTP/1.1" 404 11888 "-" "MCPHarvest/0.1"
18.134.151.24 - - [07/Sep/2026:04:58:56 +0530] "POST /api/mcp/mcp HTTP/1.1" 404 11860 "-" "MCPHarvest/0.1"
18.134.151.24 - - [07/Sep/2026:04:59:00 +0530] "GET /.well-known/webmcp HTTP/1.1" 301 20 "-" "MCPHarvest/0.1"
51.89.83.56 - - [07/Sep/2026:05:00:57 +0530] "GET /sitemap_index.xml HTTP/2" 200 338 "-" "Mozilla/5.0 (compatible; AhrefsBot/7.0; +http://ahrefs.com/robot/)"
51.89.38.137 - - [07/Sep/2026:05:01:01 +0530] "GET /uicore-tb-sitemap.xml HTTP/2" 200 439 "-" "Mozilla/5.0 (compatible; AhrefsBot/7.0; +http://ahrefs.com/robot/)"
148.251.153.114 - - [07/Sep/2026:05:04:15 +0530] "POST /wp-cron.php?doing_wp_cron=1788737654.9786489009857177734375 HTTP/1.1" 200 20 "-" "WordPress/7.1; https://www.scrollar.com"
31.56.117.142 - - [07/Sep/2026:05:04:13 +0530] "GET /wp-login.php HTTP/1.1" 200 2315 "-" "Mozilla/5.0 (Windows NT 10.0; Win64; x64) AppleWebKit/537.36 (KHTML, like Gecko) Chrome/115.0.0.0 Safari/537.36 Edg/115.0.1901.203"
148.251.153.114 - - [07/Sep/2026:05:22:07 +0530] "POST /wp-cron.php?doing_wp_cron=1788738727.1937708854675292968750 HTTP/1.1" 200 20 "-" "WordPress/7.1; https://www.scrollar.com"
45.80.212.77 - - [07/Sep/2026:05:22:10 +0530] "POST /wp-login.php HTTP/1.1" 200 2473 "https://www.scrollar.com/wp-login.php" "Mozilla/5.0 (Windows NT 10.0; Win64; x64) AppleWebKit/537.36 (KHTML, like Gecko) Chrome/115.0.0.0 Safari/537.36 Edg/115.0.1901.203"
148.251.153.114 - - [07/Sep/2026:05:22:45 +0530] "POST /wp-cron.php?doing_wp_cron=1788738765.0821130275726318359375 HTTP/1.1" 200 20 "-" "WordPress/7.1; https://www.scrollar.com"
51.68.163.208 - - [07/Sep/2026:05:22:47 +0530] "GET /wp-content/plugins/divi-ajax-filter/css/admin.min.css HTTP/2" 200 0 "-" "Mozilla/5.0 (Windows NT 10.0; Win64; x64) AppleWebKit/537.36 (KHTML, like Gecko) Chrome/146.0.0.0 Safari/537.36"
148.251.153.114 - - [07/Sep/2026:05:25:40 +0530] "POST /wp-cron.php?doing_wp_cron=1788738940.8548710346221923828125 HTTP/1.1" 200 20 "-" "WordPress/7.1; https://www.scrollar.com"
192.227.153.87 - - [07/Sep/2026:05:30:46 +0530] "GET /wp-login.php HTTP/1.1" 200 2316 "-" "Mozilla/5.0 (Windows NT 10.0; Win64; x64) AppleWebKit/537.36 (KHTML, like Gecko) Chrome/87.0.4280.141 Safari/537.36"
192.227.153.87 - - [07/Sep/2026:05:30:47 +0530] "POST /wp-login.php HTTP/1.1" 200 2466 "-" "Mozilla/5.0 (Windows NT 10.0; Win64; x64) AppleWebKit/537.36 (KHTML, like Gecko) Chrome/87.0.4280.141 Safari/537.36"
148.251.153.114 - - [07/Sep/2026:05:42:37 +0530] "POST /wp-cron.php?doing_wp_cron=1788739957.0703089237213134765625 HTTP/1.1" 200 20 "-" "WordPress/7.1; https://www.scrollar.com"
216.252.238.222 - - [07/Sep/2026:05:43:09 +0530] "GET /wp-login.php HTTP/1.1" 200 7335 "-" "Mozilla/5.0 (Windows NT 10.0; Win64; x64) AppleWebKit/537.36 (KHTML, like Gecko) Chrome/120.0.0.0 Safari/537.36"
216.252.238.222 - - [07/Sep/2026:05:43:10 +0530] "POST /wp-login.php HTTP/1.1" 200 7734 "https://scrollar.com:443/wp-login.php" "Mozilla/5.0 (Windows NT 10.0; Win64; x64) AppleWebKit/537.36 (KHTML, like Gecko) Chrome/120.0.0.0 Safari/537.36"
85.11.167.90 - - [07/Sep/2026:05:44:37 +0530] "GET / HTTP/1.1" 200 31446 "http://scrollar.com/" "Mozilla/5.0 (Windows NT 10.0; Win64; x64; rv:124.0) Gecko/20100101 Firefox/124.0"
85.11.167.90 - - [07/Sep/2026:05:44:38 +0530] "GET / HTTP/1.1" 200 31446 "http://scrollar.com/" "Mozilla/5.0 (Windows NT 10.0; Win64; x64) AppleWebKit/537.36 (KHTML, like Gecko) Chrome/122.0.0.0 Safari/537.36 Edg/122.0.0.0"
136.116.88.6 - - [07/Sep/2026:05:45:20 +0530] "GET /category-sitemap.xml HTTP/2" 200 366 "-" "Mozilla/5.0 AppleWebKit/537.36 (KHTML, like Gecko; compatible; SleepBot/1.0; +http://sleepbot.com/) Chrome/131.0.0.0 Safari/537.36"
40.77.167.72 - - [07/Sep/2026:05:48:04 +0530] "GET /all-opposto-incluso-davanti-di-carezzare-dovresti/ HTTP/2" 404 11868 "-" "Mozilla/5.0 AppleWebKit/537.36 (KHTML, like Gecko; compatible; bingbot/2.0; +http://www.bing.com/bingbot.htm) Chrome/116.0.1938.76 Safari/537.36"
18.134.151.24 - - [07/Sep/2026:04:59:01 +0530] "GET /.well-known/webmcp.json HTTP/1.1" 301 20 "-" "MCPHarvest/0.1"
18.134.151.24 - - [07/Sep/2026:04:59:00 +0530] "GET /.well-known/webmcp HTTP/1.1" 404 11870 "-" "MCPHarvest/0.1"
148.251.153.114 - - [07/Sep/2026:04:59:10 +0530] "POST /wp-cron.php?doing_wp_cron=1788737350.0354199409484863281250 HTTP/1.1" 200 20 "-" "WordPress/7.1; https://www.scrollar.com"
18.134.151.24 - - [07/Sep/2026:04:59:01 +0530] "GET /.well-known/webmcp.json HTTP/1.1" 404 11694 "-" "MCPHarvest/0.1"
148.251.153.114 - - [07/Sep/2026:05:00:58 +0530] "POST /wp-cron.php?doing_wp_cron=1788737458.2356929779052734375000 HTTP/1.1" 200 20 "-" "WordPress/7.1; https://www.scrollar.com"
51.89.71.150 - - [07/Sep/2026:05:01:00 +0530] "GET /page-sitemap.xml HTTP/2" 200 1237 "-" "Mozilla/5.0 (compatible; AhrefsBot/7.0; +http://ahrefs.com/robot/)"
51.68.163.208 - - [07/Sep/2026:05:22:43 +0530] "GET /wp-content/plugins/hummingbird-performance/admin/assets/css/wphb-react-integrations.min.css HTTP/2" 200 0 "-" "Mozilla/5.0 (Macintosh; Intel Mac OS X 10_15_7; rv:149.0) Gecko/20100101 Firefox/149.0"
38.154.237.30 - - [07/Sep/2026:05:25:40 +0530] "GET /wp-login.php HTTP/1.1" 200 7335 "-" "Mozilla/5.0 (Windows NT 10.0; Win64; x64) AppleWebKit/537.36 (KHTML, like Gecko) Chrome/120.0.0.0 Safari/537.36"
38.154.237.30 - - [07/Sep/2026:05:25:41 +0530] "POST /wp-login.php HTTP/1.1" 200 7734 "https://scrollar.com:443/wp-login.php" "Mozilla/5.0 (Windows NT 10.0; Win64; x64) AppleWebKit/537.36 (KHTML, like Gecko) Chrome/120.0.0.0 Safari/537.36"
192.227.153.87 - - [07/Sep/2026:05:30:43 +0530] "GET /wp-login.php HTTP/1.1" 200 2316 "-" "Mozilla/5.0 (Windows NT 10.0; Win64; x64) AppleWebKit/537.36 (KHTML, like Gecko) Chrome/87.0.4280.141 Safari/537.36"
192.227.153.87 - - [07/Sep/2026:05:30:44 +0530] "POST /wp-login.php HTTP/1.1" 200 2440 "-" "Mozilla/5.0 (Windows NT 10.0; Win64; x64) AppleWebKit/537.36 (KHTML, like Gecko) Chrome/87.0.4280.141 Safari/537.36"
148.251.153.114 - - [07/Sep/2026:05:32:57 +0530] "POST /wp-cron.php?doing_wp_cron=1788739377.1302978992462158203125 HTTP/1.1" 200 20 "-" "WordPress/7.1; https://www.scrollar.com"
52.22.138.222 - - [07/Sep/2026:05:42:36 +0530] "GET /robots.txt HTTP/1.1" 301 20 "-" "Mozilla/5.0 (Macintosh; Intel Mac OS X 10_10_1) AppleWebKit/600.2.5 (KHTML, like Gecko) Version/8.0.2 Safari/600.2.5 (Gort)"
44.217.24.16 - - [07/Sep/2026:05:42:37 +0530] "GET /robots.txt HTTP/1.1" 200 117 "-" "Mozilla/5.0 (Macintosh; Intel Mac OS X 10_10_1) AppleWebKit/600.2.5 (KHTML, like Gecko) Version/8.0.2 Safari/600.2.5 (Gort)"
74.7.175.133 - - [07/Sep/2026:05:46:16 +0530] "GET /robots.txt HTTP/2" 301 20 "-" "Mozilla/5.0 (Macintosh; Intel Mac OS X 10_15_7) AppleWebKit/537.36 (KHTML, like Gecko) Chrome/131.0.0.0 Safari/537.36; compatible; OAI-SearchBot/1.4; robots.txt; +https://openai.com/searchbot"
207.46.13.230 - - [07/Sep/2026:05:47:55 +0530] "GET /robots.txt HTTP/2" 200 117 "-" "Mozilla/5.0 AppleWebKit/537.36 (KHTML, like Gecko; compatible; bingbot/2.0; +http://www.bing.com/bingbot.htm) Chrome/116.0.1938.76 Safari/537.36"
45.141.128.59 - - [07/Sep/2026:06:09:05 +0530] "POST /wp-login.php HTTP/1.1" 200 2474 "https://www.scrollar.com/wp-login.php" "Mozilla/5.0 (Windows NT 10.0; Win64; x64) AppleWebKit/537.36 (KHTML, like Gecko) Chrome/142.0.0.0 Safari/537.36"
170.168.243.180 - - [07/Sep/2026:06:11:55 +0530] "POST /xmlrpc.php HTTP/1.1" 200 206 "-" "curl/7.88.1"
88.218.44.213 - - [07/Sep/2026:06:12:00 +0530] "POST /wp-login.php HTTP/1.1" 200 2441 "https://www.scrollar.com/wp-login.php" "Mozilla/5.0 (Windows NT 10.0; Win64; x64) AppleWebKit/537.36 (KHTML, like Gecko) Chrome/149.0.0.0 Safari/537.36"
74.7.175.133 - - [07/Sep/2026:05:46:18 +0530] "GET /robots.txt HTTP/2" 200 117 "https://scrollar.com/robots.txt" "Mozilla/5.0 (Macintosh; Intel Mac OS X 10_15_7) AppleWebKit/537.36 (KHTML, like Gecko) Chrome/131.0.0.0 Safari/537.36; compatible; OAI-SearchBot/1.4; robots.txt; +https://openai.com/searchbot"
148.251.153.114 - - [07/Sep/2026:06:09:03 +0530] "POST /wp-cron.php?doing_wp_cron=1788741543.1808130741119384765625 HTTP/1.1" 200 20 "-" "WordPress/7.1; https://www.scrollar.com"
212.87.218.174 - - [07/Sep/2026:06:09:02 +0530] "GET /wp-login.php HTTP/1.1" 200 2316 "-" "Mozilla/5.0 (Windows NT 10.0; Win64; x64) AppleWebKit/537.36 (KHTML, like Gecko) Chrome/142.0.0.0 Safari/537.36"
212.87.218.174 - - [07/Sep/2026:06:09:04 +0530] "GET /wp-json/wp/v2/users HTTP/1.1" 200 396 "-" "Mozilla/5.0 (Windows NT 10.0; Win64; x64) AppleWebKit/537.36 (KHTML, like Gecko) Chrome/142.0.0.0 Safari/537.36"
45.141.128.59 - - [07/Sep/2026:06:09:04 +0530] "GET /wp-login.php HTTP/1.1" 200 2316 "-" "Mozilla/5.0 (Windows NT 10.0; Win64; x64) AppleWebKit/537.36 (KHTML, like Gecko) Chrome/142.0.0.0 Safari/537.36"
193.163.92.207 - - [07/Sep/2026:06:09:04 +0530] "GET /wp-login.php HTTP/1.1" 200 2316 "-" "Mozilla/5.0 (Windows NT 10.0; Win64; x64) AppleWebKit/537.36 (KHTML, like Gecko) Chrome/142.0.0.0 Safari/537.36"
88.218.44.213 - - [07/Sep/2026:06:11:55 +0530] "POST /xmlrpc.php HTTP/1.1" 200 206 "-" "curl/8.6.0"
155.212.111.118 - - [07/Sep/2026:06:11:55 +0530] "POST /xmlrpc.php HTTP/1.1" 200 206 "-" "curl/8.6.0"
170.168.243.180 - - [07/Sep/2026:06:11:56 +0530] "POST /xmlrpc.php HTTP/1.1" 200 206 "-" "curl/8.6.0"
155.212.111.118 - - [07/Sep/2026:06:11:56 +0530] "POST /xmlrpc.php HTTP/1.1" 200 206 "-" "curl/8.6.0"
205.169.39.48 - - [07/Sep/2026:06:21:36 +0530] "GET / HTTP/2" 200 31446 "-" "Mozilla/5.0 (Windows NT 10.0; Win64; x64) AppleWebKit/537.36 (KHTML, like Gecko) Chrome/117.0.5938.132 Safari/537.36"
205.169.39.48 - - [07/Sep/2026:06:21:38 +0530] "GET / HTTP/2" 200 31446 "-" "Mozilla/5.0 (Windows NT 10.0; Win64; x64) AppleWebKit/537.36 (KHTML, like Gecko) Chrome/117.0.5938.132 Safari/537.36"
205.169.39.48 - - [07/Sep/2026:06:21:41 +0530] "GET /wp-content/plugins/elementor/assets/css/frontend.min.css?ver=4.2.4 HTTP/2" 200 6613 "https://www.scrollar.com/" "Mozilla/5.0 (Windows NT 10.0; Win64; x64) AppleWebKit/537.36 (KHTML, like Gecko) Chrome/117.0.5938.132 Safari/537.36"
205.169.39.48 - - [07/Sep/2026:06:21:41 +0530] "GET /wp-content/uploads/elementor/css/post-59.css?ver=1788231227 HTTP/2" 200 1306 "https://www.scrollar.com/" "Mozilla/5.0 (Windows NT 10.0; Win64; x64) AppleWebKit/537.36 (KHTML, like Gecko) Chrome/117.0.5938.132 Safari/537.36"
205.169.39.48 - - [07/Sep/2026:06:21:41 +0530] "GET /wp-content/plugins/elementor/assets/lib/animations/styles/fadeInUp.min.css?ver=4.2.4 HTTP/2" 200 130 "https://www.scrollar.com/" "Mozilla/5.0 (Windows NT 10.0; Win64; x64) AppleWebKit/537.36 (KHTML, like Gecko) Chrome/117.0.5938.132 Safari/537.36"
205.169.39.48 - - [07/Sep/2026:06:21:41 +0530] "GET /wp-content/plugins/elementor/assets/css/widget-icon-list.min.css?ver=4.2.4 HTTP/2" 200 928 "https://www.scrollar.com/" "Mozilla/5.0 (Windows NT 10.0; Win64; x64) AppleWebKit/537.36 (KHTML, like Gecko) Chrome/117.0.5938.132 Safari/537.36"
205.169.39.48 - - [07/Sep/2026:06:21:41 +0530] "GET /wp-content/plugins/elementor/assets/css/widget-heading.min.css?ver=4.2.4 HTTP/2" 200 126 "https://www.scrollar.com/" "Mozilla/5.0 (Windows NT 10.0; Win64; x64) AppleWebKit/537.36 (KHTML, like Gecko) Chrome/117.0.5938.132 Safari/537.36"
205.169.39.48 - - [07/Sep/2026:06:21:41 +0530] "GET /wp-content/plugins/elementor/assets/css/widget-image.min.css?ver=4.2.4 HTTP/2" 200 96 "https://www.scrollar.com/" "Mozilla/5.0 (Windows NT 10.0; Win64; x64) AppleWebKit/537.36 (KHTML, like Gecko) Chrome/117.0.5938.132 Safari/537.36"
205.169.39.48 - - [07/Sep/2026:06:21:41 +0530] "GET /wp-content/plugins/elementor/assets/css/widget-counter.min.css?ver=4.2.4 HTTP/2" 200 208 "https://www.scrollar.com/" "Mozilla/5.0 (Windows NT 10.0; Win64; x64) AppleWebKit/537.36 (KHTML, like Gecko) Chrome/117.0.5938.132 Safari/537.36"
205.169.39.48 - - [07/Sep/2026:06:21:41 +0530] "GET /wp-content/plugins/elementor/assets/css/widget-spacer.min.css?ver=4.2.4 HTTP/2" 200 287 "https://www.scrollar.com/" "Mozilla/5.0 (Windows NT 10.0; Win64; x64) AppleWebKit/537.36 (KHTML, like Gecko) Chrome/117.0.5938.132 Safari/537.36"
205.169.39.48 - - [07/Sep/2026:06:21:41 +0530] "GET /wp-content/plugins/bdthemes-element-pack/assets/css/bdt-uikit.css?ver=3.21.7 HTTP/2" 200 15524 "https://www.scrollar.com/" "Mozilla/5.0 (Windows NT 10.0; Win64; x64) AppleWebKit/537.36 (KHTML, like Gecko) Chrome/117.0.5938.132 Safari/537.36"
205.169.39.48 - - [07/Sep/2026:06:21:41 +0530] "GET /wp-content/plugins/elementor/assets/lib/animations/styles/zoomIn.min.css?ver=4.2.4 HTTP/2" 200 106 "https://www.scrollar.com/" "Mozilla/5.0 (Windows NT 10.0; Win64; x64) AppleWebKit/537.36 (KHTML, like Gecko) Chrome/117.0.5938.132 Safari/537.36"
205.169.39.48 - - [07/Sep/2026:06:21:41 +0530] "GET /wp-content/plugins/bdthemes-element-pack/assets/css/ep-advanced-icon-box.css?ver=7.19.6 HTTP/2" 200 1361 "https://www.scrollar.com/" "Mozilla/5.0 (Windows NT 10.0; Win64; x64) AppleWebKit/537.36 (KHTML, like Gecko) Chrome/117.0.5938.132 Safari/537.36"
205.169.39.48 - - [07/Sep/2026:06:21:41 +0530] "GET /wp-content/uploads/uicore-global.css?ver=1330 HTTP/2" 200 19197 "https://www.scrollar.com/" "Mozilla/5.0 (Windows NT 10.0; Win64; x64) AppleWebKit/537.36 (KHTML, like Gecko) Chrome/117.0.5938.132 Safari/537.36"
205.169.39.48 - - [07/Sep/2026:06:21:41 +0530] "GET /wp-content/plugins/uicore-elements/assets/css/components/legacy-grid.css?ver=1.3.16 HTTP/2" 200 108 "https://www.scrollar.com/" "Mozilla/5.0 (Windows NT 10.0; Win64; x64) AppleWebKit/537.36 (KHTML, like Gecko) Chrome/117.0.5938.132 Safari/537.36"
205.169.39.48 - - [07/Sep/2026:06:21:41 +0530] "GET /wp-content/plugins/uicore-elements/assets/css/components/global-animations.css?ver=1.3.16 HTTP/2" 200 405 "https://www.scrollar.com/" "Mozilla/5.0 (Windows NT 10.0; Win64; x64) AppleWebKit/537.36 (KHTML, like Gecko) Chrome/117.0.5938.132 Safari/537.36"
205.169.39.48 - - [07/Sep/2026:06:21:41 +0530] "GET /wp-content/uploads/2024/04/Logo-1.png HTTP/2" 200 13269 "https://www.scrollar.com/" "Mozilla/5.0 (Windows NT 10.0; Win64; x64) AppleWebKit/537.36 (KHTML, like Gecko) Chrome/117.0.5938.132 Safari/537.36"
205.169.39.48 - - [07/Sep/2026:06:21:41 +0530] "GET /wp-content/plugins/uicore-framework/assets/fonts/themify-icons.css?ver=1.0.0 HTTP/2" 200 2707 "https://www.scrollar.com/" "Mozilla/5.0 (Windows NT 10.0; Win64; x64) AppleWebKit/537.36 (KHTML, like Gecko) Chrome/117.0.5938.132 Safari/537.36"
205.169.39.48 - - [07/Sep/2026:06:21:41 +0530] "GET /wp-content/plugins/uicore-elements/assets/css/components/global-entrances.css?ver=1.3.16 HTTP/2" 200 166 "https://www.scrollar.com/" "Mozilla/5.0 (Windows NT 10.0; Win64; x64) AppleWebKit/537.36 (KHTML, like Gecko) Chrome/117.0.5938.132 Safari/537.36"
205.169.39.48 - - [07/Sep/2026:06:21:41 +0530] "GET /wp-content/uploads/2023/01/ScrollAR4U-Logo.png HTTP/2" 200 11688 "https://www.scrollar.com/" "Mozilla/5.0 (Windows NT 10.0; Win64; x64) AppleWebKit/537.36 (KHTML, like Gecko) Chrome/117.0.5938.132 Safari/537.36"
205.169.39.48 - - [07/Sep/2026:06:21:41 +0530] "GET /wp-content/uploads/elementor/google-fonts/css/inter.css?ver=1743224422 HTTP/2" 200 912 "https://www.scrollar.com/" "Mozilla/5.0 (Windows NT 10.0; Win64; x64) AppleWebKit/537.36 (KHTML, like Gecko) Chrome/117.0.5938.132 Safari/537.36"
205.169.39.48 - - [07/Sep/2026:06:21:41 +0530] "GET /wp-includes/js/jquery/jquery-migrate.min.js?ver=3.4.1 HTTP/2" 200 4678 "https://www.scrollar.com/" "Mozilla/5.0 (Windows NT 10.0; Win64; x64) AppleWebKit/537.36 (KHTML, like Gecko) Chrome/117.0.5938.132 Safari/537.36"
205.169.39.48 - - [07/Sep/2026:06:21:41 +0530] "GET /wp-content/plugins/elementor/assets/lib/animations/styles/fadeInDown.min.css?ver=4.2.4 HTTP/2" 200 137 "https://www.scrollar.com/" "Mozilla/5.0 (Windows NT 10.0; Win64; x64) AppleWebKit/537.36 (KHTML, like Gecko) Chrome/117.0.5938.132 Safari/537.36"
205.169.39.48 - - [07/Sep/2026:06:21:41 +0530] "GET /wp-content/plugins/bdthemes-element-pack/assets/css/ep-helper.css?ver=7.19.6 HTTP/2" 200 5606 "https://www.scrollar.com/" "Mozilla/5.0 (Windows NT 10.0; Win64; x64) AppleWebKit/537.36 (KHTML, like Gecko) Chrome/117.0.5938.132 Safari/537.36"
205.169.39.48 - - [07/Sep/2026:06:21:41 +0530] "GET /wp-content/plugins/uicore-elements/assets/css/components/meta.css?ver=1.3.16 HTTP/2" 200 247 "https://www.scrollar.com/" "Mozilla/5.0 (Windows NT 10.0; Win64; x64) AppleWebKit/537.36 (KHTML, like Gecko) Chrome/117.0.5938.132 Safari/537.36"
205.169.39.48 - - [07/Sep/2026:06:21:41 +0530] "GET /wp-content/plugins/bdthemes-element-pack/assets/css/ep-accordion.css?ver=7.19.6 HTTP/2" 200 369 "https://www.scrollar.com/" "Mozilla/5.0 (Windows NT 10.0; Win64; x64) AppleWebKit/537.36 (KHTML, like Gecko) Chrome/117.0.5938.132 Safari/537.36"
205.169.39.48 - - [07/Sep/2026:06:21:41 +0530] "GET /wp-includes/js/jquery/jquery.min.js?ver=3.7.1 HTTP/2" 200 29744 "https://www.scrollar.com/" "Mozilla/5.0 (Windows NT 10.0; Win64; x64) AppleWebKit/537.36 (KHTML, like Gecko) Chrome/117.0.5938.132 Safari/537.36"
205.169.39.48 - - [07/Sep/2026:06:21:41 +0530] "GET /wp-content/uploads/elementor/css/post-58.css?ver=1788231767 HTTP/2" 200 8833 "https://www.scrollar.com/" "Mozilla/5.0 (Windows NT 10.0; Win64; x64) AppleWebKit/537.36 (KHTML, like Gecko) Chrome/117.0.5938.132 Safari/537.36"
205.169.39.48 - - [07/Sep/2026:06:21:49 +0530] "GET /wp-content/plugins/uicore-animate/assets/css/animated-background.css?ver=2.2.4 HTTP/2" 200 678 "https://www.scrollar.com/" "Mozilla/5.0 (Windows NT 10.0; Win64; x64) AppleWebKit/537.36 (KHTML, like Gecko) Chrome/117.0.5938.132 Safari/537.36"
205.169.39.48 - - [07/Sep/2026:06:21:49 +0530] "GET /wp-content/plugins/uicore-animate/assets/css/animated-border.css?ver=2.2.4 HTTP/2" 200 1124 "https://www.scrollar.com/" "Mozilla/5.0 (Windows NT 10.0; Win64; x64) AppleWebKit/537.36 (KHTML, like Gecko) Chrome/117.0.5938.132 Safari/537.36"
205.169.39.48 - - [07/Sep/2026:06:21:50 +0530] "GET /wp-content/plugins/uicore-animate/assets/css/split.css?ver=2.2.4 HTTP/2" 200 539 "https://www.scrollar.com/" "Mozilla/5.0 (Windows NT 10.0; Win64; x64) AppleWebKit/537.36 (KHTML, like Gecko) Chrome/117.0.5938.132 Safari/537.36"
205.169.39.48 - - [07/Sep/2026:06:21:50 +0530] "GET /wp-content/plugins/uicore-elements/assets/css/elements/icon-box.css?ver=1.3.16 HTTP/2" 200 1643 "https://www.scrollar.com/" "Mozilla/5.0 (Windows NT 10.0; Win64; x64) AppleWebKit/537.36 (KHTML, like Gecko) Chrome/117.0.5938.132 Safari/537.36"
205.169.39.48 - - [07/Sep/2026:06:21:50 +0530] "GET /wp-content/plugins/uicore-elements/assets/css/elements/highlighted-text.css?ver=1.3.16 HTTP/2" 200 431 "https://www.scrollar.com/" "Mozilla/5.0 (Windows NT 10.0; Win64; x64) AppleWebKit/537.36 (KHTML, like Gecko) Chrome/117.0.5938.132 Safari/537.36"
205.169.39.48 - - [07/Sep/2026:06:21:50 +0530] "GET /wp-content/plugins/bdthemes-element-pack/assets/css/ep-cursor-effects.css?ver=7.19.6 HTTP/2" 200 510 "https://www.scrollar.com/" "Mozilla/5.0 (Windows NT 10.0; Win64; x64) AppleWebKit/537.36 (KHTML, like Gecko) Chrome/117.0.5938.132 Safari/537.36"
205.169.39.48 - - [07/Sep/2026:06:21:50 +0530] "GET /wp-content/plugins/elementor/assets/css/widget-google_maps.min.css?ver=4.2.4 HTTP/2" 200 94 "https://www.scrollar.com/" "Mozilla/5.0 (Windows NT 10.0; Win64; x64) AppleWebKit/537.36 (KHTML, like Gecko) Chrome/117.0.5938.132 Safari/537.36"
205.169.39.48 - - [07/Sep/2026:06:21:50 +0530] "GET /wp-content/plugins/uicore-elements/assets/css/elements/advanced-post-grid.css?ver=1.3.16 HTTP/2" 200 1269 "https://www.scrollar.com/" "Mozilla/5.0 (Windows NT 10.0; Win64; x64) AppleWebKit/537.36 (KHTML, like Gecko) Chrome/117.0.5938.132 Safari/537.36"
205.169.39.48 - - [07/Sep/2026:06:21:50 +0530] "GET /wp-content/plugins/elementor/assets/js/webpack.runtime.min.js?ver=4.2.4 HTTP/2" 200 2335 "https://www.scrollar.com/" "Mozilla/5.0 (Windows NT 10.0; Win64; x64) AppleWebKit/537.36 (KHTML, like Gecko) Chrome/117.0.5938.132 Safari/537.36"
205.169.39.48 - - [07/Sep/2026:06:21:51 +0530] "GET /wp-content/uploads/elementor/google-fonts/fonts/inter-ucc73fwrk3iltehus_nvmrmxcp50sjia1zl7.woff2 HTTP/2" 200 48444 "https://www.scrollar.com/wp-content/uploads/elementor/google-fonts/css/inter.css?ver=1743224422" "Mozilla/5.0 (Windows NT 10.0; Win64; x64) AppleWebKit/537.36 (KHTML, like Gecko) Chrome/117.0.5938.132 Safari/537.36"
205.169.39.48 - - [07/Sep/2026:06:21:50 +0530] "GET /wp-content/plugins/uicore-framework/assets/img/noise.webp HTTP/2" 200 162028 "https://www.scrollar.com/wp-content/uploads/uicore-global.css?ver=1330" "Mozilla/5.0 (X11; Linux x86_64) AppleWebKit/537.36 (KHTML, like Gecko) HeadlessChrome/150.0.0.0 Safari/537.36"
205.169.39.48 - - [07/Sep/2026:06:21:50 +0530] "GET /wp-content/plugins/bdthemes-element-pack/assets/js/common/helper.min.js?ver=7.19.6 HTTP/2" 200 1409 "https://www.scrollar.com/" "Mozilla/5.0 (Windows NT 10.0; Win64; x64) AppleWebKit/537.36 (KHTML, like Gecko) Chrome/117.0.5938.132 Safari/537.36"
205.169.39.48 - - [07/Sep/2026:06:21:50 +0530] "GET /wp-content/plugins/bdthemes-element-pack/assets/js/modules/ep-accordion.min.js?ver=7.19.6 HTTP/2" 200 593 "https://www.scrollar.com/" "Mozilla/5.0 (Windows NT 10.0; Win64; x64) AppleWebKit/537.36 (KHTML, like Gecko) Chrome/117.0.5938.132 Safari/537.36"
205.169.39.48 - - [07/Sep/2026:06:21:50 +0530] "GET /wp-content/plugins/bdthemes-element-pack/assets/vendor/js/cotton.min.js?ver=5.3.5 HTTP/2" 200 2372 "https://www.scrollar.com/" "Mozilla/5.0 (Windows NT 10.0; Win64; x64) AppleWebKit/537.36 (KHTML, like Gecko) Chrome/117.0.5938.132 Safari/537.36"
205.169.39.48 - - [07/Sep/2026:06:21:50 +0530] "GET /wp-content/plugins/bdthemes-element-pack/assets/js/modules/ep-cursor-effects.min.js?ver=7.19.6 HTTP/2" 200 704 "https://www.scrollar.com/" "Mozilla/5.0 (Windows NT 10.0; Win64; x64) AppleWebKit/537.36 (KHTML, like Gecko) Chrome/117.0.5938.132 Safari/537.36"
205.169.39.48 - - [07/Sep/2026:06:21:50 +0530] "GET /wp-content/plugins/elementor/assets/lib/jquery-numerator/jquery-numerator.min.js?ver=0.2.1 HTTP/2" 200 677 "https://www.scrollar.com/" "Mozilla/5.0 (Windows NT 10.0; Win64; x64) AppleWebKit/537.36 (KHTML, like Gecko) Chrome/117.0.5938.132 Safari/537.36"
205.169.39.48 - - [07/Sep/2026:06:21:50 +0530] "GET /wp-content/plugins/uicore-animate/assets/js/deps/uicore-ogl.js?ver=2.2.4 HTTP/2" 200 2141 "https://www.scrollar.com/" "Mozilla/5.0 (Windows NT 10.0; Win64; x64) AppleWebKit/537.36 (KHTML, like Gecko) Chrome/117.0.5938.132 Safari/537.36"
205.169.39.48 - - [07/Sep/2026:06:21:50 +0530] "GET /wp-content/plugins/bdthemes-element-pack/assets/js/modules/ep-wrapper-link.min.js?ver=7.19.6 HTTP/2" 200 218 "https://www.scrollar.com/" "Mozilla/5.0 (Windows NT 10.0; Win64; x64) AppleWebKit/537.36 (KHTML, like Gecko) Chrome/117.0.5938.132 Safari/537.36"
205.169.39.48 - - [07/Sep/2026:06:21:50 +0530] "GET /wp-content/plugins/bdthemes-element-pack/assets/js/modules/ep-advanced-icon-box.min.js?ver=7.19.6 HTTP/2" 200 236 "https://www.scrollar.com/" "Mozilla/5.0 (Windows NT 10.0; Win64; x64) AppleWebKit/537.36 (KHTML, like Gecko) Chrome/117.0.5938.132 Safari/537.36"
205.169.39.48 - - [07/Sep/2026:06:21:50 +0530] "GET /wp-content/plugins/uicore-animate/assets/js/animated-background.js?ver=2.2.4 HTTP/2" 200 3370 "https://www.scrollar.com/" "Mozilla/5.0 (Windows NT 10.0; Win64; x64) AppleWebKit/537.36 (KHTML, like Gecko) Chrome/117.0.5938.132 Safari/537.36"
205.169.39.48 - - [07/Sep/2026:06:21:54 +0530] "GET /wp-content/plugins/uicore-framework/assets/fonts/themify.woff HTTP/2" 200 56108 "https://www.scrollar.com/wp-content/plugins/uicore-framework/assets/fonts/themify-icons.css?ver=1.0.0" "Mozilla/5.0 (Windows NT 10.0; Win64; x64) AppleWebKit/537.36 (KHTML, like Gecko) Chrome/117.0.5938.132 Safari/537.36"
205.169.39.48 - - [07/Sep/2026:06:21:54 +0530] "GET /wp-content/plugins/uicore-framework/assets/fonts/uicore-icons.woff?bc5uma HTTP/2" 200 11260 "https://www.scrollar.com/wp-content/uploads/uicore-global.css?ver=1330" "Mozilla/5.0 (Windows NT 10.0; Win64; x64) AppleWebKit/537.36 (KHTML, like Gecko) Chrome/117.0.5938.132 Safari/537.36"
205.169.39.48 - - [07/Sep/2026:06:21:54 +0530] "GET /wp-content/uploads/2024/04/Exciting-Games-1.webp HTTP/2" 200 4940 "https://www.scrollar.com/" "Mozilla/5.0 (X11; Linux x86_64) AppleWebKit/537.36 (KHTML, like Gecko) HeadlessChrome/150.0.0.0 Safari/537.36"
205.169.39.48 - - [07/Sep/2026:06:21:54 +0530] "GET /wp-content/uploads/2024/04/Main.webp HTTP/2" 200 16375 "https://www.scrollar.com/" "Mozilla/5.0 (X11; Linux x86_64) AppleWebKit/537.36 (KHTML, like Gecko) HeadlessChrome/150.0.0.0 Safari/537.36"
205.169.39.48 - - [07/Sep/2026:06:21:54 +0530] "GET /wp-content/uploads/2024/04/Virtual-Meeting-Platform-Hero-Image-5.webp HTTP/2" 200 0 "https://www.scrollar.com/" "Mozilla/5.0 (X11; Linux x86_64) AppleWebKit/537.36 (KHTML, like Gecko) HeadlessChrome/150.0.0.0 Safari/537.36"
205.169.39.48 - - [07/Sep/2026:06:21:54 +0530] "GET /wp-content/plugins/elementor-pro/assets/js/elements-handlers.min.js?ver=3.30.1 HTTP/2" 200 0 "https://www.scrollar.com/" "Mozilla/5.0 (Windows NT 10.0; Win64; x64) AppleWebKit/537.36 (KHTML, like Gecko) Chrome/117.0.5938.132 Safari/537.36"
205.169.39.48 - - [07/Sep/2026:06:21:54 +0530] "GET /wp-content/plugins/uicore-animate/assets/js/animated-border.js?ver=2.2.4 HTTP/2" 200 0 "https://www.scrollar.com/" "Mozilla/5.0 (Windows NT 10.0; Win64; x64) AppleWebKit/537.36 (KHTML, like Gecko) Chrome/117.0.5938.132 Safari/537.36"
205.169.39.48 - - [07/Sep/2026:06:21:50 +0530] "GET /wp-content/plugins/uicore-animate/assets/js/backgrounds/fluid-gradient.js?ver=2.2.4 HTTP/2" 200 8192 "https://www.scrollar.com/" "Mozilla/5.0 (Windows NT 10.0; Win64; x64) AppleWebKit/537.36 (KHTML, like Gecko) Chrome/117.0.5938.132 Safari/537.36"
205.169.39.48 - - [07/Sep/2026:06:21:50 +0530] "GET /wp-content/plugins/elementor/assets/js/frontend.min.js?ver=4.2.4 HTTP/2" 200 8192 "https://www.scrollar.com/" "Mozilla/5.0 (Windows NT 10.0; Win64; x64) AppleWebKit/537.36 (KHTML, like Gecko) Chrome/117.0.5938.132 Safari/537.36"
205.169.39.48 - - [07/Sep/2026:06:21:50 +0530] "GET /wp-content/plugins/bdthemes-element-pack/assets/js/bdt-uikit.min.js?ver=3.21.7 HTTP/2" 200 16375 "https://www.scrollar.com/" "Mozilla/5.0 (Windows NT 10.0; Win64; x64) AppleWebKit/537.36 (KHTML, like Gecko) Chrome/117.0.5938.132 Safari/537.36"
205.169.39.48 - - [07/Sep/2026:06:21:54 +0530] "GET /wp-content/plugins/bdthemes-element-pack/assets/js/modules/ep-parallax-effects.min.js?ver=7.19.6 HTTP/2" 200 0 "https://www.scrollar.com/" "Mozilla/5.0 (Windows NT 10.0; Win64; x64) AppleWebKit/537.36 (KHTML, like Gecko) Chrome/117.0.5938.132 Safari/537.36"
205.169.39.48 - - [07/Sep/2026:06:21:54 +0530] "GET /wp-content/plugins/uicore-animate/assets/js/split.js?ver=2.2.4 HTTP/2" 200 0 "https://www.scrollar.com/" "Mozilla/5.0 (Windows NT 10.0; Win64; x64) AppleWebKit/537.36 (KHTML, like Gecko) Chrome/117.0.5938.132 Safari/537.36"
205.169.39.48 - - [07/Sep/2026:06:21:54 +0530] "GET /wp-content/plugins/uicore-elements/assets/js/elements/highlighted-text.js?ver=1.3.16 HTTP/2" 200 0 "https://www.scrollar.com/" "Mozilla/5.0 (Windows NT 10.0; Win64; x64) AppleWebKit/537.36 (KHTML, like Gecko) Chrome/117.0.5938.132 Safari/537.36"
205.169.39.48 - - [07/Sep/2026:06:21:54 +0530] "GET /wp-content/plugins/elementor-pro/assets/js/webpack-pro.runtime.min.js?ver=3.30.1 HTTP/2" 200 0 "https://www.scrollar.com/" "Mozilla/5.0 (Windows NT 10.0; Win64; x64) AppleWebKit/537.36 (KHTML, like Gecko) Chrome/117.0.5938.132 Safari/537.36"
205.169.39.48 - - [07/Sep/2026:06:21:54 +0530] "GET /wp-includes/js/jquery/ui/core.min.js?ver=1.14.2 HTTP/2" 200 0 "https://www.scrollar.com/" "Mozilla/5.0 (Windows NT 10.0; Win64; x64) AppleWebKit/537.36 (KHTML, like Gecko) Chrome/117.0.5938.132 Safari/537.36"
205.169.39.48 - - [07/Sep/2026:06:21:54 +0530] "GET /wp-content/plugins/uicore-elements/assets/js/components/global-entrances.js?ver=1.3.16 HTTP/2" 200 0 "https://www.scrollar.com/" "Mozilla/5.0 (Windows NT 10.0; Win64; x64) AppleWebKit/537.36 (KHTML, like Gecko) Chrome/117.0.5938.132 Safari/537.36"
205.169.39.48 - - [07/Sep/2026:06:21:54 +0530] "GET /wp-includes/js/dist/hooks.min.js?ver=f0f188028580e8dc1255 HTTP/2" 200 0 "https://www.scrollar.com/" "Mozilla/5.0 (Windows NT 10.0; Win64; x64) AppleWebKit/537.36 (KHTML, like Gecko) Chrome/117.0.5938.132 Safari/537.36"
205.169.39.48 - - [07/Sep/2026:06:21:54 +0530] "GET /wp-includes/js/dist/i18n.min.js?ver=1dfe7db3940c23ea9216 HTTP/2" 200 0 "https://www.scrollar.com/" "Mozilla/5.0 (Windows NT 10.0; Win64; x64) AppleWebKit/537.36 (KHTML, like Gecko) Chrome/117.0.5938.132 Safari/537.36"
205.169.39.48 - - [07/Sep/2026:06:21:54 +0530] "GET /wp-content/plugins/elementor-pro/assets/js/frontend.min.js?ver=3.30.1 HTTP/2" 200 0 "https://www.scrollar.com/" "Mozilla/5.0 (Windows NT 10.0; Win64; x64) AppleWebKit/537.36 (KHTML, like Gecko) Chrome/117.0.5938.132 Safari/537.36"
205.169.39.48 - - [07/Sep/2026:06:21:54 +0530] "GET /wp-content/plugins/elementor/assets/js/frontend-modules.min.js?ver=4.2.4 HTTP/2" 200 0 "https://www.scrollar.com/" "Mozilla/5.0 (Windows NT 10.0; Win64; x64) AppleWebKit/537.36 (KHTML, like Gecko) Chrome/117.0.5938.132 Safari/537.36"
148.251.153.114 - - [07/Sep/2026:06:20:28 +0530] "POST /wp-cron.php?doing_wp_cron=1788742228.4390399456024169921875 HTTP/1.1" 200 20 "-" "WordPress/7.1; https://www.scrollar.com"
205.169.39.5 - - [07/Sep/2026:06:22:26 +0530] "GET / HTTP/2" 301 20 "-" "Mozilla/5.0 (Windows NT 10.0; Win64; x64) AppleWebKit/537.36 (KHTML, like Gecko) Chrome/117.0.5938.132 Safari/537.36"
205.169.39.5 - - [07/Sep/2026:06:22:27 +0530] "GET / HTTP/2" 200 31446 "-" "Mozilla/5.0 (Windows NT 10.0; Win64; x64) AppleWebKit/537.36 (KHTML, like Gecko) Chrome/117.0.5938.132 Safari/537.36"
205.169.39.5 - - [07/Sep/2026:06:22:28 +0530] "GET /wp-content/plugins/elementor/assets/css/frontend.min.css?ver=4.2.4 HTTP/2" 200 6613 "https://www.scrollar.com/" "Mozilla/5.0 (Windows NT 10.0; Win64; x64) AppleWebKit/537.36 (KHTML, like Gecko) Chrome/117.0.5938.132 Safari/537.36"
205.169.39.5 - - [07/Sep/2026:06:22:28 +0530] "GET /wp-content/plugins/elementor/assets/lib/animations/styles/fadeInUp.min.css?ver=4.2.4 HTTP/2" 200 130 "https://www.scrollar.com/" "Mozilla/5.0 (Windows NT 10.0; Win64; x64) AppleWebKit/537.36 (KHTML, like Gecko) Chrome/117.0.5938.132 Safari/537.36"
205.169.39.5 - - [07/Sep/2026:06:22:28 +0530] "GET /wp-content/plugins/elementor/assets/css/widget-counter.min.css?ver=4.2.4 HTTP/2" 200 208 "https://www.scrollar.com/" "Mozilla/5.0 (Windows NT 10.0; Win64; x64) AppleWebKit/537.36 (KHTML, like Gecko) Chrome/117.0.5938.132 Safari/537.36"
205.169.39.5 - - [07/Sep/2026:06:22:28 +0530] "GET /wp-content/plugins/elementor/assets/css/widget-icon-list.min.css?ver=4.2.4 HTTP/2" 200 928 "https://www.scrollar.com/" "Mozilla/5.0 (Windows NT 10.0; Win64; x64) AppleWebKit/537.36 (KHTML, like Gecko) Chrome/117.0.5938.132 Safari/537.36"
205.169.39.5 - - [07/Sep/2026:06:22:28 +0530] "GET /wp-content/plugins/elementor/assets/css/widget-spacer.min.css?ver=4.2.4 HTTP/2" 200 287 "https://www.scrollar.com/" "Mozilla/5.0 (Windows NT 10.0; Win64; x64) AppleWebKit/537.36 (KHTML, like Gecko) Chrome/117.0.5938.132 Safari/537.36"
205.169.39.5 - - [07/Sep/2026:06:22:28 +0530] "GET /wp-content/plugins/elementor/assets/css/widget-image.min.css?ver=4.2.4 HTTP/2" 200 96 "https://www.scrollar.com/" "Mozilla/5.0 (Windows NT 10.0; Win64; x64) AppleWebKit/537.36 (KHTML, like Gecko) Chrome/117.0.5938.132 Safari/537.36"
205.169.39.5 - - [07/Sep/2026:06:22:28 +0530] "GET /wp-content/plugins/elementor/assets/css/widget-heading.min.css?ver=4.2.4 HTTP/2" 200 126 "https://www.scrollar.com/" "Mozilla/5.0 (Windows NT 10.0; Win64; x64) AppleWebKit/537.36 (KHTML, like Gecko) Chrome/117.0.5938.132 Safari/537.36"
205.169.39.5 - - [07/Sep/2026:06:22:28 +0530] "GET /wp-content/uploads/elementor/css/post-59.css?ver=1788231227 HTTP/2" 200 1306 "https://www.scrollar.com/" "Mozilla/5.0 (Windows NT 10.0; Win64; x64) AppleWebKit/537.36 (KHTML, like Gecko) Chrome/117.0.5938.132 Safari/537.36"
205.169.39.5 - - [07/Sep/2026:06:22:28 +0530] "GET /wp-content/plugins/bdthemes-element-pack/assets/css/bdt-uikit.css?ver=3.21.7 HTTP/2" 200 15524 "https://www.scrollar.com/" "Mozilla/5.0 (Windows NT 10.0; Win64; x64) AppleWebKit/537.36 (KHTML, like Gecko) Chrome/117.0.5938.132 Safari/537.36"
205.169.39.5 - - [07/Sep/2026:06:22:28 +0530] "GET /wp-content/plugins/bdthemes-element-pack/assets/css/ep-helper.css?ver=7.19.6 HTTP/2" 200 5606 "https://www.scrollar.com/" "Mozilla/5.0 (Windows NT 10.0; Win64; x64) AppleWebKit/537.36 (KHTML, like Gecko) Chrome/117.0.5938.132 Safari/537.36"
205.169.39.5 - - [07/Sep/2026:06:22:28 +0530] "GET /wp-content/plugins/bdthemes-element-pack/assets/css/ep-accordion.css?ver=7.19.6 HTTP/2" 200 369 "https://www.scrollar.com/" "Mozilla/5.0 (Windows NT 10.0; Win64; x64) AppleWebKit/537.36 (KHTML, like Gecko) Chrome/117.0.5938.132 Safari/537.36"
205.169.39.5 - - [07/Sep/2026:06:22:28 +0530] "GET /wp-content/plugins/uicore-elements/assets/css/components/global-entrances.css?ver=1.3.16 HTTP/2" 200 166 "https://www.scrollar.com/" "Mozilla/5.0 (Windows NT 10.0; Win64; x64) AppleWebKit/537.36 (KHTML, like Gecko) Chrome/117.0.5938.132 Safari/537.36"
205.169.39.5 - - [07/Sep/2026:06:22:28 +0530] "GET /wp-content/plugins/elementor/assets/lib/animations/styles/fadeInDown.min.css?ver=4.2.4 HTTP/2" 200 137 "https://www.scrollar.com/" "Mozilla/5.0 (Windows NT 10.0; Win64; x64) AppleWebKit/537.36 (KHTML, like Gecko) Chrome/117.0.5938.132 Safari/537.36"
205.169.39.5 - - [07/Sep/2026:06:22:28 +0530] "GET /wp-content/plugins/bdthemes-element-pack/assets/css/ep-advanced-icon-box.css?ver=7.19.6 HTTP/2" 200 1361 "https://www.scrollar.com/" "Mozilla/5.0 (Windows NT 10.0; Win64; x64) AppleWebKit/537.36 (KHTML, like Gecko) Chrome/117.0.5938.132 Safari/537.36"
205.169.39.5 - - [07/Sep/2026:06:22:28 +0530] "GET /wp-content/uploads/uicore-global.css?ver=1330 HTTP/2" 200 19197 "https://www.scrollar.com/" "Mozilla/5.0 (Windows NT 10.0; Win64; x64) AppleWebKit/537.36 (KHTML, like Gecko) Chrome/117.0.5938.132 Safari/537.36"
205.169.39.5 - - [07/Sep/2026:06:22:28 +0530] "GET /wp-content/plugins/elementor/assets/lib/animations/styles/zoomIn.min.css?ver=4.2.4 HTTP/2" 200 106 "https://www.scrollar.com/" "Mozilla/5.0 (Windows NT 10.0; Win64; x64) AppleWebKit/537.36 (KHTML, like Gecko) Chrome/117.0.5938.132 Safari/537.36"
205.169.39.5 - - [07/Sep/2026:06:22:28 +0530] "GET /wp-content/plugins/uicore-elements/assets/css/components/global-animations.css?ver=1.3.16 HTTP/2" 200 405 "https://www.scrollar.com/" "Mozilla/5.0 (Windows NT 10.0; Win64; x64) AppleWebKit/537.36 (KHTML, like Gecko) Chrome/117.0.5938.132 Safari/537.36"
205.169.39.5 - - [07/Sep/2026:06:22:28 +0530] "GET /wp-content/plugins/uicore-elements/assets/css/components/meta.css?ver=1.3.16 HTTP/2" 200 247 "https://www.scrollar.com/" "Mozilla/5.0 (Windows NT 10.0; Win64; x64) AppleWebKit/537.36 (KHTML, like Gecko) Chrome/117.0.5938.132 Safari/537.36"
205.169.39.5 - - [07/Sep/2026:06:22:28 +0530] "GET /wp-content/plugins/uicore-elements/assets/css/components/legacy-grid.css?ver=1.3.16 HTTP/2" 200 108 "https://www.scrollar.com/" "Mozilla/5.0 (Windows NT 10.0; Win64; x64) AppleWebKit/537.36 (KHTML, like Gecko) Chrome/117.0.5938.132 Safari/537.36"
205.169.39.5 - - [07/Sep/2026:06:22:28 +0530] "GET /wp-content/uploads/elementor/css/post-58.css?ver=1788231767 HTTP/2" 200 8833 "https://www.scrollar.com/" "Mozilla/5.0 (Windows NT 10.0; Win64; x64) AppleWebKit/537.36 (KHTML, like Gecko) Chrome/117.0.5938.132 Safari/537.36"
205.169.39.5 - - [07/Sep/2026:06:22:28 +0530] "GET /wp-content/uploads/elementor/google-fonts/css/inter.css?ver=1743224422 HTTP/2" 200 912 "https://www.scrollar.com/" "Mozilla/5.0 (Windows NT 10.0; Win64; x64) AppleWebKit/537.36 (KHTML, like Gecko) Chrome/117.0.5938.132 Safari/537.36"
