JezK
Edit File: onlinepixelz.discovernikon.com
193.36.224.63 - - [07/Sep/2026:02:16:21 +0530] "GET /wp-includes/core.php HTTP/1.1" 301 1340 "-" "Mozlila/5.0 (Linux; Android 7.0; SM-G892A Bulid/NRD90M; wv) AppleWebKit/537.36 (KHTML, like Gecko) Version/4.0 Chrome/60.0.3112.107 Moblie Safari/537.36"
85.208.98.55 - - [07/Sep/2026:02:32:45 +0530] "GET /robots.txt HTTP/1.1" 200 1412 "-" "Mozilla/5.0 (compatible; SemrushBot-BA; +http://www.semrush.com/bot.html)"
85.208.98.55 - - [07/Sep/2026:02:32:46 +0530] "GET /robots.txt HTTP/1.1" 301 1341 "-" "Mozilla/5.0 (compatible; SemrushBot-BA; +http://www.semrush.com/bot.html)"
216.26.233.236 - - [07/Sep/2026:02:06:46 +0530] "GET http://onlinepixelz.xyz/wp-content/uploads/2021/10/1633472797_116_Rapid-iOS-15-Battery-Drain-Issue-10-Pro-Tips-to.jpg HTTP/1.1" 301 1340 "-" "MathPicDatasetCrawler/0.1 (+research)"
45.78.197.44 - - [07/Sep/2026:02:28:59 +0530] "GET /wp-content/uploads/2021/10/1633429312_679_How-to-Make-Windows-11-Look-Like-Windows-10-GUIDE.jpg HTTP/1.1" 301 1341 "-" "Mozilla/5.0 (Macintosh; Intel Mac OS X 10_15_7) AppleWebKit/537.36 (KHTML, like Gecko) Chrome/150.0.0.0 Safari/537.36"
85.208.98.55 - - [07/Sep/2026:02:32:46 +0530] "GET /robots.txt HTTP/1.1" 200 1412 "http://www.onlinepixelz.xyz/robots.txt" "Mozilla/5.0 (compatible; SemrushBot-BA; +http://www.semrush.com/bot.html)"
34.63.182.206 - - [07/Sep/2026:02:55:24 +0530] "GET / HTTP/1.1" 200 104179 "-" "Mozilla/5.0 (Windows NT 10.0; Win64; x64) AppleWebKit/537.36 (KHTML, like Gecko) Chrome/78.0.3904.108 Safari/537.36"
34.63.182.206 - - [07/Sep/2026:02:55:25 +0530] "GET / HTTP/1.1" 200 104179 "-" "Mozilla/5.0 (Windows NT 10.0; Win64; x64) AppleWebKit/537.36 (KHTML, like Gecko) Chrome/78.0.3904.108 Safari/537.36"
34.63.182.206 - - [07/Sep/2026:02:55:25 +0530] "GET /wp-includes/wlwmanifest.xml HTTP/1.1" 200 6523 "-" "Mozilla/5.0 (Windows NT 10.0; Win64; x64) AppleWebKit/537.36 (KHTML, like Gecko) Chrome/78.0.3904.108 Safari/537.36"
34.63.182.206 - - [07/Sep/2026:02:55:25 +0530] "GET /xmlrpc.php?rsd HTTP/1.1" 200 6721 "-" "Mozilla/5.0 (Windows NT 10.0; Win64; x64) AppleWebKit/537.36 (KHTML, like Gecko) Chrome/78.0.3904.108 Safari/537.36"
34.63.182.206 - - [07/Sep/2026:02:55:26 +0530] "GET /?author=1 HTTP/1.1" 200 6523 "-" "Mozilla/5.0 (Windows NT 10.0; Win64; x64) AppleWebKit/537.36 (KHTML, like Gecko) Chrome/78.0.3904.108 Safari/537.36"
34.63.182.206 - - [07/Sep/2026:02:55:26 +0530] "GET /?author=2 HTTP/1.1" 200 6523 "-" "Mozilla/5.0 (Windows NT 10.0; Win64; x64) AppleWebKit/537.36 (KHTML, like Gecko) Chrome/78.0.3904.108 Safari/537.36"
34.63.182.206 - - [07/Sep/2026:02:55:26 +0530] "GET /wp-json/wp/v2/users/ HTTP/1.1" 200 9622 "-" "Mozilla/5.0 (Windows NT 10.0; Win64; x64) AppleWebKit/537.36 (KHTML, like Gecko) Chrome/78.0.3904.108 Safari/537.36"
34.63.182.206 - - [07/Sep/2026:02:55:26 +0530] "POST /xmlrpc.php HTTP/1.1" 200 6312 "-" "Mozilla/5.0 (Windows NT 10.0; Win64; x64) AppleWebKit/537.36 (KHTML, like Gecko) Chrome/78.0.3904.108 Safari/537.36"
34.63.182.206 - - [07/Sep/2026:02:55:27 +0530] "POST /xmlrpc.php HTTP/1.1" 200 6312 "-" "Mozilla/5.0 (Windows NT 10.0; Win64; x64) AppleWebKit/537.36 (KHTML, like Gecko) Chrome/78.0.3904.108 Safari/537.36"
34.63.182.206 - - [07/Sep/2026:02:55:27 +0530] "POST /xmlrpc.php HTTP/1.1" 200 6312 "-" "Mozilla/5.0 (Windows NT 10.0; Win64; x64) AppleWebKit/537.36 (KHTML, like Gecko) Chrome/78.0.3904.108 Safari/537.36"
34.63.182.206 - - [07/Sep/2026:02:55:27 +0530] "POST /xmlrpc.php HTTP/1.1" 200 6312 "-" "Mozilla/5.0 (Windows NT 10.0; Win64; x64) AppleWebKit/537.36 (KHTML, like Gecko) Chrome/78.0.3904.108 Safari/537.36"
34.63.182.206 - - [07/Sep/2026:02:55:28 +0530] "POST /xmlrpc.php HTTP/1.1" 200 6312 "-" "Mozilla/5.0 (Windows NT 10.0; Win64; x64) AppleWebKit/537.36 (KHTML, like Gecko) Chrome/78.0.3904.108 Safari/537.36"
34.63.182.206 - - [07/Sep/2026:02:55:28 +0530] "POST /xmlrpc.php HTTP/1.1" 200 6312 "-" "Mozilla/5.0 (Windows NT 10.0; Win64; x64) AppleWebKit/537.36 (KHTML, like Gecko) Chrome/78.0.3904.108 Safari/537.36"
34.63.182.206 - - [07/Sep/2026:02:55:29 +0530] "POST /xmlrpc.php HTTP/1.1" 200 6312 "-" "Mozilla/5.0 (Windows NT 10.0; Win64; x64) AppleWebKit/537.36 (KHTML, like Gecko) Chrome/78.0.3904.108 Safari/537.36"
34.63.182.206 - - [07/Sep/2026:02:55:30 +0530] "POST /xmlrpc.php HTTP/1.1" 200 6312 "-" "Mozilla/5.0 (Windows NT 10.0; Win64; x64) AppleWebKit/537.36 (KHTML, like Gecko) Chrome/78.0.3904.108 Safari/537.36"
34.63.182.206 - - [07/Sep/2026:02:55:32 +0530] "POST /xmlrpc.php HTTP/1.1" 200 6312 "-" "Mozilla/5.0 (Windows NT 10.0; Win64; x64) AppleWebKit/537.36 (KHTML, like Gecko) Chrome/78.0.3904.108 Safari/537.36"
34.63.182.206 - - [07/Sep/2026:02:55:35 +0530] "POST /xmlrpc.php HTTP/1.1" 200 6312 "-" "Mozilla/5.0 (Windows NT 10.0; Win64; x64) AppleWebKit/537.36 (KHTML, like Gecko) Chrome/78.0.3904.108 Safari/537.36"
34.63.182.206 - - [07/Sep/2026:02:55:39 +0530] "POST /xmlrpc.php HTTP/1.1" 200 6312 "-" "Mozilla/5.0 (Windows NT 10.0; Win64; x64) AppleWebKit/537.36 (KHTML, like Gecko) Chrome/78.0.3904.108 Safari/537.36"
34.63.182.206 - - [07/Sep/2026:02:55:45 +0530] "POST /xmlrpc.php HTTP/1.1" 200 6312 "-" "Mozilla/5.0 (Windows NT 10.0; Win64; x64) AppleWebKit/537.36 (KHTML, like Gecko) Chrome/78.0.3904.108 Safari/537.36"
34.63.182.206 - - [07/Sep/2026:02:56:00 +0530] "POST /xmlrpc.php HTTP/1.1" 200 6312 "-" "Mozilla/5.0 (Windows NT 10.0; Win64; x64) AppleWebKit/537.36 (KHTML, like Gecko) Chrome/78.0.3904.108 Safari/537.36"
34.63.182.206 - - [07/Sep/2026:02:56:15 +0530] "POST /xmlrpc.php HTTP/1.1" 200 6312 "-" "Mozilla/5.0 (Windows NT 10.0; Win64; x64) AppleWebKit/537.36 (KHTML, like Gecko) Chrome/78.0.3904.108 Safari/537.36"
34.63.182.206 - - [07/Sep/2026:02:56:31 +0530] "POST /xmlrpc.php HTTP/1.1" 200 6312 "-" "Mozilla/5.0 (Windows NT 10.0; Win64; x64) AppleWebKit/537.36 (KHTML, like Gecko) Chrome/78.0.3904.108 Safari/537.36"
34.63.182.206 - - [07/Sep/2026:02:56:45 +0530] "POST /xmlrpc.php HTTP/1.1" 200 6312 "-" "Mozilla/5.0 (Windows NT 10.0; Win64; x64) AppleWebKit/537.36 (KHTML, like Gecko) Chrome/78.0.3904.108 Safari/537.36"
34.63.182.206 - - [07/Sep/2026:02:57:00 +0530] "POST /xmlrpc.php HTTP/1.1" 200 6312 "-" "Mozilla/5.0 (Windows NT 10.0; Win64; x64) AppleWebKit/537.36 (KHTML, like Gecko) Chrome/78.0.3904.108 Safari/537.36"
34.63.182.206 - - [07/Sep/2026:02:57:15 +0530] "POST /xmlrpc.php HTTP/1.1" 200 6312 "-" "Mozilla/5.0 (Windows NT 10.0; Win64; x64) AppleWebKit/537.36 (KHTML, like Gecko) Chrome/78.0.3904.108 Safari/537.36"
34.63.182.206 - - [07/Sep/2026:02:57:30 +0530] "POST /xmlrpc.php HTTP/1.1" 200 6312 "-" "Mozilla/5.0 (Windows NT 10.0; Win64; x64) AppleWebKit/537.36 (KHTML, like Gecko) Chrome/78.0.3904.108 Safari/537.36"
34.63.182.206 - - [07/Sep/2026:02:57:45 +0530] "POST /xmlrpc.php HTTP/1.1" 200 6312 "-" "Mozilla/5.0 (Windows NT 10.0; Win64; x64) AppleWebKit/537.36 (KHTML, like Gecko) Chrome/78.0.3904.108 Safari/537.36"
34.63.182.206 - - [07/Sep/2026:02:58:00 +0530] "POST /xmlrpc.php HTTP/1.1" 200 6312 "-" "Mozilla/5.0 (Windows NT 10.0; Win64; x64) AppleWebKit/537.36 (KHTML, like Gecko) Chrome/78.0.3904.108 Safari/537.36"
34.63.182.206 - - [07/Sep/2026:02:58:15 +0530] "POST /xmlrpc.php HTTP/1.1" 200 6312 "-" "Mozilla/5.0 (Windows NT 10.0; Win64; x64) AppleWebKit/537.36 (KHTML, like Gecko) Chrome/78.0.3904.108 Safari/537.36"
34.63.182.206 - - [07/Sep/2026:02:58:31 +0530] "POST /xmlrpc.php HTTP/1.1" 200 6312 "-" "Mozilla/5.0 (Windows NT 10.0; Win64; x64) AppleWebKit/537.36 (KHTML, like Gecko) Chrome/78.0.3904.108 Safari/537.36"
34.63.182.206 - - [07/Sep/2026:02:58:45 +0530] "POST /xmlrpc.php HTTP/1.1" 200 6312 "-" "Mozilla/5.0 (Windows NT 10.0; Win64; x64) AppleWebKit/537.36 (KHTML, like Gecko) Chrome/78.0.3904.108 Safari/537.36"
34.63.182.206 - - [07/Sep/2026:02:59:00 +0530] "POST /xmlrpc.php HTTP/1.1" 200 6312 "-" "Mozilla/5.0 (Windows NT 10.0; Win64; x64) AppleWebKit/537.36 (KHTML, like Gecko) Chrome/78.0.3904.108 Safari/537.36"
34.63.182.206 - - [07/Sep/2026:02:59:15 +0530] "POST /xmlrpc.php HTTP/1.1" 200 6312 "-" "Mozilla/5.0 (Windows NT 10.0; Win64; x64) AppleWebKit/537.36 (KHTML, like Gecko) Chrome/78.0.3904.108 Safari/537.36"
34.63.182.206 - - [07/Sep/2026:02:59:30 +0530] "POST /xmlrpc.php HTTP/1.1" 200 6312 "-" "Mozilla/5.0 (Windows NT 10.0; Win64; x64) AppleWebKit/537.36 (KHTML, like Gecko) Chrome/78.0.3904.108 Safari/537.36"
34.63.182.206 - - [07/Sep/2026:02:59:45 +0530] "POST /xmlrpc.php HTTP/1.1" 200 6312 "-" "Mozilla/5.0 (Windows NT 10.0; Win64; x64) AppleWebKit/537.36 (KHTML, like Gecko) Chrome/78.0.3904.108 Safari/537.36"
34.63.182.206 - - [07/Sep/2026:03:00:00 +0530] "POST /xmlrpc.php HTTP/1.1" 200 6312 "-" "Mozilla/5.0 (Windows NT 10.0; Win64; x64) AppleWebKit/537.36 (KHTML, like Gecko) Chrome/78.0.3904.108 Safari/537.36"
34.63.182.206 - - [07/Sep/2026:03:00:15 +0530] "POST /xmlrpc.php HTTP/1.1" 200 6312 "-" "Mozilla/5.0 (Windows NT 10.0; Win64; x64) AppleWebKit/537.36 (KHTML, like Gecko) Chrome/78.0.3904.108 Safari/537.36"
34.63.182.206 - - [07/Sep/2026:03:00:30 +0530] "POST /xmlrpc.php HTTP/1.1" 200 6312 "-" "Mozilla/5.0 (Windows NT 10.0; Win64; x64) AppleWebKit/537.36 (KHTML, like Gecko) Chrome/78.0.3904.108 Safari/537.36"
34.63.182.206 - - [07/Sep/2026:03:00:45 +0530] "POST /xmlrpc.php HTTP/1.1" 200 6312 "-" "Mozilla/5.0 (Windows NT 10.0; Win64; x64) AppleWebKit/537.36 (KHTML, like Gecko) Chrome/78.0.3904.108 Safari/537.36"
34.63.182.206 - - [07/Sep/2026:03:01:00 +0530] "POST /xmlrpc.php HTTP/1.1" 200 6312 "-" "Mozilla/5.0 (Windows NT 10.0; Win64; x64) AppleWebKit/537.36 (KHTML, like Gecko) Chrome/78.0.3904.108 Safari/537.36"
34.63.182.206 - - [07/Sep/2026:03:01:15 +0530] "POST /xmlrpc.php HTTP/1.1" 200 6312 "-" "Mozilla/5.0 (Windows NT 10.0; Win64; x64) AppleWebKit/537.36 (KHTML, like Gecko) Chrome/78.0.3904.108 Safari/537.36"
34.63.182.206 - - [07/Sep/2026:03:01:30 +0530] "POST /xmlrpc.php HTTP/1.1" 200 6312 "-" "Mozilla/5.0 (Windows NT 10.0; Win64; x64) AppleWebKit/537.36 (KHTML, like Gecko) Chrome/78.0.3904.108 Safari/537.36"
34.63.182.206 - - [07/Sep/2026:03:01:45 +0530] "POST /xmlrpc.php HTTP/1.1" 200 6312 "-" "Mozilla/5.0 (Windows NT 10.0; Win64; x64) AppleWebKit/537.36 (KHTML, like Gecko) Chrome/78.0.3904.108 Safari/537.36"
34.63.182.206 - - [07/Sep/2026:03:02:00 +0530] "POST /xmlrpc.php HTTP/1.1" 200 6312 "-" "Mozilla/5.0 (Windows NT 10.0; Win64; x64) AppleWebKit/537.36 (KHTML, like Gecko) Chrome/78.0.3904.108 Safari/537.36"
34.63.182.206 - - [07/Sep/2026:03:02:15 +0530] "POST /xmlrpc.php HTTP/1.1" 200 6312 "-" "Mozilla/5.0 (Windows NT 10.0; Win64; x64) AppleWebKit/537.36 (KHTML, like Gecko) Chrome/78.0.3904.108 Safari/537.36"
34.63.182.206 - - [07/Sep/2026:03:02:30 +0530] "POST /xmlrpc.php HTTP/1.1" 200 6312 "-" "Mozilla/5.0 (Windows NT 10.0; Win64; x64) AppleWebKit/537.36 (KHTML, like Gecko) Chrome/78.0.3904.108 Safari/537.36"
34.63.182.206 - - [07/Sep/2026:03:02:45 +0530] "POST /xmlrpc.php HTTP/1.1" 200 6312 "-" "Mozilla/5.0 (Windows NT 10.0; Win64; x64) AppleWebKit/537.36 (KHTML, like Gecko) Chrome/78.0.3904.108 Safari/537.36"
34.63.182.206 - - [07/Sep/2026:03:03:00 +0530] "POST /xmlrpc.php HTTP/1.1" 200 6312 "-" "Mozilla/5.0 (Windows NT 10.0; Win64; x64) AppleWebKit/537.36 (KHTML, like Gecko) Chrome/78.0.3904.108 Safari/537.36"
34.63.182.206 - - [07/Sep/2026:03:03:15 +0530] "POST /xmlrpc.php HTTP/1.1" 200 6312 "-" "Mozilla/5.0 (Windows NT 10.0; Win64; x64) AppleWebKit/537.36 (KHTML, like Gecko) Chrome/78.0.3904.108 Safari/537.36"
34.63.182.206 - - [07/Sep/2026:03:03:30 +0530] "POST /xmlrpc.php HTTP/1.1" 200 6312 "-" "Mozilla/5.0 (Windows NT 10.0; Win64; x64) AppleWebKit/537.36 (KHTML, like Gecko) Chrome/78.0.3904.108 Safari/537.36"
34.63.182.206 - - [07/Sep/2026:03:03:45 +0530] "POST /xmlrpc.php HTTP/1.1" 200 6312 "-" "Mozilla/5.0 (Windows NT 10.0; Win64; x64) AppleWebKit/537.36 (KHTML, like Gecko) Chrome/78.0.3904.108 Safari/537.36"
34.63.182.206 - - [07/Sep/2026:03:04:00 +0530] "POST /xmlrpc.php HTTP/1.1" 200 6312 "-" "Mozilla/5.0 (Windows NT 10.0; Win64; x64) AppleWebKit/537.36 (KHTML, like Gecko) Chrome/78.0.3904.108 Safari/537.36"
34.63.182.206 - - [07/Sep/2026:03:04:15 +0530] "POST /xmlrpc.php HTTP/1.1" 200 6312 "-" "Mozilla/5.0 (Windows NT 10.0; Win64; x64) AppleWebKit/537.36 (KHTML, like Gecko) Chrome/78.0.3904.108 Safari/537.36"
34.63.182.206 - - [07/Sep/2026:03:04:30 +0530] "POST /xmlrpc.php HTTP/1.1" 200 6312 "-" "Mozilla/5.0 (Windows NT 10.0; Win64; x64) AppleWebKit/537.36 (KHTML, like Gecko) Chrome/78.0.3904.108 Safari/537.36"
34.63.182.206 - - [07/Sep/2026:03:04:45 +0530] "POST /xmlrpc.php HTTP/1.1" 200 6312 "-" "Mozilla/5.0 (Windows NT 10.0; Win64; x64) AppleWebKit/537.36 (KHTML, like Gecko) Chrome/78.0.3904.108 Safari/537.36"
34.63.182.206 - - [07/Sep/2026:03:05:00 +0530] "POST /xmlrpc.php HTTP/1.1" 200 6312 "-" "Mozilla/5.0 (Windows NT 10.0; Win64; x64) AppleWebKit/537.36 (KHTML, like Gecko) Chrome/78.0.3904.108 Safari/537.36"
34.63.182.206 - - [07/Sep/2026:03:05:15 +0530] "POST /xmlrpc.php HTTP/1.1" 200 6312 "-" "Mozilla/5.0 (Windows NT 10.0; Win64; x64) AppleWebKit/537.36 (KHTML, like Gecko) Chrome/78.0.3904.108 Safari/537.36"
34.63.182.206 - - [07/Sep/2026:03:05:30 +0530] "POST /xmlrpc.php HTTP/1.1" 200 6312 "-" "Mozilla/5.0 (Windows NT 10.0; Win64; x64) AppleWebKit/537.36 (KHTML, like Gecko) Chrome/78.0.3904.108 Safari/537.36"
34.63.182.206 - - [07/Sep/2026:03:05:45 +0530] "POST /xmlrpc.php HTTP/1.1" 200 6312 "-" "Mozilla/5.0 (Windows NT 10.0; Win64; x64) AppleWebKit/537.36 (KHTML, like Gecko) Chrome/78.0.3904.108 Safari/537.36"
34.63.182.206 - - [07/Sep/2026:03:06:00 +0530] "POST /xmlrpc.php HTTP/1.1" 200 6312 "-" "Mozilla/5.0 (Windows NT 10.0; Win64; x64) AppleWebKit/537.36 (KHTML, like Gecko) Chrome/78.0.3904.108 Safari/537.36"
34.63.182.206 - - [07/Sep/2026:03:06:15 +0530] "POST /xmlrpc.php HTTP/1.1" 200 6312 "-" "Mozilla/5.0 (Windows NT 10.0; Win64; x64) AppleWebKit/537.36 (KHTML, like Gecko) Chrome/78.0.3904.108 Safari/537.36"
34.63.182.206 - - [07/Sep/2026:03:06:30 +0530] "POST /xmlrpc.php HTTP/1.1" 200 6312 "-" "Mozilla/5.0 (Windows NT 10.0; Win64; x64) AppleWebKit/537.36 (KHTML, like Gecko) Chrome/78.0.3904.108 Safari/537.36"
34.63.182.206 - - [07/Sep/2026:03:06:45 +0530] "POST /xmlrpc.php HTTP/1.1" 200 6312 "-" "Mozilla/5.0 (Windows NT 10.0; Win64; x64) AppleWebKit/537.36 (KHTML, like Gecko) Chrome/78.0.3904.108 Safari/537.36"
34.63.182.206 - - [07/Sep/2026:03:07:00 +0530] "POST /xmlrpc.php HTTP/1.1" 200 6312 "-" "Mozilla/5.0 (Windows NT 10.0; Win64; x64) AppleWebKit/537.36 (KHTML, like Gecko) Chrome/78.0.3904.108 Safari/537.36"
34.63.182.206 - - [07/Sep/2026:03:07:15 +0530] "POST /xmlrpc.php HTTP/1.1" 200 6312 "-" "Mozilla/5.0 (Windows NT 10.0; Win64; x64) AppleWebKit/537.36 (KHTML, like Gecko) Chrome/78.0.3904.108 Safari/537.36"
34.63.182.206 - - [07/Sep/2026:03:07:30 +0530] "POST /xmlrpc.php HTTP/1.1" 200 6312 "-" "Mozilla/5.0 (Windows NT 10.0; Win64; x64) AppleWebKit/537.36 (KHTML, like Gecko) Chrome/78.0.3904.108 Safari/537.36"
34.63.182.206 - - [07/Sep/2026:03:07:45 +0530] "POST /xmlrpc.php HTTP/1.1" 200 6312 "-" "Mozilla/5.0 (Windows NT 10.0; Win64; x64) AppleWebKit/537.36 (KHTML, like Gecko) Chrome/78.0.3904.108 Safari/537.36"
66.249.68.198 - - [07/Sep/2026:03:13:13 +0530] "GET /ads.txt HTTP/1.1" 304 0 "-" "Google-adstxt"
129.146.99.47 - - [07/Sep/2026:03:13:34 +0530] "GET / HTTP/1.1" 200 22501 "-" "Mozilla/5.0 (Windows NT 10.0; Win64; x64) AppleWebKit/537.36 (KHTML, like Gecko) Chrome/126.0.0.0 Safari/537.36"
129.146.99.47 - - [07/Sep/2026:03:13:35 +0530] "GET /sample-page HTTP/1.1" 301 1341 "-" "Mozilla/5.0 (Windows NT 10.0; Win64; x64) AppleWebKit/537.36 (KHTML, like Gecko) Chrome/126.0.0.0 Safari/537.36"
129.146.99.47 - - [07/Sep/2026:03:13:36 +0530] "GET /about HTTP/1.1" 301 1341 "-" "Mozilla/5.0 (Windows NT 10.0; Win64; x64) AppleWebKit/537.36 (KHTML, like Gecko) Chrome/126.0.0.0 Safari/537.36"
129.146.99.47 - - [07/Sep/2026:03:13:36 +0530] "GET /about/ HTTP/1.1" 200 21155 "-" "Mozilla/5.0 (Windows NT 10.0; Win64; x64) AppleWebKit/537.36 (KHTML, like Gecko) Chrome/126.0.0.0 Safari/537.36"
129.146.99.47 - - [07/Sep/2026:03:13:37 +0530] "GET /contact HTTP/1.1" 301 1341 "-" "Mozilla/5.0 (Windows NT 10.0; Win64; x64) AppleWebKit/537.36 (KHTML, like Gecko) Chrome/126.0.0.0 Safari/537.36"
129.146.99.47 - - [07/Sep/2026:03:13:37 +0530] "GET /contact/ HTTP/1.1" 200 21151 "-" "Mozilla/5.0 (Windows NT 10.0; Win64; x64) AppleWebKit/537.36 (KHTML, like Gecko) Chrome/126.0.0.0 Safari/537.36"
129.146.99.47 - - [07/Sep/2026:03:13:37 +0530] "GET /home HTTP/1.1" 301 1341 "-" "Mozilla/5.0 (Windows NT 10.0; Win64; x64) AppleWebKit/537.36 (KHTML, like Gecko) Chrome/126.0.0.0 Safari/537.36"
85.208.98.55 - - [07/Sep/2026:03:16:41 +0530] "GET /robots.txt HTTP/1.1" 301 1341 "-" "Mozilla/5.0 (compatible; SemrushBot-BA; +http://www.semrush.com/bot.html)"
85.208.98.55 - - [07/Sep/2026:03:16:41 +0530] "GET /robots.txt HTTP/1.1" 200 1412 "-" "Mozilla/5.0 (compatible; SemrushBot-BA; +http://www.semrush.com/bot.html)"
85.208.98.55 - - [07/Sep/2026:03:16:46 +0530] "GET /robots.txt HTTP/1.1" 301 1341 "-" "Mozilla/5.0 (compatible; SemrushBot-BA; +http://www.semrush.com/bot.html)"
148.251.153.114 - - [07/Sep/2026:03:12:23 +0530] "GET /.well-known/acme-challenge/_2Q8FKSFL8372YNO1GUC_BEQSTI5ECB5 HTTP/1.1" 200 64 "-" "Cpanel-HTTP-Client/1.0"
85.208.98.55 - - [07/Sep/2026:03:16:50 +0530] "GET /robots.txt HTTP/1.1" 200 1412 "http://www.onlinepixelz.xyz/robots.txt" "Mozilla/5.0 (compatible; SemrushBot-BA; +http://www.semrush.com/bot.html)"
169.58.234.137 - - [07/Sep/2026:03:26:54 +0530] "GET /wp-admin/ HTTP/1.1" 200 2543 "-" "Mozilla/5.0 (Windows NT 10.0; Win64; x64) AppleWebKit/537.36 (KHTML, like Gecko) Chrome/120.0.0.0 Safari/537.36"
169.58.234.137 - - [07/Sep/2026:03:26:55 +0530] "GET /wp-admin/css/ HTTP/1.1" 403 1242 "-" "Mozilla/5.0 (Windows NT 10.0; Win64; x64) AppleWebKit/537.36 (KHTML, like Gecko) Chrome/120.0.0.0 Safari/537.36"
169.58.234.137 - - [07/Sep/2026:03:26:57 +0530] "GET /wp-admin/css/colors/ HTTP/1.1" 403 1242 "-" "Mozilla/5.0 (Windows NT 10.0; Win64; x64) AppleWebKit/537.36 (KHTML, like Gecko) Chrome/120.0.0.0 Safari/537.36"
169.58.234.137 - - [07/Sep/2026:03:26:57 +0530] "GET /wp-admin/css/colors/blue/ HTTP/1.1" 403 1242 "-" "Mozilla/5.0 (Windows NT 10.0; Win64; x64) AppleWebKit/537.36 (KHTML, like Gecko) Chrome/120.0.0.0 Safari/537.36"
169.58.234.137 - - [07/Sep/2026:03:26:58 +0530] "GET /wp-admin/includes/ HTTP/1.1" 403 1242 "-" "Mozilla/5.0 (Windows NT 10.0; Win64; x64) AppleWebKit/537.36 (KHTML, like Gecko) Chrome/120.0.0.0 Safari/537.36"
169.58.234.137 - - [07/Sep/2026:03:26:59 +0530] "GET /wp-admin/maint/ HTTP/1.1" 403 1242 "-" "Mozilla/5.0 (Windows NT 10.0; Win64; x64) AppleWebKit/537.36 (KHTML, like Gecko) Chrome/120.0.0.0 Safari/537.36"
169.58.234.137 - - [07/Sep/2026:03:27:00 +0530] "GET /wp-admin/js/ HTTP/1.1" 403 1242 "-" "Mozilla/5.0 (Windows NT 10.0; Win64; x64) AppleWebKit/537.36 (KHTML, like Gecko) Chrome/120.0.0.0 Safari/537.36"
169.58.234.137 - - [07/Sep/2026:03:27:01 +0530] "GET /wp-admin/js/widgets/ HTTP/1.1" 403 1242 "-" "Mozilla/5.0 (Windows NT 10.0; Win64; x64) AppleWebKit/537.36 (KHTML, like Gecko) Chrome/120.0.0.0 Safari/537.36"
169.58.234.137 - - [07/Sep/2026:03:27:02 +0530] "GET /wp-admin/images/ HTTP/1.1" 403 1242 "-" "Mozilla/5.0 (Windows NT 10.0; Win64; x64) AppleWebKit/537.36 (KHTML, like Gecko) Chrome/120.0.0.0 Safari/537.36"
169.58.234.137 - - [07/Sep/2026:03:27:03 +0530] "GET /wp-admin/network/ HTTP/1.1" 302 1346 "-" "Mozilla/5.0 (Windows NT 10.0; Win64; x64) AppleWebKit/537.36 (KHTML, like Gecko) Chrome/120.0.0.0 Safari/537.36"
169.58.234.137 - - [07/Sep/2026:03:27:10 +0530] "GET /wp-admin/user/ HTTP/1.1" 302 1068 "-" "Mozilla/5.0 (Windows NT 10.0; Win64; x64) AppleWebKit/537.36 (KHTML, like Gecko) Chrome/120.0.0.0 Safari/537.36"
169.58.234.137 - - [07/Sep/2026:03:27:14 +0530] "GET /wp-includes/ HTTP/1.1" 403 1242 "-" "Mozilla/5.0 (Windows NT 10.0; Win64; x64) AppleWebKit/537.36 (KHTML, like Gecko) Chrome/120.0.0.0 Safari/537.36"
169.58.234.137 - - [07/Sep/2026:03:27:15 +0530] "GET /wp-includes/Text/ HTTP/1.1" 403 1242 "-" "Mozilla/5.0 (Windows NT 10.0; Win64; x64) AppleWebKit/537.36 (KHTML, like Gecko) Chrome/120.0.0.0 Safari/537.36"
169.58.234.137 - - [07/Sep/2026:03:27:15 +0530] "GET /wp-includes/Text/Diff/ HTTP/1.1" 403 1242 "-" "Mozilla/5.0 (Windows NT 10.0; Win64; x64) AppleWebKit/537.36 (KHTML, like Gecko) Chrome/120.0.0.0 Safari/537.36"
169.58.234.137 - - [07/Sep/2026:03:27:15 +0530] "GET /wp-includes/css/ HTTP/1.1" 403 1242 "-" "Mozilla/5.0 (Windows NT 10.0; Win64; x64) AppleWebKit/537.36 (KHTML, like Gecko) Chrome/120.0.0.0 Safari/537.36"
169.58.234.137 - - [07/Sep/2026:03:27:16 +0530] "GET /wp-includes/css/dist/ HTTP/1.1" 403 1242 "-" "Mozilla/5.0 (Windows NT 10.0; Win64; x64) AppleWebKit/537.36 (KHTML, like Gecko) Chrome/120.0.0.0 Safari/537.36"
169.58.234.137 - - [07/Sep/2026:03:27:16 +0530] "GET /wp-includes/fonts/ HTTP/1.1" 403 1242 "-" "Mozilla/5.0 (Windows NT 10.0; Win64; x64) AppleWebKit/537.36 (KHTML, like Gecko) Chrome/120.0.0.0 Safari/537.36"
169.58.234.137 - - [07/Sep/2026:03:27:16 +0530] "GET /wp-includes/ID3/ HTTP/1.1" 403 1242 "-" "Mozilla/5.0 (Windows NT 10.0; Win64; x64) AppleWebKit/537.36 (KHTML, like Gecko) Chrome/120.0.0.0 Safari/537.36"
169.58.234.137 - - [07/Sep/2026:03:27:17 +0530] "GET /wp-includes/sitemaps/ HTTP/1.1" 403 1242 "-" "Mozilla/5.0 (Windows NT 10.0; Win64; x64) AppleWebKit/537.36 (KHTML, like Gecko) Chrome/120.0.0.0 Safari/537.36"
169.58.234.137 - - [07/Sep/2026:03:27:18 +0530] "GET /wp-includes/sitemaps/providers/ HTTP/1.1" 403 1242 "-" "Mozilla/5.0 (Windows NT 10.0; Win64; x64) AppleWebKit/537.36 (KHTML, like Gecko) Chrome/120.0.0.0 Safari/537.36"
169.58.234.137 - - [07/Sep/2026:03:27:18 +0530] "GET /wp-includes/IXR/ HTTP/1.1" 403 1242 "-" "Mozilla/5.0 (Windows NT 10.0; Win64; x64) AppleWebKit/537.36 (KHTML, like Gecko) Chrome/120.0.0.0 Safari/537.36"
169.58.234.137 - - [07/Sep/2026:03:27:19 +0530] "GET /wp-includes/images/ HTTP/1.1" 403 1242 "-" "Mozilla/5.0 (Windows NT 10.0; Win64; x64) AppleWebKit/537.36 (KHTML, like Gecko) Chrome/120.0.0.0 Safari/537.36"
169.58.234.137 - - [07/Sep/2026:03:27:21 +0530] "GET /wp-includes/PHPMailer/ HTTP/1.1" 403 1242 "-" "Mozilla/5.0 (Windows NT 10.0; Win64; x64) AppleWebKit/537.36 (KHTML, like Gecko) Chrome/120.0.0.0 Safari/537.36"
169.58.234.137 - - [07/Sep/2026:03:27:21 +0530] "GET /wp-includes/pomo/ HTTP/1.1" 403 1242 "-" "Mozilla/5.0 (Windows NT 10.0; Win64; x64) AppleWebKit/537.36 (KHTML, like Gecko) Chrome/120.0.0.0 Safari/537.36"
169.58.234.137 - - [07/Sep/2026:03:27:23 +0530] "GET /wp-includes/blocks/ HTTP/1.1" 200 20 "-" "Mozilla/5.0 (Windows NT 10.0; Win64; x64) AppleWebKit/537.36 (KHTML, like Gecko) Chrome/120.0.0.0 Safari/537.36"
169.58.234.137 - - [07/Sep/2026:03:27:25 +0530] "GET /wp-includes/js/ HTTP/1.1" 403 1242 "-" "Mozilla/5.0 (Windows NT 10.0; Win64; x64) AppleWebKit/537.36 (KHTML, like Gecko) Chrome/120.0.0.0 Safari/537.36"
169.58.234.137 - - [07/Sep/2026:03:27:26 +0530] "GET /wp-includes/js/codemirror/ HTTP/1.1" 403 1242 "-" "Mozilla/5.0 (Windows NT 10.0; Win64; x64) AppleWebKit/537.36 (KHTML, like Gecko) Chrome/120.0.0.0 Safari/537.36"
169.58.234.137 - - [07/Sep/2026:03:27:27 +0530] "GET /wp-includes/js/plupload/ HTTP/1.1" 403 1242 "-" "Mozilla/5.0 (Windows NT 10.0; Win64; x64) AppleWebKit/537.36 (KHTML, like Gecko) Chrome/120.0.0.0 Safari/537.36"
169.58.234.137 - - [07/Sep/2026:03:27:27 +0530] "GET /wp-includes/widgets/ HTTP/1.1" 403 1242 "-" "Mozilla/5.0 (Windows NT 10.0; Win64; x64) AppleWebKit/537.36 (KHTML, like Gecko) Chrome/120.0.0.0 Safari/537.36"
169.58.234.137 - - [07/Sep/2026:03:27:28 +0530] "GET /wp-content/ HTTP/1.1" 200 20 "-" "Mozilla/5.0 (Windows NT 10.0; Win64; x64) AppleWebKit/537.36 (KHTML, like Gecko) Chrome/120.0.0.0 Safari/537.36"
169.58.234.137 - - [07/Sep/2026:03:27:28 +0530] "GET /wp-content/languages/ HTTP/1.1" 301 1341 "-" "Mozilla/5.0 (Windows NT 10.0; Win64; x64) AppleWebKit/537.36 (KHTML, like Gecko) Chrome/120.0.0.0 Safari/537.36"
169.58.234.137 - - [07/Sep/2026:03:27:32 +0530] "GET /wp-content/IXR/ HTTP/1.1" 301 1341 "-" "Mozilla/5.0 (Windows NT 10.0; Win64; x64) AppleWebKit/537.36 (KHTML, like Gecko) Chrome/120.0.0.0 Safari/537.36"
169.58.234.137 - - [07/Sep/2026:03:27:35 +0530] "GET /wp-content/uploads/ HTTP/1.1" 403 1242 "-" "Mozilla/5.0 (Windows NT 10.0; Win64; x64) AppleWebKit/537.36 (KHTML, like Gecko) Chrome/120.0.0.0 Safari/537.36"
169.58.234.137 - - [07/Sep/2026:03:27:35 +0530] "GET /wp-content/upgrade/ HTTP/1.1" 403 1242 "-" "Mozilla/5.0 (Windows NT 10.0; Win64; x64) AppleWebKit/537.36 (KHTML, like Gecko) Chrome/120.0.0.0 Safari/537.36"
169.58.234.137 - - [07/Sep/2026:03:27:36 +0530] "GET /wp-content/plugins/ HTTP/1.1" 200 20 "-" "Mozilla/5.0 (Windows NT 10.0; Win64; x64) AppleWebKit/537.36 (KHTML, like Gecko) Chrome/120.0.0.0 Safari/537.36"
169.58.234.137 - - [07/Sep/2026:03:27:38 +0530] "GET /wp-content/themes/ HTTP/1.1" 200 20 "-" "Mozilla/5.0 (Windows NT 10.0; Win64; x64) AppleWebKit/537.36 (KHTML, like Gecko) Chrome/120.0.0.0 Safari/537.36"
178.217.98.153 - - [07/Sep/2026:02:01:49 +0530] "GET / HTTP/1.0" 200 104178 "http://onlinepixelz.xyz/" "Mozilla/5.0 (Windows NT 10.0; Win64; x64) AppleWebKit/537.36 (KHTML, like Gecko) Chrome/131.0.0.0 Safari/537.36"
3.226.51.67 - - [07/Sep/2026:02:41:35 +0530] "GET /robots.txt HTTP/1.1" 200 1412 "-" "IAS Crawler (ias_crawler; http://integralads.com/site-indexing-policy/)"
18.224.169.50 - - [07/Sep/2026:02:42:18 +0530] "GET /wp-content/uploads/2021/10/1634038238_66_How-to-Disable-Virtualization-Based-Security-VBS-in-Windows-11.jpg HTTP/1.1" 200 6523 "-" "QuiverRasterResearch/1.0"
209.50.173.77 - - [07/Sep/2026:03:03:51 +0530] "GET http://onlinepixelz.xyz/wp-content/uploads/2021/10/1634838040_699_How-to-Install-and-Run-Android-Apps-on-Windows-11.jpg HTTP/1.1" 301 1341 "-" "MathPicDatasetCrawler/0.1 (+research)"
104.207.35.12 - - [07/Sep/2026:03:03:51 +0530] "GET http://onlinepixelz.xyz/wp-content/uploads/2021/10/1634852490_874_How-to-Get-Back-Live-Tiles-on-Windows-11-Easy.jpg HTTP/1.1" 301 1341 "-" "MathPicDatasetCrawler/0.1 (+research)"
162.14.66.219 - - [07/Sep/2026:03:18:03 +0530] "GET / HTTP/1.1" 200 22501 "-" "Mozilla/5.0 (iPhone; CPU iPhone OS 13_2_3 like Mac OS X) AppleWebKit/605.1.15 (KHTML, like Gecko) Version/13.0.3 Mobile/15E148 Safari/604.1"
66.249.68.196 - - [07/Sep/2026:03:54:39 +0530] "GET /wp-includes/css/dashicons.min.css?ver=7.1 HTTP/1.1" 200 35101 "http://onlinepixelz.xyz/" "Mozilla/5.0 (Linux; Android 6.0.1; Nexus 5X Build/MMB29P) AppleWebKit/537.36 (KHTML, like Gecko) Chrome/151.0.7922.173 Mobile Safari/537.36 (compatible; Googlebot/2.1; +http://www.google.com/bot.html)"
66.249.68.196 - - [07/Sep/2026:03:54:40 +0530] "GET /wp-content/themes/generatepress/assets/css/components/widget-areas.min.css?ver=3.6.1 HTTP/1.1" 200 628 "http://onlinepixelz.xyz/" "Mozilla/5.0 (Linux; Android 6.0.1; Nexus 5X Build/MMB29P) AppleWebKit/537.36 (KHTML, like Gecko) Chrome/151.0.7922.173 Mobile Safari/537.36 (compatible; Googlebot/2.1; +http://www.google.com/bot.html)"
66.249.68.196 - - [07/Sep/2026:03:54:40 +0530] "GET /wp-content/plugins/gp-premium/blog/functions/css/featured-images.min.css?ver=2.5.6 HTTP/1.1" 200 422 "http://onlinepixelz.xyz/" "Mozilla/5.0 (Linux; Android 6.0.1; Nexus 5X Build/MMB29P) AppleWebKit/537.36 (KHTML, like Gecko) Chrome/151.0.7922.173 Mobile Safari/537.36 (compatible; Googlebot/2.1; +http://www.google.com/bot.html)"
34.230.65.179 - - [07/Sep/2026:04:26:55 +0530] "GET / HTTP/1.1" 200 22501 "-" "Mozilla/5.0 (compatible; proximic; +https://www.comscore.com/Web-Crawler)"
45.78.197.213 - - [07/Sep/2026:04:32:05 +0530] "GET /wp-content/uploads/2021/10/1633472797_0_Rapid-iOS-15-Battery-Drain-Issue-10-Pro-Tips-to.jpg HTTP/1.1" 301 1341 "-" "Mozilla/5.0 (Macintosh; Intel Mac OS X 10_15_7) AppleWebKit/537.36 (KHTML, like Gecko) Chrome/150.0.0.0 Safari/537.36"
43.156.36.169 - - [07/Sep/2026:05:10:55 +0530] "GET / HTTP/1.1" 200 22501 "http://www.onlinepixelz.xyz" "Mozilla/5.0 (iPhone; CPU iPhone OS 13_2_3 like Mac OS X) AppleWebKit/605.1.15 (KHTML, like Gecko) Version/13.0.3 Mobile/15E148 Safari/604.1"
169.58.234.137 - - [07/Sep/2026:03:27:39 +0530] "GET /.well-known/ HTTP/1.1" 403 1242 "-" "Mozilla/5.0 (Windows NT 10.0; Win64; x64) AppleWebKit/537.36 (KHTML, like Gecko) Chrome/120.0.0.0 Safari/537.36"
169.58.234.137 - - [07/Sep/2026:03:27:40 +0530] "GET /uploads/ HTTP/1.1" 301 1341 "-" "Mozilla/5.0 (Windows NT 10.0; Win64; x64) AppleWebKit/537.36 (KHTML, like Gecko) Chrome/120.0.0.0 Safari/537.36"
169.58.234.137 - - [07/Sep/2026:03:27:44 +0530] "GET /files/ HTTP/1.1" 301 1341 "-" "Mozilla/5.0 (Windows NT 10.0; Win64; x64) AppleWebKit/537.36 (KHTML, like Gecko) Chrome/120.0.0.0 Safari/537.36"
169.58.234.137 - - [07/Sep/2026:03:27:47 +0530] "GET /file/ HTTP/1.1" 301 1341 "-" "Mozilla/5.0 (Windows NT 10.0; Win64; x64) AppleWebKit/537.36 (KHTML, like Gecko) Chrome/120.0.0.0 Safari/537.36"
169.58.234.137 - - [07/Sep/2026:03:27:50 +0530] "GET /images/ HTTP/1.1" 301 1341 "-" "Mozilla/5.0 (Windows NT 10.0; Win64; x64) AppleWebKit/537.36 (KHTML, like Gecko) Chrome/120.0.0.0 Safari/537.36"
169.58.234.137 - - [07/Sep/2026:03:27:53 +0530] "GET /admin/ HTTP/1.1" 301 1341 "-" "Mozilla/5.0 (Windows NT 10.0; Win64; x64) AppleWebKit/537.36 (KHTML, like Gecko) Chrome/120.0.0.0 Safari/537.36"
169.58.234.137 - - [07/Sep/2026:03:27:56 +0530] "GET /cgi-bin/ HTTP/1.1" 301 1341 "-" "Mozilla/5.0 (Windows NT 10.0; Win64; x64) AppleWebKit/537.36 (KHTML, like Gecko) Chrome/120.0.0.0 Safari/537.36"
169.58.234.137 - - [07/Sep/2026:03:27:58 +0530] "GET /.tmb/ HTTP/1.1" 301 1341 "-" "Mozilla/5.0 (Windows NT 10.0; Win64; x64) AppleWebKit/537.36 (KHTML, like Gecko) Chrome/120.0.0.0 Safari/537.36"
66.249.68.196 - - [07/Sep/2026:03:54:39 +0530] "GET /wp-content/themes/generatepress/assets/js/menu.min.js?ver=3.6.1 HTTP/1.1" 200 1678 "http://onlinepixelz.xyz/" "Mozilla/5.0 (Linux; Android 6.0.1; Nexus 5X Build/MMB29P) AppleWebKit/537.36 (KHTML, like Gecko) Chrome/151.0.7922.173 Mobile Safari/537.36 (compatible; Googlebot/2.1; +http://www.google.com/bot.html)"
66.249.68.196 - - [07/Sep/2026:03:54:39 +0530] "GET /wp-includes/css/admin-bar.min.css?ver=7.1 HTTP/1.1" 200 3802 "http://onlinepixelz.xyz/" "Mozilla/5.0 (Linux; Android 6.0.1; Nexus 5X Build/MMB29P) AppleWebKit/537.36 (KHTML, like Gecko) Chrome/151.0.7922.173 Mobile Safari/537.36 (compatible; Googlebot/2.1; +http://www.google.com/bot.html)"
66.249.68.196 - - [07/Sep/2026:03:54:39 +0530] "GET /wp-content/plugins/gp-premium/menu-plus/functions/js/sticky.min.js?ver=2.5.6 HTTP/1.1" 200 2668 "http://onlinepixelz.xyz/" "Mozilla/5.0 (Linux; Android 6.0.1; Nexus 5X Build/MMB29P) AppleWebKit/537.36 (KHTML, like Gecko) Chrome/151.0.7922.173 Mobile Safari/537.36 (compatible; Googlebot/2.1; +http://www.google.com/bot.html)"
66.249.68.196 - - [07/Sep/2026:03:54:40 +0530] "GET /wp-includes/js/jquery/jquery.min.js?ver=3.7.1 HTTP/1.1" 200 29744 "http://onlinepixelz.xyz/" "Mozilla/5.0 (Linux; Android 6.0.1; Nexus 5X Build/MMB29P) AppleWebKit/537.36 (KHTML, like Gecko) Chrome/151.0.7922.173 Mobile Safari/537.36 (compatible; Googlebot/2.1; +http://www.google.com/bot.html)"
87.58.197.233 - - [07/Sep/2026:05:04:40 +0530] "GET /.env HTTP/1.1" 403 1242 "-" "Go-http-client/1.1"
216.26.247.90 - - [07/Sep/2026:05:39:17 +0530] "GET http://onlinepixelz.xyz/wp-content/uploads/2021/10/1634634587_394_How-to-Schedule-Automatic-Dark-or-Light-Mode-on-Windows.jpg HTTP/1.1" 301 1340 "-" "MathPicDatasetCrawler/0.1 (+research)"
143.198.119.52 - - [07/Sep/2026:05:52:22 +0530] "GET / HTTP/1.1" 200 22501 "-" "Mozilla/5.0 (X11; Linux x86_64; rv:142.0) Gecko/20100101 Firefox/142.0"
148.251.153.114 - - [07/Sep/2026:06:12:17 +0530] "GET /.well-known/acme-challenge/XDRRGU6RY43WH7KEMKU0H1HH5OIQX8Y- HTTP/1.1" 200 64 "-" "Cpanel-HTTP-Client/1.0"
148.251.153.114 - - [07/Sep/2026:06:12:17 +0530] "GET /.well-known/acme-challenge/TDSA-1YXHLU_TJ-SARPXV20X2CLUI6DL HTTP/1.1" 200 64 "-" "Cpanel-HTTP-Client/1.0"
170.106.187.106 - - [07/Sep/2026:06:13:44 +0530] "GET /?action=edit&file=wp-login.php&path=%2Fhome%2Fdiscove1%2Fpublic_html%2F7 HTTP/1.1" 200 35378 "-" "Mozilla/5.0 (iPhone; CPU iPhone OS 13_2_3 like Mac OS X) AppleWebKit/605.1.15 (KHTML, like Gecko) Version/13.0.3 Mobile/15E148 Safari/604.1"
195.200.28.67 - - [07/Sep/2026:01:46:53 +0530] "GET / HTTP/1.0" 200 104179 "http://onlinepixelz.xyz/" "Mozilla/5.0 (Windows NT 10.0; Win64; x64) AppleWebKit/537.36 (KHTML, like Gecko) Chrome/129.0.0.0 Safari/537.36"
45.78.196.166 - - [07/Sep/2026:02:02:29 +0530] "GET /wp-content/uploads/2020/12/e00f7c8faf97112382b247e1b7f9c4ae.jpg HTTP/1.1" 301 1340 "-" "Mozilla/5.0 (Macintosh; Intel Mac OS X 10_15_7) AppleWebKit/537.36 (KHTML, like Gecko) Chrome/150.0.0.0 Safari/537.36"
136.144.19.240 - - [07/Sep/2026:02:16:20 +0530] "GET /wp-includes/core.php HTTP/1.1" 301 1340 "-" "Mozlila/5.0 (Linux; Android 7.0; SM-G892A Bulid/NRD90M; wv) AppleWebKit/537.36 (KHTML, like Gecko) Version/4.0 Chrome/60.0.3112.107 Moblie Safari/537.36"
148.251.153.114 - - [07/Sep/2026:03:12:23 +0530] "GET /.well-known/acme-challenge/C4257ZVOOD4B4CWDVX70G9ENZTK9OMTY HTTP/1.1" 200 64 "-" "Cpanel-HTTP-Client/1.0"
148.251.153.114 - - [07/Sep/2026:03:12:23 +0530] "GET /.well-known/acme-challenge/R020YY8BA5ECEZMPRSR5BRNILHY-PZXR HTTP/1.1" 200 64 "-" "Cpanel-HTTP-Client/1.0"
123.160.223.74 - - [07/Sep/2026:03:25:10 +0530] "GET / HTTP/1.1" 200 22501 "-" "Mozilla/5.0 (Macintosh; Intel Mac OS X 10_15_7) AppleWebKit/537.36 (KHTML, like Gecko) Chrome/120.0.0.0 Safari/537.36"
66.249.68.197 - - [07/Sep/2026:03:54:14 +0530] "GET / HTTP/1.1" 200 22501 "-" "Mozilla/5.0 (Linux; Android 6.0.1; Nexus 5X Build/MMB29P) AppleWebKit/537.36 (KHTML, like Gecko) Chrome/151.0.7922.173 Mobile Safari/537.36 (compatible; Googlebot/2.1; +http://www.google.com/bot.html)"
34.96.49.247 - - [07/Sep/2026:04:07:41 +0530] "GET /ads.txt HTTP/1.1" 200 58 "-" "bidswitchbot/1.0"
43.156.36.169 - - [07/Sep/2026:05:10:54 +0530] "GET / HTTP/1.1" 301 1340 "-" "Mozilla/5.0 (iPhone; CPU iPhone OS 13_2_3 like Mac OS X) AppleWebKit/605.1.15 (KHTML, like Gecko) Version/13.0.3 Mobile/15E148 Safari/604.1"
32.197.242.27 - - [07/Sep/2026:05:31:21 +0530] "GET / HTTP/1.1" 200 22501 "-" "Mozilla/5.0 (compatible; proximic; +https://www.comscore.com/Web-Crawler)"
172.238.172.176 - - [07/Sep/2026:05:35:30 +0530] "GET / HTTP/1.1" 200 22501 "-" "Mozilla/5.0 (iPhone; CPU iPhone OS 13_3_1 like Mac OS X) AppleWebKit/605.1.15 (KHTML, like Gecko) Mobile/15E148 Safari/605.1.15"
43.157.62.101 - - [07/Sep/2026:06:04:19 +0530] "GET /?action=edit&file=.htaccess_back_6a1d5eb597e99&path=%2Fhome%2Fdiscove1%2Fpublic_html%2F7 HTTP/1.1" 200 22184 "-" "Mozilla/5.0 (iPhone; CPU iPhone OS 13_2_3 like Mac OS X) AppleWebKit/605.1.15 (KHTML, like Gecko) Version/13.0.3 Mobile/15E148 Safari/604.1"
5.188.86.234 - - [07/Sep/2026:03:27:11 +0530] "GET /wp-login.php HTTP/1.1" 302 1341 "-" "Mozilla/5.0 (Windows NT 10.0; Win64; x64) AppleWebKit/537.36 (KHTML, like Gecko) Chrome/146.0.0.0 Safari/537.36 Edg/146.0.0.0"
91.84.110.176 - - [07/Sep/2026:03:46:33 +0530] "GET /how-to-cancel-grammarly-premium/ HTTP/1.0" 200 6523 "http://onlinepixelz.xyz/how-to-cancel-grammarly-premium/#comment-83587" "Mozilla/5.0 (Windows NT 10.0; Win64; x64) AppleWebKit/537.36 (KHTML, like Gecko) Chrome/130.0.0.0 Safari/537.36"
66.249.68.196 - - [07/Sep/2026:03:54:39 +0530] "GET /wp-content/plugins/gp-premium/menu-plus/functions/css/navigation-branding-flex.min.css?ver=2.5.6 HTTP/1.1" 200 542 "http://onlinepixelz.xyz/" "Mozilla/5.0 (Linux; Android 6.0.1; Nexus 5X Build/MMB29P) AppleWebKit/537.36 (KHTML, like Gecko) Chrome/151.0.7922.173 Mobile Safari/537.36 (compatible; Googlebot/2.1; +http://www.google.com/bot.html)"
66.249.68.196 - - [07/Sep/2026:03:54:40 +0530] "GET /wp-content/themes/generatepress/assets/css/main.min.css?ver=3.6.1 HTTP/1.1" 200 4410 "http://onlinepixelz.xyz/" "Mozilla/5.0 (Linux; Android 6.0.1; Nexus 5X Build/MMB29P) AppleWebKit/537.36 (KHTML, like Gecko) Chrome/151.0.7922.173 Mobile Safari/537.36 (compatible; Googlebot/2.1; +http://www.google.com/bot.html)"
66.249.68.196 - - [07/Sep/2026:03:54:40 +0530] "GET /wp-content/themes/generatepress/assets/dist/modal.js?ver=3.6.1 HTTP/1.1" 200 1250 "http://onlinepixelz.xyz/" "Mozilla/5.0 (Linux; Android 6.0.1; Nexus 5X Build/MMB29P) AppleWebKit/537.36 (KHTML, like Gecko) Chrome/151.0.7922.173 Mobile Safari/537.36 (compatible; Googlebot/2.1; +http://www.google.com/bot.html)"
5.188.86.234 - - [07/Sep/2026:04:04:19 +0530] "GET /wp-login.php HTTP/1.1" 302 1341 "-" "Mozilla/5.0 (Windows NT 10.0; Win64; x64) AppleWebKit/537.36 (KHTML, like Gecko) Chrome/146.0.0.0 Safari/537.36 Edg/146.0.0.0"
101.32.15.141 - - [07/Sep/2026:04:07:34 +0530] "GET / HTTP/1.1" 200 22501 "-" "Mozilla/5.0 (iPhone; CPU iPhone OS 13_2_3 like Mac OS X) AppleWebKit/605.1.15 (KHTML, like Gecko) Version/13.0.3 Mobile/15E148 Safari/604.1"
85.208.98.55 - - [07/Sep/2026:04:15:21 +0530] "GET /robots.txt HTTP/1.1" 200 1412 "-" "Mozilla/5.0 (compatible; SemrushBot-BA; +http://www.semrush.com/bot.html)"
34.187.38.74 - - [07/Sep/2026:04:35:37 +0530] "GET / HTTP/1.1" 200 22501 "-" "Mozilla/5.0 (Windows NT 10.0; Win64; x64) AppleWebKit/537.36 (KHTML, like Gecko) Chrome/151.0.0.0 Safari/537.36,gzip(gfe),gzip(gfe); (gzip)"
85.208.98.55 - - [07/Sep/2026:05:16:41 +0530] "GET /robots.txt HTTP/1.1" 301 1340 "-" "Mozilla/5.0 (compatible; SemrushBot-BA; +http://www.semrush.com/bot.html)"
85.208.98.55 - - [07/Sep/2026:05:16:45 +0530] "GET /robots.txt HTTP/1.1" 200 1411 "http://www.onlinepixelz.xyz/robots.txt" "Mozilla/5.0 (compatible; SemrushBot-BA; +http://www.semrush.com/bot.html)"
148.251.153.114 - - [07/Sep/2026:06:12:17 +0530] "GET /.well-known/acme-challenge/HFFRF5T45LI3TMKEVW55IHFC-C36OYRQ HTTP/1.1" 200 64 "-" "Cpanel-HTTP-Client/1.0"
42.194.245.125 - - [07/Sep/2026:06:38:01 +0530] "GET /assets/favicon.ico HTTP/1.1" 200 6523 "-" "Go-http-client/1.1"
183.60.225.221 - - [07/Sep/2026:06:38:01 +0530] "GET /images/favicon.ico HTTP/1.1" 200 6523 "-" "Go-http-client/1.1"
45.78.195.69 - - [07/Sep/2026:06:45:03 +0530] "GET /wp-content/uploads/2021/10/1633487317_707_How-to-Record-and-Share-Audio-or-Video-Clips-in.jpg HTTP/1.1" 301 1341 "-" "Mozilla/5.0 (Macintosh; Intel Mac OS X 10_15_7) AppleWebKit/537.36 (KHTML, like Gecko) Chrome/150.0.0.0 Safari/537.36"
216.244.66.229 - - [07/Sep/2026:06:49:10 +0530] "GET /robots.txt HTTP/1.1" 200 6031 "-" "Mozilla/5.0 (compatible; DotBot/1.2; +https://opensiteexplorer.org/dotbot; help@moz.com)"
216.244.66.229 - - [07/Sep/2026:07:27:45 +0530] "GET /tag/youtube-channel-grow-kaise-kare-youtube-channel-ko-grow-kaise-kare-youtube-grow-channel-how-to-youtube-channel-grow/ HTTP/1.1" 200 90373 "-" "Mozilla/5.0 (compatible; DotBot/1.2; +https://opensiteexplorer.org/dotbot; help@moz.com)"
85.208.98.55 - - [07/Sep/2026:07:32:11 +0530] "GET /robots.txt HTTP/1.1" 200 1412 "http://www.onlinepixelz.xyz/robots.txt" "Mozilla/5.0 (compatible; SemrushBot-BA; +http://www.semrush.com/bot.html)"
85.208.98.57 - - [07/Sep/2026:06:22:16 +0530] "GET /robots.txt HTTP/1.1" 200 1412 "http://www.onlinepixelz.xyz/robots.txt" "Mozilla/5.0 (compatible; SemrushBot-BA; +http://www.semrush.com/bot.html)"
42.194.240.167 - - [07/Sep/2026:06:38:01 +0530] "GET /favicon.png HTTP/1.1" 200 6523 "-" "Go-http-client/1.1"
216.244.66.229 - - [07/Sep/2026:06:50:32 +0530] "GET /tag/ai-citation-share-of-voice/ HTTP/1.1" 200 89923 "-" "Mozilla/5.0 (compatible; DotBot/1.2; +https://opensiteexplorer.org/dotbot; help@moz.com)"
5.188.86.234 - - [07/Sep/2026:07:04:01 +0530] "GET /wp-login.php HTTP/1.1" 302 1341 "-" "Mozilla/5.0 (Windows NT 10.0; Win64; x64) AppleWebKit/537.36 (KHTML, like Gecko) Chrome/146.0.0.0 Safari/537.36 Edg/146.0.0.0"
148.251.153.114 - - [07/Sep/2026:07:23:48 +0530] "POST /wp-cron.php?doing_wp_cron=1788746027.9726300239562988281250 HTTP/1.1" 200 20 "-" "WordPress/7.1; https://onlinepixelz.xyz"
136.116.135.201 - - [07/Sep/2026:07:45:21 +0530] "GET / HTTP/1.1" 200 22502 "-" "Mozilla/5.0 AppleWebKit/537.36 (KHTML, like Gecko; compatible; SleepBot/1.0; +http://sleepbot.com/) Chrome/131.0.0.0 Safari/537.36"
85.208.98.57 - - [07/Sep/2026:06:22:16 +0530] "GET /robots.txt HTTP/1.1" 301 1342 "-" "Mozilla/5.0 (compatible; SemrushBot-BA; +http://www.semrush.com/bot.html)"
42.194.245.125 - - [07/Sep/2026:06:38:01 +0530] "GET /img/favicon.ico HTTP/1.1" 200 6523 "-" "Go-http-client/1.1"
43.144.106.194 - - [07/Sep/2026:06:38:01 +0530] "GET /icon/favicon.ico HTTP/1.1" 200 6523 "-" "Go-http-client/1.1"
42.194.245.125 - - [07/Sep/2026:06:38:01 +0530] "GET /static/favicon.ico HTTP/1.1" 200 6523 "-" "Go-http-client/1.1"
148.251.153.114 - - [07/Sep/2026:07:27:45 +0530] "POST /wp-cron.php?doing_wp_cron=1788746265.4180419445037841796875 HTTP/1.1" 200 20 "-" "WordPress/7.1; https://onlinepixelz.xyz"
85.208.98.55 - - [07/Sep/2026:07:32:11 +0530] "GET /robots.txt HTTP/1.1" 301 1341 "-" "Mozilla/5.0 (compatible; SemrushBot-BA; +http://www.semrush.com/bot.html)"
85.208.98.55 - - [07/Sep/2026:07:32:11 +0530] "GET /robots.txt HTTP/1.1" 200 1412 "-" "Mozilla/5.0 (compatible; SemrushBot-BA; +http://www.semrush.com/bot.html)"
130.94.43.224 - - [07/Sep/2026:07:50:51 +0530] "POST /wp-login.php HTTP/1.1" 302 1341 "http://onlinepixelz.xyz/wp-admin/" "Mozilla/5.0 (Windows NT 10.0; Win64; x64) AppleWebKit/537.36 (KHTML, like Gecko) Chrome/90.0.4430.85 Safari/537.36"
42.194.245.125 - - [07/Sep/2026:06:38:00 +0530] "GET / HTTP/1.1" 200 6523 "-" "Mozilla/5.0 (Macintosh; Intel Mac OS X 13_5) AppleWebKit/605.1.15 (KHTML, like Gecko) Version/16.5 Safari/605.1.15"
42.194.245.125 - - [07/Sep/2026:06:38:00 +0530] "GET /favicon.ico HTTP/1.1" 404 6523 "-" "Go-http-client/1.1"
143.198.144.184 - - [07/Sep/2026:06:43:56 +0530] "GET / HTTP/1.1" 200 22502 "-" "Mozilla/5.0 (X11; Linux x86_64) AppleWebKit/537.36 (KHTML, like Gecko) Chrome/142.0.0.0 Safari/537.36"
220.181.108.174 - - [07/Sep/2026:07:03:51 +0530] "GET /chromebook-vs-surface-pro-6/ HTTP/1.1" 301 1341 "-" "Mozilla/5.0 (compatible; Baiduspider/2.0; +http://www.baidu.com/search/spider.html)"
66.249.68.198 - - [07/Sep/2026:07:13:13 +0530] "GET /ads.txt HTTP/1.1" 200 58 "-" "Google-adstxt"
130.94.43.224 - - [07/Sep/2026:07:17:17 +0530] "POST /wp-login.php HTTP/1.1" 302 1341 "http://onlinepixelz.xyz/wp-admin/" "Mozilla/5.0 (Windows NT 10.0; Win64; x64) AppleWebKit/537.36 (KHTML, like Gecko) Chrome/90.0.4430.85 Safari/537.36"
64.118.154.21 - - [07/Sep/2026:07:23:47 +0530] "GET /wp-content/uploads/2020/12/5a660ba3d71d5f2ea7265c811f61eeee.jpg HTTP/1.1" 301 1341 "-" "python-requests/2.34.2"
216.244.66.229 - - [07/Sep/2026:07:27:40 +0530] "GET /tag/search-everywhere-optimization-seo-2-0/ HTTP/1.1" 200 90023 "-" "Mozilla/5.0 (compatible; DotBot/1.2; +https://opensiteexplorer.org/dotbot; help@moz.com)"
152.136.23.159 - - [07/Sep/2026:08:27:16 +0530] "GET / HTTP/1.1" 200 22502 "http://www.onlinepixelz.xyz" "Mozilla/5.0 (iPhone; CPU iPhone OS 13_2_3 like Mac OS X) AppleWebKit/605.1.15 (KHTML, like Gecko) Version/13.0.3 Mobile/15E148 Safari/604.1"
18.224.169.50 - - [07/Sep/2026:08:57:11 +0530] "GET /wp-content/uploads/2021/10/1634038238_66_How-to-Disable-Virtualization-Based-Security-VBS-in-Windows-11.jpg HTTP/1.1" 200 6523 "-" "QuiverRasterResearch/1.0"
43.164.192.151 - - [07/Sep/2026:09:01:29 +0530] "GET /?action=edit&file=ads.txt&path=%2Fhome%2Fdiscove1%2Fpublic_html%2F7 HTTP/1.1" 200 21785 "-" "Mozilla/5.0 (iPhone; CPU iPhone OS 13_2_3 like Mac OS X) AppleWebKit/605.1.15 (KHTML, like Gecko) Version/13.0.3 Mobile/15E148 Safari/604.1"
152.136.23.159 - - [07/Sep/2026:08:27:15 +0530] "GET / HTTP/1.1" 301 1342 "-" "Mozilla/5.0 (iPhone; CPU iPhone OS 13_2_3 like Mac OS X) AppleWebKit/605.1.15 (KHTML, like Gecko) Version/13.0.3 Mobile/15E148 Safari/604.1"
49.51.252.146 - - [07/Sep/2026:08:42:55 +0530] "GET /?action=edit&file=readme.html&path=%2Fhome%2Fdiscove1%2Fpublic_html%2F7 HTTP/1.1" 200 24783 "-" "Mozilla/5.0 (iPhone; CPU iPhone OS 13_2_3 like Mac OS X) AppleWebKit/605.1.15 (KHTML, like Gecko) Version/13.0.3 Mobile/15E148 Safari/604.1"
85.208.98.55 - - [07/Sep/2026:08:48:28 +0530] "GET /robots.txt HTTP/1.1" 301 1342 "-" "Mozilla/5.0 (compatible; SemrushBot-BA; +http://www.semrush.com/bot.html)"
85.208.98.55 - - [07/Sep/2026:08:48:28 +0530] "GET /robots.txt HTTP/1.1" 200 1412 "http://www.onlinepixelz.xyz/robots.txt" "Mozilla/5.0 (compatible; SemrushBot-BA; +http://www.semrush.com/bot.html)"
43.166.237.57 - - [07/Sep/2026:08:51:57 +0530] "GET /?action=edit&file=wp-mail.php&path=%2Fhome%2Fdiscove1%2Fpublic_html%2F7 HTTP/1.1" 200 24872 "-" "Mozilla/5.0 (iPhone; CPU iPhone OS 13_2_3 like Mac OS X) AppleWebKit/605.1.15 (KHTML, like Gecko) Version/13.0.3 Mobile/15E148 Safari/604.1"
159.65.236.176 - - [07/Sep/2026:07:59:55 +0530] "GET / HTTP/1.1" 200 22502 "-" "Mozilla/5.0 (X11; Linux x86_64) AppleWebKit/537.36 (KHTML, like Gecko) Chrome/142.0.0.0 Safari/537.36"
148.251.153.114 - - [07/Sep/2026:08:26:01 +0530] "POST /wp-cron.php?doing_wp_cron=1788749761.7515089511871337890625 HTTP/1.1" 200 20 "-" "WordPress/7.1; https://onlinepixelz.xyz"
45.83.107.4 - - [07/Sep/2026:08:26:01 +0530] "POST /xmlrpc.php HTTP/1.1" 200 1488 "-" "Mozilla/5.0 (Windows NT 10.0; Win64; x64; rv:124.0) Gecko/20100101 Firefox/124.0"
45.83.107.4 - - [07/Sep/2026:08:26:01 +0530] "POST /xmlrpc.php HTTP/1.1" 200 1488 "-" "Mozilla/5.0 (Windows NT 10.0; Win64; x64; rv:124.0) Gecko/20100101 Firefox/124.0"
43.153.71.12 - - [07/Sep/2026:08:32:00 +0530] "GET /?action=edit&file=xmlrpc.php&path=%2Fhome%2Fdiscove1%2Fpublic_html%2F7 HTTP/1.1" 200 23177 "-" "Mozilla/5.0 (iPhone; CPU iPhone OS 13_2_3 like Mac OS X) AppleWebKit/605.1.15 (KHTML, like Gecko) Version/13.0.3 Mobile/15E148 Safari/604.1"
85.208.98.55 - - [07/Sep/2026:08:48:28 +0530] "GET /robots.txt HTTP/1.1" 200 1412 "-" "Mozilla/5.0 (compatible; SemrushBot-BA; +http://www.semrush.com/bot.html)"
124.156.179.141 - - [07/Sep/2026:09:12:05 +0530] "GET /?action=edit&file=wp-activate.php&path=%2Fhome%2Fdiscove1%2Fpublic_html%2F7 HTTP/1.1" 200 24398 "-" "Mozilla/5.0 (iPhone; CPU iPhone OS 13_2_3 like Mac OS X) AppleWebKit/605.1.15 (KHTML, like Gecko) Version/13.0.3 Mobile/15E148 Safari/604.1"
148.251.153.114 - - [07/Sep/2026:09:12:16 +0530] "GET /.well-known/acme-challenge/_SU-1XB9ZWBIKS2QMNIAJMQO8KIKDGNG HTTP/1.1" 200 64 "-" "Cpanel-HTTP-Client/1.0"
148.251.153.114 - - [07/Sep/2026:09:12:16 +0530] "GET /.well-known/acme-challenge/7R1JD9LJIP13QW-E_CT5JZ_VNS24LWSP HTTP/1.1" 200 64 "-" "Cpanel-HTTP-Client/1.0"
18.224.169.50 - - [07/Sep/2026:09:13:53 +0530] "GET /wp-content/uploads/2021/10/1634038238_66_How-to-Disable-Virtualization-Based-Security-VBS-in-Windows-11.jpg HTTP/1.1" 200 6523 "-" "QuiverRasterResearch/1.0"
43.157.149.188 - - [07/Sep/2026:09:14:49 +0530] "GET / HTTP/1.1" 200 22502 "-" "Mozilla/5.0 (iPhone; CPU iPhone OS 13_2_3 like Mac OS X) AppleWebKit/605.1.15 (KHTML, like Gecko) Version/13.0.3 Mobile/15E148 Safari/604.1"
148.251.153.114 - - [07/Sep/2026:09:12:05 +0530] "POST /wp-cron.php?doing_wp_cron=1788752525.7129499912261962890625 HTTP/1.1" 200 20 "-" "WordPress/7.1; https://onlinepixelz.xyz"
148.251.153.114 - - [07/Sep/2026:09:12:16 +0530] "GET /.well-known/acme-challenge/S9RPGIL5FEG-20U3KF77I23881E_K8V4 HTTP/1.1" 200 64 "-" "Cpanel-HTTP-Client/1.0"
148.251.153.114 - - [07/Sep/2026:09:14:49 +0530] "POST /wp-cron.php?doing_wp_cron=1788752689.5576078891754150390625 HTTP/1.1" 200 20 "-" "WordPress/7.1; https://onlinepixelz.xyz"